{"id":311,"date":"2010-08-31T17:48:44","date_gmt":"2010-08-31T17:48:44","guid":{"rendered":"http:\/\/blog.ufba.br\/gec\/?page_id=311"},"modified":"2010-08-31T17:48:44","modified_gmt":"2010-08-31T17:48:44","slug":"incubadora-de-projetos","status":"publish","type":"page","link":"https:\/\/blog.ufba.br\/webgec\/projetos\/incubadora-de-projetos\/","title":{"rendered":"Incubadora de Projetos"},"content":{"rendered":"<h2><span style=\"font-family: verdana,geneva;font-size: 14px;color: #006600\">Projetos em constru\u00e7\u00e3o ou esperando resultado de edital<\/span><\/h2>\n<ul style=\"font-family: Verdana,Arial,Helvetica,sans-serif;font-size: 12px\">\n<li><span style=\"font-family: verdana,geneva\"><a href=\"http:\/\/www.twiki.faced.ufba.br\/twiki\/bin\/view\/GEC\/ConhecendoSalvador\">Conhecendo Salvador atrav\u00e9s dos fortes hist\u00f3ricos<\/a><\/span><\/li>\n<li><span style=\"font-family: verdana,geneva\">at\u00e9 01\/08 &#8211; Edital 05\/2008 FAPESB &#8211; linha 01 &#8211; <a href=\"http:\/\/www.twiki.faced.ufba.br\/twiki\/bin\/view\/GEC\/RipeHop\">Projeto RipeHop: forma\u00e7\u00e3o de agentes jovens para a populariza\u00e7\u00e3o da ci\u00eancia e tecnologia nas escolas p\u00fablicas da Bahia<\/a><\/span><\/li>\n<li><span style=\"font-family: verdana,geneva\"><a href=\"http:\/\/www.twiki.faced.ufba.br\/twiki\/bin\/view\/GEC\/PatrimonioGec\">Levantamento do patrim\u00f4nio do Gec na Faced\/Ufba<\/a><\/span><\/li>\n<li><span style=\"font-family: verdana,geneva\"><a href=\"http:\/\/www.twiki.faced.ufba.br\/twiki\/bin\/view\/GEC\/ColecaoGec\">Cole\u00e7\u00e3o de Livros do GEC: Educa\u00e7\u00e3o, comunica\u00e7\u00e3o e tecnologia<\/a><\/span><\/li>\n<li><span style=\"font-family: verdana,geneva\"><a href=\"http:\/\/www.twiki.faced.ufba.br\/twiki\/bin\/view\/GEC\/ProjetoTabuleiroDigitalAmbiental\">Parceria Gec \/ Secretaria do Meio Ambiente<\/a><\/span><\/li>\n<li><span style=\"font-family: verdana,geneva\"><a href=\"http:\/\/www.twiki.faced.ufba.br\/twiki\/bin\/view\/GEC\/RoteiroVideoTabuleiro\">Roteiro para o v\u00eddeo dos Tabuleiros Digitais<\/a><\/span><\/li>\n<li><span style=\"font-family: verdana,geneva\"><a href=\"http:\/\/www.twiki.faced.ufba.br\/twiki\/bin\/view\/GEC\/ProjetoMonitoria\">Projeto Monitoria dos Tabuleiros Digital &#8211; Permanecer 2008<\/a><\/span><\/li>\n<li><span style=\"font-family: verdana,geneva\"><a href=\"http:\/\/www.twiki.faced.ufba.br\/twiki\/bin\/view\/GEC\/ProjetoPermanecerEspecializacao\">Projeto Monitoria da Especializa\u00e7\u00e3o &#8211; Permanecer 2008<\/a><\/span><\/li>\n<li><span style=\"font-family: verdana,geneva\"><a href=\"http:\/\/www.twiki.faced.ufba.br\/twiki\/bin\/view\/GEC\/Territ%f3riosDigitais\">Territ\u00f3rios digitais<\/a><\/span><\/li>\n<li><span style=\"font-family: verdana,geneva\"><a href=\"http:\/\/www.twiki.faced.ufba.br\/twiki\/bin\/view\/GEC\/MonitoriaEnsinoPolemicas\">Monitoria Gec &#8211; Subprojeto Ensino &#8211; Polemicas<\/a><\/span><\/li>\n<li><span style=\"font-family: verdana,geneva\"><a href=\"http:\/\/www.twiki.faced.ufba.br\/twiki\/bin\/view\/GEC\/GarimpagemEditais\">Garimpagem de Editais<\/a><\/span><\/li>\n<li><span style=\"font-family: verdana,geneva\"><a href=\"http:\/\/www.twiki.faced.ufba.br\/twiki\/bin\/view\/GEC\/PesquisaTecnologia\">Projeto de Pesquisa de tecnologias para educa\u00e7\u00e3o b\u00e1sica<\/a> &#8211; acesso restrito<\/span><\/li>\n<li><span style=\"font-family: verdana,geneva\"><a href=\"http:\/\/www.twiki.faced.ufba.br\/twiki\/bin\/view\/GEC\/GEC2007Fapesb\">Projeto Guarda-chuva para o bi\u00eanio 2007-2009 &#8211; vers\u00e3o 2<\/a> &#8211; apenas para membros do GEC<\/span><\/li>\n<li><span style=\"font-family: verdana,geneva\"><a href=\"http:\/\/www.twiki.faced.ufba.br\/twiki\/bin\/view\/GEC\/SistemaEad\">Desenvolvimento de um plataforma para gestao de cursos com curr\u00edculo hipertextual<\/a><\/span><\/li>\n<li><span style=\"font-family: verdana,geneva\"><a href=\"http:\/\/www.twiki.faced.ufba.br\/twiki\/bin\/view\/GEC\/ArquiEduca\">Projeto de Pesquisa e Extens\u00e3o em Arquitetura e Educa\u00e7\u00e3o<\/a> &#8211; ainda n\u00e3o dispon\u00edvel<\/span><\/li>\n<li><span style=\"font-family: verdana,geneva\"><a href=\"http:\/\/www.twiki.faced.ufba.br\/twiki\/bin\/view\/GEC\/SSLsAnalise\">Semanas de software livre da faced: atua\u00e7\u00e3o e an\u00e1lise<\/a> &#8211; acesso restrito<\/span><\/li>\n<li><span style=\"font-family: verdana,geneva\"><a href=\"http:\/\/www.twiki.faced.ufba.br\/twiki\/bin\/view\/GEC\/ProducaolivreIrdeb\">Projeto do n\u00facleo de produ\u00e7\u00e3o em software livre do IRDEB<\/a> &#8211; temporariamente somente para os membros do GT<\/span><\/li>\n<li><span style=\"font-family: verdana,geneva\"><a href=\"http:\/\/www.twiki.faced.ufba.br\/twiki\/bin\/view\/GEC\/TvdigitalIrdeb\">Projeto TV P\u00fablica e Digital, em parceria com o IRDEB<\/a> &#8211; temporariamente somente para os membros do GT<\/span><\/li>\n<li><span style=\"font-family: verdana,geneva\"><a href=\"http:\/\/www.twiki.faced.ufba.br\/twiki\/bin\/view\/GEC\/GEC2007\">Projeto Guarda-chuva para o bi\u00eanio 2007-2009<\/a> &#8211; apenas para membros do GEC<\/span><\/li>\n<li><span style=\"font-family: verdana,geneva\"><a href=\"http:\/\/www.twiki.faced.ufba.br\/twiki\/bin\/view\/GEC\/ProjetoAraguaia\">Projeto Araguaia<\/a> &#8211; ainda n\u00e3o dispon\u00edvel<\/span><\/li>\n<li><span style=\"font-family: verdana,geneva\"><a href=\"http:\/\/www.twiki.faced.ufba.br\/twiki\/bin\/view\/GEC\/PontaoUfba\">Proposta de Pont\u00e3o de Cultura &#8211; Bahia<\/a> &#8211; acesso restrito temporariamente<\/span><\/li>\n<\/ul>\n<h2><span style=\"font-family: verdana,geneva;font-size: 14px;color: #006600\"><a name=\"PROJETOS_ANTERIORES\"><\/a> Projetos anteriores<\/span><\/h2>\n<h2><span style=\"font-family: verdana,geneva;font-size: 14px\"><a href=\"http:\/\/www.twiki.faced.ufba.br\/twiki\/bin\/view\/GEC\/CursoExtensaoDocentes\">\u00a0Curso Extens\u00e3o para Docentes UFBA<\/a> &#8211; acesso restrito<\/span><\/h2>\n<ul style=\"font-family: Verdana,Arial,Helvetica,sans-serif;font-size: 12px\">\n<li><span style=\"font-family: verdana,geneva\"><a href=\"http:\/\/www.twiki.faced.ufba.br\/twiki\/bin\/view\/GEC\/RadioDifusaoCT\">Edital MCT\/CNPq n.\u00ba 42 \/2007<\/a> Sele\u00e7\u00e3o P\u00fablica de Projetos para Apoio a Projetos de Difus\u00e3o e Populariza\u00e7\u00e3o da Ci\u00eancia e Tecnologia<\/span><\/li>\n<li><span style=\"font-family: verdana,geneva\"><a href=\"http:\/\/www.twiki.faced.ufba.br\/twiki\/bin\/view\/GEC\/FapesbTi2007\">Pol\u00edticas Fapesb<\/a> &#8211; acesso restrito temporariamente<\/span><\/li>\n<li><span style=\"font-family: verdana,geneva\"><a href=\"http:\/\/www.twiki.faced.ufba.br\/twiki\/bin\/view\/GEC\/SemanaCT\">Semana de Ci\u00eancia e Tecnologia<\/a><\/span><\/li>\n<li><span style=\"font-family: verdana,geneva\"><a href=\"http:\/\/www.twiki.faced.ufba.br\/twiki\/bin\/view\/GEC\/PopCienciaFapesb3\">Semana Nacional de Ciencia e Tecnologia &#8211; Fapesb &#8211; Projeto 3 &#8211; Rob\u00f3tica e Metareciclagem<\/a> &#8211; submetido \u00e0 Fapesb<\/span><\/li>\n<li><span style=\"font-family: verdana,geneva\"><a href=\"http:\/\/www.twiki.faced.ufba.br\/twiki\/bin\/view\/GEC\/PremioArede\">Inscri\u00e7\u00e3o no Pr\u00eamio A Rede: projeto Tabuleiro Digital<\/a><\/span><\/li>\n<li><span style=\"font-family: verdana,geneva\"><a href=\"http:\/\/www.twiki.faced.ufba.br\/twiki\/bin\/view\/GEC\/DifusaoConhecimento\">Difusao de Tecnologia e Conhecimento<\/a><\/span><\/li>\n<li><span style=\"font-family: verdana,geneva\"><a href=\"http:\/\/www.twiki.faced.ufba.br\/twiki\/bin\/view\/GEC\/RadioTeatro\">Projeto em conjunto com a Escola de Teatro para implanta\u00e7\u00e3o da R\u00e1dio Web Teatro<\/a><\/span><\/li>\n<li><span style=\"font-family: verdana,geneva\"><a href=\"http:\/\/www.twiki.faced.ufba.br\/twiki\/bin\/view\/GEC\/LancamentoLivro\">Evento de lan\u00e7amento do livro do Gec<\/a><\/span><\/li>\n<li><span style=\"font-family: verdana,geneva\"><a href=\"http:\/\/www.twiki.faced.ufba.br\/twiki\/bin\/view\/GEC\/SoftwareLivre\">Software Livre e Inclus\u00e3o Digital na Faced<\/a> Sensibiliza\u00e7\u00e3o Software Livre na Faced<\/span><\/li>\n<li><span style=\"font-family: verdana,geneva\"><a href=\"http:\/\/www.twiki.faced.ufba.br\/twiki\/bin\/view\/GEC\/CartazesTabuleiro\">Cartazes do Tabuleiro<\/a> Vide aqui as primeiras ideias<\/span><\/li>\n<li><span style=\"font-family: verdana,geneva\"><a href=\"http:\/\/www.twiki.faced.ufba.br\/twiki\/bin\/view\/GEC\/EnsinoVirtual\">M\u00f3dulo da disciplina Ensino Virtual: Alessandra,Daisy, Maristela e Simone<\/a><\/span><\/li>\n<li><span style=\"font-family: verdana,geneva\"><a href=\"http:\/\/www.twiki.faced.ufba.br\/twiki\/bin\/view\/GEC\/MonitoriaFaced\">Monitoria<\/a><\/span><\/li>\n<li><span style=\"font-family: verdana,geneva\"><a href=\"http:\/\/www.twiki.faced.ufba.br\/twiki\/bin\/view\/GEC\/CursoMoodle\">Curso Moodle<\/a><\/span><\/li>\n<li><span style=\"font-family: verdana,geneva\"><a href=\"http:\/\/www.twiki.faced.ufba.br\/twiki\/bin\/view\/GEC\/PontosCulturas\">Projeto dos Pontos de Culturas<\/a><\/span><\/li>\n<li><span style=\"font-family: verdana,geneva\"><a href=\"http:\/\/www.twiki.faced.ufba.br\/twiki\/bin\/view\/GEC\/ModuloEdc703\">M\u00f3dulo da disciplina Ensino Virtual<\/a><\/span><\/li>\n<li><span style=\"font-family: verdana,geneva\"><a href=\"http:\/\/www.twiki.faced.ufba.br\/twiki\/bin\/view\/GEC\/EventoGec\">Evento GECiano<\/a><\/span><\/li>\n<li><span style=\"font-family: verdana,geneva\"><a href=\"http:\/\/www.twiki.faced.ufba.br\/twiki\/bin\/view\/GEC\/ParceriaFacedCamacari\">Parceria Faced \/ Prefeitura de Cama\u00e7ari<\/a><\/span><\/li>\n<li><span style=\"font-family: verdana,geneva\"><a href=\"http:\/\/www.twiki.faced.ufba.br\/twiki\/bin\/view\/GEC\/ProjetoTvdigital\">SBTVD Educa\u00e7\u00e3o<\/a><\/span><\/li>\n<li><span style=\"font-family: verdana,geneva\"><a href=\"http:\/\/www.twiki.faced.ufba.br\/twiki\/bin\/view\/GEC\/ProjetoIrece\">Projeto Irec\u00ea<\/a><\/span><\/li>\n<li><span style=\"font-family: verdana,geneva\"><a href=\"http:\/\/www.twiki.faced.ufba.br\/twiki\/bin\/view\/GEC\/ProjetoScti\">Projeto de Produ\u00e7\u00e3o para Infocentros<\/a><\/span><\/li>\n<li><span style=\"font-family: verdana,geneva\"><a href=\"http:\/\/www.twiki.faced.ufba.br\/twiki\/bin\/view\/GEC\/BrasilPortugal\">Projeto de Coopera\u00e7\u00e3o UFBA e Universidade Minho<\/a><\/span><\/li>\n<li><span style=\"font-family: verdana,geneva\"><a href=\"http:\/\/www.twiki.faced.ufba.br\/twiki\/bin\/view\/GEC\/SemiPesq\">Participa\u00e7\u00e3o do GEC no V Semin\u00e1rio de Pesquisa da UFBA 2004<\/a><\/span><\/li>\n<li><span style=\"font-family: verdana,geneva\"><a href=\"http:\/\/twiki.im.ufba.br\/bin\/view\/Angola\" target=\"_top\" rel=\"noopener\">Projeto de Coopera\u00e7\u00e3o UFBA e Instituto de Educa\u00e7\u00e3o Privado de Angola<\/a><\/span><\/li>\n<li><span style=\"font-family: verdana,geneva\"><a href=\"http:\/\/twiki.im.ufba.br\/bin\/view\/PBCamamu\/WebHome\" target=\"_top\" rel=\"noopener\">Projeto Baia de Camamu &#8211; estamos envolvidos<\/a><\/span><\/li>\n<li><span style=\"font-family: verdana,geneva\"><a href=\"http:\/\/www.twiki.faced.ufba.br\/twiki\/bin\/view\/GEC\/ExtensaoMec\">Programa de Extens\u00e3o<\/a><\/span><\/li>\n<li><span style=\"font-family: verdana,geneva\"><a href=\"http:\/\/www.twiki.faced.ufba.br\/twiki\/bin\/view\/GEC\/EspacosCiencias\">Espa\u00e7os de Ensino-Aprendizagem de Ci\u00eancias: a R\u00e1dio<\/a><\/span><\/li>\n<li><span style=\"font-family: verdana,geneva\"><a href=\"http:\/\/www.twiki.faced.ufba.br\/twiki\/bin\/view\/GEC\/ProjetoMata\">Projeto de Pol\u00edtica P\u00fablica em Educa\u00e7\u00e3o para o munic\u00edpio de Mata de S\u00e3o Jo\u00e3o\/Bahia.<\/a><\/span><\/li>\n<li><span style=\"font-family: verdana,geneva\"><a href=\"http:\/\/www.twiki.faced.ufba.br\/twiki\/bin\/view\/GEC\/BolsaSistema\">Projeto para bolsa para o sistema &#8211; Fapesb<\/a><\/span><\/li>\n<li><span style=\"font-family: verdana,geneva\"><a href=\"http:\/\/www.twiki.faced.ufba.br\/twiki\/bin\/view\/GEC\/QuemNoIIFSL\">Quem s\u00e3o as pessoas que v\u00e3o estar no II F\u00f3rum Baiano de Software Livre?<\/a><\/span><\/li>\n<li><span style=\"font-family: verdana,geneva\"><a href=\"http:\/\/www.twiki.faced.ufba.br\/twiki\/bin\/view\/GEC\/PremioTabuleiro\">Dados para inscri\u00e7\u00e3o do Tabuleiro no Premio BB<\/a><\/span><\/li>\n<\/ul>\n<p>&nbsp;<\/p>\n","protected":false},"excerpt":{"rendered":"<p>Projetos em constru\u00e7\u00e3o ou esperando resultado de edital Conhecendo Salvador atrav\u00e9s dos fortes hist\u00f3ricos at\u00e9 01\/08 &#8211; Edital 05\/2008 FAPESB &#8211; linha 01 &#8211; Projeto RipeHop: forma\u00e7\u00e3o de agentes jovens para a populariza\u00e7\u00e3o da ci\u00eancia e tecnologia nas escolas p\u00fablicas da Bahia Levantamento do patrim\u00f4nio do Gec na Faced\/Ufba Cole\u00e7\u00e3o de Livros do GEC: Educa\u00e7\u00e3o, comunica\u00e7\u00e3o e tecnologia Parceria Gec \/ Secretaria do Meio Ambiente Roteiro para o v\u00eddeo dos Tabuleiros Digitais Projeto Monitoria dos Tabuleiros Digital &#8211; Permanecer 2008 Projeto Monitoria da Especializa\u00e7\u00e3o &#8211; Permanecer 2008 Territ\u00f3rios digitais Monitoria Gec &#8211; Subprojeto Ensino &#8211; Polemicas Garimpagem de Editais Projeto de Pesquisa de tecnologias para educa\u00e7\u00e3o b\u00e1sica &#8211; acesso restrito Projeto Guarda-chuva para o bi\u00eanio 2007-2009 &#8211; vers\u00e3o 2 &#8211; apenas para membros do GEC Desenvolvimento de um plataforma para gestao de cursos com curr\u00edculo hipertextual Projeto de Pesquisa e Extens\u00e3o em Arquitetura e Educa\u00e7\u00e3o &#8211; ainda n\u00e3o dispon\u00edvel Semanas de software livre da faced: atua\u00e7\u00e3o e an\u00e1lise &#8211; acesso restrito Projeto do n\u00facleo de produ\u00e7\u00e3o em software livre do IRDEB &#8211; temporariamente somente para os membros do GT Projeto TV P\u00fablica e Digital, em parceria com o IRDEB &#8211; temporariamente somente para os membros do GT Projeto Guarda-chuva para o bi\u00eanio 2007-2009 &#8211; apenas para membros do GEC Projeto Araguaia &#8211; ainda n\u00e3o dispon\u00edvel Proposta de Pont\u00e3o de Cultura &#8211; Bahia &#8211; acesso restrito temporariamente Projetos anteriores \u00a0Curso Extens\u00e3o para Docentes UFBA &#8211; acesso restrito Edital MCT\/CNPq n.\u00ba 42 \/2007 Sele\u00e7\u00e3o P\u00fablica de Projetos para Apoio a Projetos de Difus\u00e3o e Populariza\u00e7\u00e3o da Ci\u00eancia e Tecnologia Pol\u00edticas Fapesb &#8211; acesso restrito temporariamente Semana de Ci\u00eancia e Tecnologia Semana Nacional de Ciencia e Tecnologia &#8211; Fapesb &#8211; Projeto 3 &#8211; Rob\u00f3tica e Metareciclagem &#8211; submetido \u00e0 Fapesb Inscri\u00e7\u00e3o no Pr\u00eamio A Rede: projeto Tabuleiro Digital Difusao de Tecnologia e Conhecimento Projeto em conjunto com a Escola de Teatro para implanta\u00e7\u00e3o da R\u00e1dio Web Teatro Evento de lan\u00e7amento do livro do Gec Software Livre e Inclus\u00e3o Digital na Faced Sensibiliza\u00e7\u00e3o Software Livre na Faced Cartazes do Tabuleiro Vide aqui as primeiras ideias M\u00f3dulo da disciplina Ensino Virtual: Alessandra,Daisy, Maristela e Simone Monitoria Curso Moodle Projeto dos Pontos de Culturas M\u00f3dulo da disciplina Ensino Virtual Evento GECiano Parceria Faced \/ Prefeitura de Cama\u00e7ari SBTVD Educa\u00e7\u00e3o Projeto Irec\u00ea Projeto de Produ\u00e7\u00e3o para Infocentros Projeto de Coopera\u00e7\u00e3o UFBA e Universidade Minho Participa\u00e7\u00e3o do GEC no V Semin\u00e1rio de Pesquisa da UFBA 2004 Projeto de Coopera\u00e7\u00e3o UFBA e Instituto de Educa\u00e7\u00e3o Privado de Angola Projeto Baia de Camamu &#8211; estamos envolvidos Programa de Extens\u00e3o Espa\u00e7os de Ensino-Aprendizagem de Ci\u00eancias: a R\u00e1dio Projeto de Pol\u00edtica P\u00fablica em Educa\u00e7\u00e3o para o munic\u00edpio de Mata de S\u00e3o Jo\u00e3o\/Bahia. Projeto para bolsa para o sistema &#8211; Fapesb Quem s\u00e3o as pessoas que v\u00e3o estar no II F\u00f3rum Baiano de Software Livre? Dados para inscri\u00e7\u00e3o do Tabuleiro no Premio BB &nbsp;<\/p>\n","protected":false},"author":1,"featured_media":0,"parent":221,"menu_order":4,"comment_status":"closed","ping_status":"closed","template":"","meta":{"_coblocks_attr":"","_coblocks_dimensions":"","_coblocks_responsive_height":"","_coblocks_accordion_ie_support":"","ocean_post_layout":"","ocean_both_sidebars_style":"","ocean_both_sidebars_content_width":0,"ocean_both_sidebars_sidebars_width":0,"ocean_sidebar":"","ocean_second_sidebar":"","ocean_disable_margins":"enable","ocean_add_body_class":"","ocean_shortcode_before_top_bar":"","ocean_shortcode_after_top_bar":"","ocean_shortcode_before_header":"","ocean_shortcode_after_header":"","ocean_has_shortcode":"","ocean_shortcode_after_title":"","ocean_shortcode_before_footer_widgets":"","ocean_shortcode_after_footer_widgets":"","ocean_shortcode_before_footer_bottom":"","ocean_shortcode_after_footer_bottom":"","ocean_display_top_bar":"default","ocean_display_header":"default","ocean_header_style":"","ocean_center_header_left_menu":"","ocean_custom_header_template":"","ocean_custom_logo":0,"ocean_custom_retina_logo":0,"ocean_custom_logo_max_width":0,"ocean_custom_logo_tablet_max_width":0,"ocean_custom_logo_mobile_max_width":0,"ocean_custom_logo_max_height":0,"ocean_custom_logo_tablet_max_height":0,"ocean_custom_logo_mobile_max_height":0,"ocean_header_custom_menu":"","ocean_menu_typo_font_family":"","ocean_menu_typo_font_subset":"","ocean_menu_typo_font_size":0,"ocean_menu_typo_font_size_tablet":0,"ocean_menu_typo_font_size_mobile":0,"ocean_menu_typo_font_size_unit":"px","ocean_menu_typo_font_weight":"","ocean_menu_typo_font_weight_tablet":"","ocean_menu_typo_font_weight_mobile":"","ocean_menu_typo_transform":"","ocean_menu_typo_transform_tablet":"","ocean_menu_typo_transform_mobile":"","ocean_menu_typo_line_height":0,"ocean_menu_typo_line_height_tablet":0,"ocean_menu_typo_line_height_mobile":0,"ocean_menu_typo_line_height_unit":"","ocean_menu_typo_spacing":0,"ocean_menu_typo_spacing_tablet":0,"ocean_menu_typo_spacing_mobile":0,"ocean_menu_typo_spacing_unit":"","ocean_menu_link_color":"","ocean_menu_link_color_hover":"","ocean_menu_link_color_active":"","ocean_menu_link_background":"","ocean_menu_link_hover_background":"","ocean_menu_link_active_background":"","ocean_menu_social_links_bg":"","ocean_menu_social_hover_links_bg":"","ocean_menu_social_links_color":"","ocean_menu_social_hover_links_color":"","ocean_disable_title":"default","ocean_disable_heading":"default","ocean_post_title":"","ocean_post_subheading":"","ocean_post_title_style":"","ocean_post_title_background_color":"","ocean_post_title_background":0,"ocean_post_title_bg_image_position":"","ocean_post_title_bg_image_attachment":"","ocean_post_title_bg_image_repeat":"","ocean_post_title_bg_image_size":"","ocean_post_title_height":0,"ocean_post_title_bg_overlay":0.5,"ocean_post_title_bg_overlay_color":"","ocean_disable_breadcrumbs":"default","ocean_breadcrumbs_color":"","ocean_breadcrumbs_separator_color":"","ocean_breadcrumbs_links_color":"","ocean_breadcrumbs_links_hover_color":"","ocean_display_footer_widgets":"default","ocean_display_footer_bottom":"default","ocean_custom_footer_template":"","_themeisle_gutenberg_block_has_review":false,"footnotes":""},"class_list":["post-311","page","type-page","status-publish","hentry","entry"],"_links":{"self":[{"href":"https:\/\/blog.ufba.br\/webgec\/wp-json\/wp\/v2\/pages\/311"}],"collection":[{"href":"https:\/\/blog.ufba.br\/webgec\/wp-json\/wp\/v2\/pages"}],"about":[{"href":"https:\/\/blog.ufba.br\/webgec\/wp-json\/wp\/v2\/types\/page"}],"author":[{"embeddable":true,"href":"https:\/\/blog.ufba.br\/webgec\/wp-json\/wp\/v2\/users\/1"}],"replies":[{"embeddable":true,"href":"https:\/\/blog.ufba.br\/webgec\/wp-json\/wp\/v2\/comments?post=311"}],"version-history":[{"count":0,"href":"https:\/\/blog.ufba.br\/webgec\/wp-json\/wp\/v2\/pages\/311\/revisions"}],"up":[{"embeddable":true,"href":"https:\/\/blog.ufba.br\/webgec\/wp-json\/wp\/v2\/pages\/221"}],"wp:attachment":[{"href":"https:\/\/blog.ufba.br\/webgec\/wp-json\/wp\/v2\/media?parent=311"}],"curies":[{"name":"wp","href":"https:\/\/api.w.org\/{rel}","templated":true}]}}