{"id":2837,"date":"2019-02-25T13:10:56","date_gmt":"2019-02-25T13:10:56","guid":{"rendered":"http:\/\/blog.ufba.br\/gec\/?page_id=2837"},"modified":"2024-06-10T21:13:52","modified_gmt":"2024-06-11T00:13:52","slug":"cadastro-bolsista-gec","status":"publish","type":"page","link":"https:\/\/blog.ufba.br\/webgec\/cadastro-bolsista-gec\/","title":{"rendered":"Bolsista GEC"},"content":{"rendered":"\n<h2 class=\"wp-block-heading\"><span style=\"color: #008000\"><strong>Cadastro para sele\u00e7\u00e3o de PIBIC GEC<\/strong><\/span><\/h2>\n\n\n\n<p>O Grupo de Pesquisa Educa\u00e7\u00e3o, Comunica\u00e7\u00e3o e Tecnologias (GEC) abre inscri\u00e7\u00e3o para Bolsistas do Programa de Inicia\u00e7\u00e3o Cient\u00edfica (PIBIC)<\/p>\n\n\n\n<p><strong>QUEM PODE SE INSCREVER?<\/strong><br>Os(as) estudantes que tenham interesse em ingressar no Programa Institucional de Inicia\u00e7\u00e3o Cient\u00edfica devem atender aos seguintes pr\u00e9-requisitos:<\/p>\n\n\n\n<p> <strong>QUAIS OS PR\u00c9-REQUISITO PARA INSCRI\u00c7\u00c3O?<\/strong><br> &#8211; Estar regularmente matriculado em curso de gradua\u00e7\u00e3o com bom desempenho acad\u00eamico, evidenciado pelo hist\u00f3rico escolar, com m\u00e9dia geral igual ou superior a 5,0 (cinco);<br> &#8211; Ter curr\u00edculo publicado e atualizado na Plataforma Lattes do CNPq<br> &#8211; N\u00e3o ter v\u00ednculo empregat\u00edcio e dedicar-se \u00e0s atividades acad\u00eamicas e de pesquisa, perfazendo, no m\u00ednimo, 20 (vinte) horas semanais de dedica\u00e7\u00e3o \u00e0s atividades estabelecidas no plano de trabalho e\/ou exigidas pelo Programa;<br> &#8211; N\u00e3o acumular a bolsa com outras de quaisquer ag\u00eancias nacionais ou internacionais de fomento ao ensino e \u00e0 pesquisa ou cong\u00eaneres.<br> <\/p>\n\n\n\n<p><strong>INSCRI\u00c7\u00d5ES:<\/strong><br> Preenchimento completo e envio do formul\u00e1rio online (exclusivamente via internet);<\/p>\n\n\n\n<h2 class=\"wp-block-heading\"><strong><a href=\"https:\/\/surveyheart.com\/form\/65fa232949cec872d086182e\" data-type=\"link\" data-id=\"https:\/\/surveyheart.com\/form\/65fa232949cec872d086182e\">FORMUL\u00c1RIO ONLINE CLIQUE AQUI<\/a><\/strong><\/h2>\n\n\n\n<p>PER\u00cdODO DE INSCRI\u00c7\u00c3O<\/p>\n\n\n\n<p>10 de junho a 14 de junho de 2024<\/p>\n\n\n\n<p>Data da entrevista &#8211; <strong>17 de junho de 2024<\/strong>, \u00e0s 9h, na sala do GEC, 3\u00ba andar FACED\/UFBA.<\/p>\n\n\n\n<p>Os candidatos selecionados ser\u00e3o informados por e-mail para participar de entrevista de sele\u00e7\u00e3o<br> <\/p>\n\n\n\n<p>MAIS INFORMA\u00c7\u00d5ES:<br> E-mail: <a href=\"mailto:gec.ufba@ufba.br\">gec.ufba@ufba.br<\/a><br> Tel: (71) 3283-7274\/7275<\/p>\n","protected":false},"excerpt":{"rendered":"<p>Cadastro para sele\u00e7\u00e3o de PIBIC GEC O Grupo de Pesquisa Educa\u00e7\u00e3o, Comunica\u00e7\u00e3o e Tecnologias (GEC) abre inscri\u00e7\u00e3o para Bolsistas do Programa de Inicia\u00e7\u00e3o Cient\u00edfica (PIBIC) QUEM PODE SE INSCREVER?Os(as) estudantes que tenham interesse em ingressar no Programa Institucional de Inicia\u00e7\u00e3o Cient\u00edfica devem atender aos seguintes pr\u00e9-requisitos: QUAIS OS PR\u00c9-REQUISITO PARA INSCRI\u00c7\u00c3O? &#8211; Estar regularmente matriculado em curso de gradua\u00e7\u00e3o com bom desempenho acad\u00eamico, evidenciado pelo hist\u00f3rico escolar, com m\u00e9dia geral igual ou superior a 5,0 (cinco); &#8211; Ter curr\u00edculo publicado e atualizado na Plataforma Lattes do CNPq &#8211; N\u00e3o ter v\u00ednculo empregat\u00edcio e dedicar-se \u00e0s atividades acad\u00eamicas e de pesquisa, perfazendo, no m\u00ednimo, 20 (vinte) horas semanais de dedica\u00e7\u00e3o \u00e0s atividades estabelecidas no plano de trabalho e\/ou exigidas pelo Programa; &#8211; N\u00e3o acumular a bolsa com outras de quaisquer ag\u00eancias nacionais ou internacionais de fomento ao ensino e \u00e0 pesquisa ou cong\u00eaneres. INSCRI\u00c7\u00d5ES: Preenchimento completo e envio do formul\u00e1rio online (exclusivamente via internet); FORMUL\u00c1RIO ONLINE CLIQUE AQUI PER\u00cdODO DE INSCRI\u00c7\u00c3O 10 de junho a 14 de junho de 2024 Data da entrevista &#8211; 17 de junho de 2024, \u00e0s 9h, na sala do GEC, 3\u00ba andar FACED\/UFBA. Os candidatos selecionados ser\u00e3o informados por e-mail para participar de entrevista de sele\u00e7\u00e3o MAIS INFORMA\u00c7\u00d5ES: E-mail: gec.ufba@ufba.br Tel: (71) 3283-7274\/7275<\/p>\n","protected":false},"author":1,"featured_media":0,"parent":0,"menu_order":13,"comment_status":"closed","ping_status":"closed","template":"","meta":{"_coblocks_attr":"","_coblocks_dimensions":"","_coblocks_responsive_height":"","_coblocks_accordion_ie_support":"","ocean_post_layout":"","ocean_both_sidebars_style":"","ocean_both_sidebars_content_width":0,"ocean_both_sidebars_sidebars_width":0,"ocean_sidebar":"","ocean_second_sidebar":"","ocean_disable_margins":"enable","ocean_add_body_class":"","ocean_shortcode_before_top_bar":"","ocean_shortcode_after_top_bar":"","ocean_shortcode_before_header":"","ocean_shortcode_after_header":"","ocean_has_shortcode":"","ocean_shortcode_after_title":"","ocean_shortcode_before_footer_widgets":"","ocean_shortcode_after_footer_widgets":"","ocean_shortcode_before_footer_bottom":"","ocean_shortcode_after_footer_bottom":"","ocean_display_top_bar":"default","ocean_display_header":"default","ocean_header_style":"","ocean_center_header_left_menu":"","ocean_custom_header_template":"","ocean_custom_logo":0,"ocean_custom_retina_logo":0,"ocean_custom_logo_max_width":0,"ocean_custom_logo_tablet_max_width":0,"ocean_custom_logo_mobile_max_width":0,"ocean_custom_logo_max_height":0,"ocean_custom_logo_tablet_max_height":0,"ocean_custom_logo_mobile_max_height":0,"ocean_header_custom_menu":"","ocean_menu_typo_font_family":"","ocean_menu_typo_font_subset":"","ocean_menu_typo_font_size":0,"ocean_menu_typo_font_size_tablet":0,"ocean_menu_typo_font_size_mobile":0,"ocean_menu_typo_font_size_unit":"px","ocean_menu_typo_font_weight":"","ocean_menu_typo_font_weight_tablet":"","ocean_menu_typo_font_weight_mobile":"","ocean_menu_typo_transform":"","ocean_menu_typo_transform_tablet":"","ocean_menu_typo_transform_mobile":"","ocean_menu_typo_line_height":0,"ocean_menu_typo_line_height_tablet":0,"ocean_menu_typo_line_height_mobile":0,"ocean_menu_typo_line_height_unit":"","ocean_menu_typo_spacing":0,"ocean_menu_typo_spacing_tablet":0,"ocean_menu_typo_spacing_mobile":0,"ocean_menu_typo_spacing_unit":"","ocean_menu_link_color":"","ocean_menu_link_color_hover":"","ocean_menu_link_color_active":"","ocean_menu_link_background":"","ocean_menu_link_hover_background":"","ocean_menu_link_active_background":"","ocean_menu_social_links_bg":"","ocean_menu_social_hover_links_bg":"","ocean_menu_social_links_color":"","ocean_menu_social_hover_links_color":"","ocean_disable_title":"default","ocean_disable_heading":"default","ocean_post_title":"","ocean_post_subheading":"","ocean_post_title_style":"","ocean_post_title_background_color":"","ocean_post_title_background":0,"ocean_post_title_bg_image_position":"","ocean_post_title_bg_image_attachment":"","ocean_post_title_bg_image_repeat":"","ocean_post_title_bg_image_size":"","ocean_post_title_height":0,"ocean_post_title_bg_overlay":0.5,"ocean_post_title_bg_overlay_color":"","ocean_disable_breadcrumbs":"default","ocean_breadcrumbs_color":"","ocean_breadcrumbs_separator_color":"","ocean_breadcrumbs_links_color":"","ocean_breadcrumbs_links_hover_color":"","ocean_display_footer_widgets":"default","ocean_display_footer_bottom":"default","ocean_custom_footer_template":"","_themeisle_gutenberg_block_has_review":false,"footnotes":""},"class_list":["post-2837","page","type-page","status-publish","hentry","entry"],"_links":{"self":[{"href":"https:\/\/blog.ufba.br\/webgec\/wp-json\/wp\/v2\/pages\/2837"}],"collection":[{"href":"https:\/\/blog.ufba.br\/webgec\/wp-json\/wp\/v2\/pages"}],"about":[{"href":"https:\/\/blog.ufba.br\/webgec\/wp-json\/wp\/v2\/types\/page"}],"author":[{"embeddable":true,"href":"https:\/\/blog.ufba.br\/webgec\/wp-json\/wp\/v2\/users\/1"}],"replies":[{"embeddable":true,"href":"https:\/\/blog.ufba.br\/webgec\/wp-json\/wp\/v2\/comments?post=2837"}],"version-history":[{"count":2,"href":"https:\/\/blog.ufba.br\/webgec\/wp-json\/wp\/v2\/pages\/2837\/revisions"}],"predecessor-version":[{"id":5049,"href":"https:\/\/blog.ufba.br\/webgec\/wp-json\/wp\/v2\/pages\/2837\/revisions\/5049"}],"wp:attachment":[{"href":"https:\/\/blog.ufba.br\/webgec\/wp-json\/wp\/v2\/media?parent=2837"}],"curies":[{"name":"wp","href":"https:\/\/api.w.org\/{rel}","templated":true}]}}