{"id":2024,"date":"2014-11-10T17:27:19","date_gmt":"2014-11-10T17:27:19","guid":{"rendered":"http:\/\/blog.ufba.br\/gec\/?page_id=2024"},"modified":"2014-11-10T17:27:19","modified_gmt":"2014-11-10T17:27:19","slug":"monografias","status":"publish","type":"page","link":"https:\/\/blog.ufba.br\/webgec\/biblioteca\/monografias\/","title":{"rendered":"Monografias"},"content":{"rendered":"<p style=\"text-align: center\"><span style=\"font-family: verdana,geneva\"><strong><span style=\"color: #008000\"> Monografias\u00a0 pesquisadores do GEC<br \/>\n<\/span><\/strong><\/span><\/p>\n<p style=\"text-align: left\"><span style=\"font-family: arial black,avant garde;font-size: 10pt\"><strong><strong><span style=\"font-family: arial black,avant garde;font-size: 10pt\">2004<\/span><\/strong><\/strong><\/span><\/p>\n<div class=\"layout-cell layout-cell-11\">\n<div class=\"layout-cell-pad-5\"><span style=\"font-family: verdana,geneva;font-size: 10pt\"><span style=\"font-family: verdana,geneva;font-size: 10pt\"><span style=\"font-family: verdana,geneva;font-size: 10pt\">Luciene Tavares Barbosa Correa. A inclus\u00e3o digital do professor na Escola Comendador Bernardo Martins Catharino.\u00a0 Trabalho de Conclus\u00e3o de Curso. (Gradua\u00e7\u00e3o em Pedagogia) &#8211; Orientador\u00a0 Maria Helena Bonilla.<\/span><\/span><\/span><\/div>\n<div class=\"layout-cell-pad-5\"><\/div>\n<div class=\"layout-cell-pad-5\"><span style=\"font-family: verdana,geneva;font-size: 10pt\">Sueli Neide da Cunha Santos. Inser\u00e7\u00e3o do Computador na sala de aula: como est\u00e3o sendo capacitados os professores para a sua utiliza\u00e7\u00e3o. Trabalho de Conclus\u00e3o de Curso. (Gradua\u00e7\u00e3o em Pedagogia) &#8211;\u00a0 Orientador\u00a0 Maria Helena Bonilla.\u00a0<\/span><\/div>\n<\/div>\n<p style=\"text-align: left\"><span style=\"font-family: verdana,geneva;font-size: 10pt\"><span style=\"font-family: arial black,avant garde;font-size: 10pt\"><strong><strong><span style=\"font-family: arial black,avant garde;font-size: 10pt\">2005<\/span><\/strong><\/strong><\/span><span style=\"font-family: verdana,geneva;font-size: 10pt\"><br \/>\n<\/span><\/span><\/p>\n<p style=\"text-align: left\"><span style=\"font-family: verdana,geneva;font-size: 10pt\">Carla Sardeiro. Forma\u00e7\u00e3o do pedagogo e as tecnologias da informa\u00e7\u00e3o e comunica\u00e7\u00e3o. Trabalho de Conclus\u00e3o de Curso. (Gradua\u00e7\u00e3o em Pedagogia) &#8211; Orientador Maria Helena\u00a0 Bonilla.<\/span><\/p>\n<p style=\"text-align: left\"><span style=\"font-family: verdana,geneva;font-size: 10pt\">Carolina Freitas Costa Cruz. A rela\u00e7\u00e3o entre os professores e a tecnologia.\u00a0 Trabalho de Conclus\u00e3o de Curso. (Gradua\u00e7\u00e3o em Pedagogia) &#8211; Orientador Maria Helena Bonilla. <\/span><\/p>\n<p><span style=\"font-family: verdana,geneva;font-size: 10pt\">Daniela da Silva Hor\u00e1cio. Rituais e ritmos da organiza\u00e7\u00e3o escolar condicionando o afastamento dos professores do laborat\u00f3rio de inform\u00e1tica: um estudo de caso com professores da Escola Municipal de Fazenda Coutos.\u00a0 Trabalho de Conclus\u00e3o de Curso. (Gradua\u00e7\u00e3o em Pedagogia) &#8211; Orientador Maria Helena Silveira Bonilla.<\/span><\/p>\n<p style=\"text-align: left\"><span style=\"font-family: verdana,geneva;font-size: 10pt\">Sandra Santana Loiola. Da inclus\u00e3o digital \u00e0 inclus\u00e3o social. Trabalho de Conclus\u00e3o de Curso. (Gradua\u00e7\u00e3o em Pedagogia) &#8211; Orientador Maria Helena Bonilla.\u00a0<\/span><\/p>\n<p style=\"text-align: left\"><span style=\"font-family: verdana,geneva;font-size: 10pt\"><strong><strong><span>2011 <\/span><\/strong><\/strong><\/span><\/p>\n<p style=\"text-align: left\"><span style=\"font-family: verdana,geneva;font-size: 10pt\"><span>Daniel Silva Pinheiro.\u00a0<span style=\"color: #222222\"><a title=\"TCC Daniel\" href=\"https:\/\/repositorio.ufba.br\/handle\/ri\/6689\" target=\"_blank\" rel=\"noopener\">Produ\u00e7\u00e3o e difus\u00e3o do conhecimento em tempos de cibercultura: potencialidades<\/a>. Trabalho de Conclus\u00e3o de Curso. (Gradua\u00e7\u00e3o em Pedagogia) &#8211; Orientador Nelson De Luca Pretto.\u00a0<\/span><\/span><\/span><\/p>\n<p style=\"text-align: left\">\n<p style=\"text-align: left\">\n<p style=\"text-align: left\">\n","protected":false},"excerpt":{"rendered":"<p>Monografias\u00a0 pesquisadores do GEC 2004 Luciene Tavares Barbosa Correa. A inclus\u00e3o digital do professor na Escola Comendador Bernardo Martins Catharino.\u00a0 Trabalho de Conclus\u00e3o de Curso. (Gradua\u00e7\u00e3o em Pedagogia) &#8211; Orientador\u00a0 Maria Helena Bonilla. Sueli Neide da Cunha Santos. Inser\u00e7\u00e3o do Computador na sala de aula: como est\u00e3o sendo capacitados os professores para a sua utiliza\u00e7\u00e3o. Trabalho de Conclus\u00e3o de Curso. (Gradua\u00e7\u00e3o em Pedagogia) &#8211;\u00a0 Orientador\u00a0 Maria Helena Bonilla.\u00a0 2005 Carla Sardeiro. Forma\u00e7\u00e3o do pedagogo e as tecnologias da informa\u00e7\u00e3o e comunica\u00e7\u00e3o. Trabalho de Conclus\u00e3o de Curso. (Gradua\u00e7\u00e3o em Pedagogia) &#8211; Orientador Maria Helena\u00a0 Bonilla. Carolina Freitas Costa Cruz. A rela\u00e7\u00e3o entre os professores e a tecnologia.\u00a0 Trabalho de Conclus\u00e3o de Curso. (Gradua\u00e7\u00e3o em Pedagogia) &#8211; Orientador Maria Helena Bonilla. Daniela da Silva Hor\u00e1cio. Rituais e ritmos da organiza\u00e7\u00e3o escolar condicionando o afastamento dos professores do laborat\u00f3rio de inform\u00e1tica: um estudo de caso com professores da Escola Municipal de Fazenda Coutos.\u00a0 Trabalho de Conclus\u00e3o de Curso. (Gradua\u00e7\u00e3o em Pedagogia) &#8211; Orientador Maria Helena Silveira Bonilla. Sandra Santana Loiola. Da inclus\u00e3o digital \u00e0 inclus\u00e3o social. Trabalho de Conclus\u00e3o de Curso. (Gradua\u00e7\u00e3o em Pedagogia) &#8211; Orientador Maria Helena Bonilla.\u00a0 2011 Daniel Silva Pinheiro.\u00a0Produ\u00e7\u00e3o e difus\u00e3o do conhecimento em tempos de cibercultura: potencialidades. Trabalho de Conclus\u00e3o de Curso. (Gradua\u00e7\u00e3o em Pedagogia) &#8211; Orientador Nelson De Luca Pretto.\u00a0<\/p>\n","protected":false},"author":1,"featured_media":0,"parent":935,"menu_order":3,"comment_status":"closed","ping_status":"closed","template":"","meta":{"_coblocks_attr":"","_coblocks_dimensions":"","_coblocks_responsive_height":"","_coblocks_accordion_ie_support":"","ocean_post_layout":"","ocean_both_sidebars_style":"","ocean_both_sidebars_content_width":0,"ocean_both_sidebars_sidebars_width":0,"ocean_sidebar":"","ocean_second_sidebar":"","ocean_disable_margins":"enable","ocean_add_body_class":"","ocean_shortcode_before_top_bar":"","ocean_shortcode_after_top_bar":"","ocean_shortcode_before_header":"","ocean_shortcode_after_header":"","ocean_has_shortcode":"","ocean_shortcode_after_title":"","ocean_shortcode_before_footer_widgets":"","ocean_shortcode_after_footer_widgets":"","ocean_shortcode_before_footer_bottom":"","ocean_shortcode_after_footer_bottom":"","ocean_display_top_bar":"default","ocean_display_header":"default","ocean_header_style":"","ocean_center_header_left_menu":"","ocean_custom_header_template":"","ocean_custom_logo":0,"ocean_custom_retina_logo":0,"ocean_custom_logo_max_width":0,"ocean_custom_logo_tablet_max_width":0,"ocean_custom_logo_mobile_max_width":0,"ocean_custom_logo_max_height":0,"ocean_custom_logo_tablet_max_height":0,"ocean_custom_logo_mobile_max_height":0,"ocean_header_custom_menu":"","ocean_menu_typo_font_family":"","ocean_menu_typo_font_subset":"","ocean_menu_typo_font_size":0,"ocean_menu_typo_font_size_tablet":0,"ocean_menu_typo_font_size_mobile":0,"ocean_menu_typo_font_size_unit":"px","ocean_menu_typo_font_weight":"","ocean_menu_typo_font_weight_tablet":"","ocean_menu_typo_font_weight_mobile":"","ocean_menu_typo_transform":"","ocean_menu_typo_transform_tablet":"","ocean_menu_typo_transform_mobile":"","ocean_menu_typo_line_height":0,"ocean_menu_typo_line_height_tablet":0,"ocean_menu_typo_line_height_mobile":0,"ocean_menu_typo_line_height_unit":"","ocean_menu_typo_spacing":0,"ocean_menu_typo_spacing_tablet":0,"ocean_menu_typo_spacing_mobile":0,"ocean_menu_typo_spacing_unit":"","ocean_menu_link_color":"","ocean_menu_link_color_hover":"","ocean_menu_link_color_active":"","ocean_menu_link_background":"","ocean_menu_link_hover_background":"","ocean_menu_link_active_background":"","ocean_menu_social_links_bg":"","ocean_menu_social_hover_links_bg":"","ocean_menu_social_links_color":"","ocean_menu_social_hover_links_color":"","ocean_disable_title":"default","ocean_disable_heading":"default","ocean_post_title":"","ocean_post_subheading":"","ocean_post_title_style":"","ocean_post_title_background_color":"","ocean_post_title_background":0,"ocean_post_title_bg_image_position":"","ocean_post_title_bg_image_attachment":"","ocean_post_title_bg_image_repeat":"","ocean_post_title_bg_image_size":"","ocean_post_title_height":0,"ocean_post_title_bg_overlay":0.5,"ocean_post_title_bg_overlay_color":"","ocean_disable_breadcrumbs":"default","ocean_breadcrumbs_color":"","ocean_breadcrumbs_separator_color":"","ocean_breadcrumbs_links_color":"","ocean_breadcrumbs_links_hover_color":"","ocean_display_footer_widgets":"default","ocean_display_footer_bottom":"default","ocean_custom_footer_template":"","_themeisle_gutenberg_block_has_review":false,"footnotes":""},"class_list":["post-2024","page","type-page","status-publish","hentry","entry"],"_links":{"self":[{"href":"https:\/\/blog.ufba.br\/webgec\/wp-json\/wp\/v2\/pages\/2024"}],"collection":[{"href":"https:\/\/blog.ufba.br\/webgec\/wp-json\/wp\/v2\/pages"}],"about":[{"href":"https:\/\/blog.ufba.br\/webgec\/wp-json\/wp\/v2\/types\/page"}],"author":[{"embeddable":true,"href":"https:\/\/blog.ufba.br\/webgec\/wp-json\/wp\/v2\/users\/1"}],"replies":[{"embeddable":true,"href":"https:\/\/blog.ufba.br\/webgec\/wp-json\/wp\/v2\/comments?post=2024"}],"version-history":[{"count":0,"href":"https:\/\/blog.ufba.br\/webgec\/wp-json\/wp\/v2\/pages\/2024\/revisions"}],"up":[{"embeddable":true,"href":"https:\/\/blog.ufba.br\/webgec\/wp-json\/wp\/v2\/pages\/935"}],"wp:attachment":[{"href":"https:\/\/blog.ufba.br\/webgec\/wp-json\/wp\/v2\/media?parent=2024"}],"curies":[{"name":"wp","href":"https:\/\/api.w.org\/{rel}","templated":true}]}}