{"id":601,"date":"2012-09-10T12:30:12","date_gmt":"2012-09-10T12:30:12","guid":{"rendered":"http:\/\/blog.ufba.br\/ucabahia\/?page_id=601"},"modified":"2012-09-10T12:30:12","modified_gmt":"2012-09-10T12:30:12","slug":"escolas-contempladas-2","status":"publish","type":"page","link":"https:\/\/blog.ufba.br\/ucabahia\/escolas-contempladas-2\/","title":{"rendered":"Escolas Contempladas"},"content":{"rendered":"<p>&nbsp;<\/p>\n<p align=\"center\">\n<table width=\"579\" border=\"0\" cellspacing=\"0\" cellpadding=\"0\">\n<tbody>\n<tr>\n<td valign=\"top\" width=\"116\">\n<p align=\"center\">MUNIC\u00cdPIO<\/p>\n<\/td>\n<td valign=\"top\" width=\"132\">\n<p align=\"center\">UNID ESCOLAR<\/p>\n<\/td>\n<td valign=\"top\" width=\"123\">\n<p align=\"center\">LOCALIZA\u00c7\u00c3O<\/p>\n<\/td>\n<td valign=\"top\" width=\"94\">N. DE PROF.<\/td>\n<td valign=\"top\" width=\"113\">N. DE ALUNOS<\/td>\n<\/tr>\n<tr>\n<td valign=\"top\" width=\"116\">1.\u00a0BARRO PRETO<\/td>\n<td valign=\"top\" width=\"132\">Escola Municipal Jesus Bom Pastor<\/td>\n<td valign=\"top\" width=\"123\">\n<p align=\"center\">Urbana<\/p>\n<p align=\"center\">\n<\/td>\n<td valign=\"top\" width=\"94\">\n<p align=\"center\">8<\/p>\n<\/td>\n<td valign=\"top\" width=\"113\">\n<p align=\"center\">168<\/p>\n<\/td>\n<\/tr>\n<tr>\n<td valign=\"top\" width=\"116\">2.\u00a0 ITABUNA<\/p>\n<p>&nbsp;<\/td>\n<td valign=\"top\" width=\"132\">Escola Estadual Padre Carlos Sal\u00e9rio<\/td>\n<td valign=\"top\" width=\"123\">\n<p align=\"center\">Urbana<\/p>\n<\/td>\n<td valign=\"top\" width=\"94\">\n<p align=\"center\">16<\/p>\n<\/td>\n<td valign=\"top\" width=\"113\">\n<p align=\"center\">400<\/p>\n<\/td>\n<\/tr>\n<tr>\n<td valign=\"top\" width=\"116\">3.\u00a0 GANDU<\/p>\n<p>&nbsp;<\/p>\n<p>&nbsp;<\/p>\n<p>&nbsp;<\/td>\n<td valign=\"top\" width=\"132\">Escola Municipal Pr\u00e9dio Escolar Argentina Castelo Branco<\/td>\n<td valign=\"top\" width=\"123\">\n<p align=\"center\">Urbana<\/p>\n<\/td>\n<td valign=\"top\" width=\"94\">\n<p align=\"center\">17<\/p>\n<\/td>\n<td valign=\"top\" width=\"113\">\n<p align=\"center\">510<\/p>\n<\/td>\n<\/tr>\n<tr>\n<td valign=\"top\" width=\"116\">4.\u00a0\u00a0CICERO DANTAS<\/p>\n<p>&nbsp;<\/td>\n<td valign=\"top\" width=\"132\">Escola Estadual J\u00falia Montenegro Magalh\u00e3es<\/td>\n<td valign=\"top\" width=\"123\">\n<p align=\"center\">Urbana<\/p>\n<\/td>\n<td valign=\"top\" width=\"94\">\n<p align=\"center\">7<\/p>\n<\/td>\n<td valign=\"top\" width=\"113\">\n<p align=\"center\">163<\/p>\n<\/td>\n<\/tr>\n<tr>\n<td valign=\"top\" width=\"116\">5.\u00a0\u00a0\u00a0CANDEIAS<\/p>\n<p>&nbsp;<\/p>\n<p>&nbsp;<\/td>\n<td valign=\"top\" width=\"132\">Em Professor D\u00e1sio Jos\u00e9 De Souza<\/td>\n<td valign=\"top\" width=\"123\">\n<p align=\"center\">Urbana<\/p>\n<p>&nbsp;<\/td>\n<td valign=\"top\" width=\"94\">\n<p align=\"center\">9<\/p>\n<\/td>\n<td valign=\"top\" width=\"113\">\n<p align=\"center\">513<\/p>\n<\/td>\n<\/tr>\n<tr>\n<td rowspan=\"2\" valign=\"top\" width=\"116\">6.\u00a0\u00a0\u00a0\u00a0SALVADOR<\/td>\n<td valign=\"top\" width=\"132\">Escola Estadual Lindemberg Cardoso<\/td>\n<td valign=\"top\" width=\"123\">\n<p align=\"center\">Urbana<\/p>\n<\/td>\n<td valign=\"top\" width=\"94\">\n<p align=\"center\">19<\/p>\n<\/td>\n<td valign=\"top\" width=\"113\">\n<p align=\"center\">540<\/p>\n<\/td>\n<\/tr>\n<tr>\n<td valign=\"top\" width=\"132\">Escola Municipal Maria Antonieta Alfarano<\/td>\n<td valign=\"top\" width=\"123\">\n<p align=\"center\">\n<\/td>\n<td valign=\"top\" width=\"94\">\n<p align=\"center\">6<\/p>\n<\/td>\n<td valign=\"top\" width=\"113\">\n<p align=\"center\">176<\/p>\n<\/td>\n<\/tr>\n<tr>\n<td valign=\"top\" width=\"116\">7.\u00a0\u00a0\u00a0FEIRA DE SANTANA<\/p>\n<p>&nbsp;<\/td>\n<td valign=\"top\" width=\"132\">Agrot\u00e9cnica Dr Francisco M Da Silva<\/td>\n<td valign=\"top\" width=\"123\">\n<p align=\"center\">Rural<\/p>\n<\/td>\n<td valign=\"top\" width=\"94\">\n<p align=\"center\">22<\/p>\n<\/td>\n<td valign=\"top\" width=\"113\">\n<p align=\"center\">174<\/p>\n<\/td>\n<\/tr>\n<tr>\n<td valign=\"top\" width=\"116\">8.\u00a0\u00a0\u00a0S\u00c3O SEBASTI\u00c3O DO PASSE<\/td>\n<td valign=\"top\" width=\"132\">Escola Municipal Professor Edgar Santos<\/td>\n<td valign=\"top\" width=\"123\">\n<p align=\"center\">Rural<\/p>\n<\/td>\n<td valign=\"top\" width=\"94\">\n<p align=\"center\">25<\/p>\n<\/td>\n<td valign=\"top\" width=\"113\">\n<p align=\"center\">259<\/p>\n<\/td>\n<\/tr>\n<tr>\n<td valign=\"top\" width=\"116\">9. IREC\u00ca<\/td>\n<td valign=\"top\" width=\"132\">Escola Duque de Caxias<\/td>\n<td valign=\"top\" width=\"123\">\n<p align=\"center\">Urbana<\/p>\n<\/td>\n<td valign=\"top\" width=\"94\">\n<p align=\"center\">29<\/p>\n<\/td>\n<td valign=\"top\" width=\"113\">\n<p align=\"center\">456<\/p>\n<\/td>\n<\/tr>\n<tr>\n<td colspan=\"3\" valign=\"top\" width=\"371\">\n<p align=\"center\">TOTAL<\/p>\n<\/td>\n<td valign=\"top\" width=\"94\">\n<p align=\"center\">158<\/p>\n<\/td>\n<td valign=\"top\" width=\"113\">\n<p align=\"center\">3359<\/p>\n<\/td>\n<\/tr>\n<\/tbody>\n<\/table>\n<p align=\"center\">\n<p align=\"center\">\n<p align=\"center\">\n<p align=\"center\">\n<p align=\"center\">\n<p>&nbsp;<\/p>\n<p>&nbsp;<\/p>\n<p>&nbsp;<\/p>\n","protected":false},"excerpt":{"rendered":"<p>&nbsp; MUNIC\u00cdPIO UNID ESCOLAR LOCALIZA\u00c7\u00c3O N. DE PROF. N. DE ALUNOS 1.\u00a0BARRO PRETO Escola Municipal Jesus Bom Pastor Urbana 8 168 2.\u00a0 ITABUNA &nbsp; Escola Estadual Padre Carlos Sal\u00e9rio Urbana 16 400 3.\u00a0 GANDU &nbsp; &nbsp; &nbsp; Escola Municipal Pr\u00e9dio Escolar Argentina Castelo Branco Urbana 17 510 4.\u00a0\u00a0CICERO DANTAS &nbsp; Escola Estadual J\u00falia Montenegro Magalh\u00e3es [&hellip;]<\/p>\n","protected":false},"author":78,"featured_media":0,"parent":0,"menu_order":0,"comment_status":"open","ping_status":"open","template":"","meta":{"_coblocks_attr":"","_coblocks_dimensions":"","_coblocks_responsive_height":"","_coblocks_accordion_ie_support":"","_themeisle_gutenberg_block_has_review":false,"footnotes":""},"class_list":["post-601","page","type-page","status-publish","hentry","count-0","even alt","author-ucaadmin","last"],"_links":{"self":[{"href":"https:\/\/blog.ufba.br\/ucabahia\/wp-json\/wp\/v2\/pages\/601"}],"collection":[{"href":"https:\/\/blog.ufba.br\/ucabahia\/wp-json\/wp\/v2\/pages"}],"about":[{"href":"https:\/\/blog.ufba.br\/ucabahia\/wp-json\/wp\/v2\/types\/page"}],"author":[{"embeddable":true,"href":"https:\/\/blog.ufba.br\/ucabahia\/wp-json\/wp\/v2\/users\/78"}],"replies":[{"embeddable":true,"href":"https:\/\/blog.ufba.br\/ucabahia\/wp-json\/wp\/v2\/comments?post=601"}],"version-history":[{"count":0,"href":"https:\/\/blog.ufba.br\/ucabahia\/wp-json\/wp\/v2\/pages\/601\/revisions"}],"wp:attachment":[{"href":"https:\/\/blog.ufba.br\/ucabahia\/wp-json\/wp\/v2\/media?parent=601"}],"curies":[{"name":"wp","href":"https:\/\/api.w.org\/{rel}","templated":true}]}}