{"id":15,"date":"2010-01-12T13:15:21","date_gmt":"2010-01-12T16:15:21","guid":{"rendered":"http:\/\/blog.ufba.br\/ripe\/?page_id=15"},"modified":"2010-01-12T13:15:21","modified_gmt":"2010-01-12T16:15:21","slug":"producoes","status":"publish","type":"page","link":"https:\/\/blog.ufba.br\/ripe\/producoes\/","title":{"rendered":"Produ\u00e7\u00f5es"},"content":{"rendered":"<p><strong>Artigos produzidos pelos membros do RIPE<\/strong><\/p>\n<p><a href=\"https:\/\/blog.ufba.br\/ripe\/producoes\/producao-colaborativa-de-videos-na-escola\/\" target=\"_blank\" rel=\"noopener\">Produ\u00e7\u00e3o colaborativa de v\u00eddeos na escola &#8211; Apresentado no 19\u00ba EPENN<\/a><\/p>\n<p><a href=\"https:\/\/blog.ufba.br\/ripe\/producoes\/producao-livre-de-audiovisuais-nas-escolas-buscando-o-fortalecimento-de-culturas-locais\/\" target=\"_blank\" rel=\"noopener\">Produ\u00e7\u00e3o livre de audiovisual nas escolas: buscando o fortalecimento da cultura local &#8211; Apresentado no II EBECULT<\/a><\/p>\n<p><strong>Notas t\u00e9cnicas produzidas pelos membros do RIPE<\/strong><\/p>\n<p><a href=\"http:\/\/www.twiki.ufba.br\/twiki\/bin\/view\/Ripe\/NotaTecnica01\" target=\"_blank\" rel=\"noopener\">Atualiza\u00e7\u00e3o para o Firefox\/Iceweasel 3.5.6 no Debian Lenny<\/a><\/p>\n<p><strong>V\u00eddeos produzidos pelos membros do RIPE<\/strong><\/p>\n<p><a href=\"http:\/\/www.youtube.com\/watch?v=ba5f-zoF0h0\" target=\"_blank\" rel=\"noopener\">V\u00eddeo submetido ao Biblio Filmes Festival 2009, que aconteceu em Lisboa &#8211; Portugal em 27\/04\/2009 e eleito pelo Juri ganhador da categoria V\u00eddeo de uma Cr\u00edtica\/Recomenda\u00e7\u00e3o a um livro.<\/a><\/p>\n","protected":false},"excerpt":{"rendered":"<p>Artigos produzidos pelos membros do RIPE Produ\u00e7\u00e3o colaborativa de v\u00eddeos na escola &#8211; Apresentado no 19\u00ba EPENN Produ\u00e7\u00e3o livre de audiovisual nas escolas: buscando o fortalecimento da cultura local &#8211; Apresentado no II EBECULT Notas t\u00e9cnicas produzidas pelos membros do RIPE Atualiza\u00e7\u00e3o para o Firefox\/Iceweasel 3.5.6 no Debian Lenny V\u00eddeos produzidos pelos membros do RIPE [&hellip;]<\/p>\n","protected":false},"author":1,"featured_media":0,"parent":0,"menu_order":4,"comment_status":"closed","ping_status":"open","template":"","meta":{"_coblocks_attr":"","_coblocks_dimensions":"","_coblocks_responsive_height":"","_coblocks_accordion_ie_support":"","_themeisle_gutenberg_block_has_review":false,"footnotes":""},"class_list":["post-15","page","type-page","status-publish","hentry"],"_links":{"self":[{"href":"https:\/\/blog.ufba.br\/ripe\/wp-json\/wp\/v2\/pages\/15"}],"collection":[{"href":"https:\/\/blog.ufba.br\/ripe\/wp-json\/wp\/v2\/pages"}],"about":[{"href":"https:\/\/blog.ufba.br\/ripe\/wp-json\/wp\/v2\/types\/page"}],"author":[{"embeddable":true,"href":"https:\/\/blog.ufba.br\/ripe\/wp-json\/wp\/v2\/users\/1"}],"replies":[{"embeddable":true,"href":"https:\/\/blog.ufba.br\/ripe\/wp-json\/wp\/v2\/comments?post=15"}],"version-history":[{"count":0,"href":"https:\/\/blog.ufba.br\/ripe\/wp-json\/wp\/v2\/pages\/15\/revisions"}],"wp:attachment":[{"href":"https:\/\/blog.ufba.br\/ripe\/wp-json\/wp\/v2\/media?parent=15"}],"curies":[{"name":"wp","href":"https:\/\/api.w.org\/{rel}","templated":true}]}}