{"id":55,"date":"2014-04-12T21:45:12","date_gmt":"2014-04-13T00:45:12","guid":{"rendered":"http:\/\/blog.ufba.br\/posfilosofia\/?page_id=55"},"modified":"2014-04-12T21:45:12","modified_gmt":"2014-04-13T00:45:12","slug":"tutoriais","status":"publish","type":"page","link":"https:\/\/blog.ufba.br\/posfilosofia\/tutoriais\/","title":{"rendered":"Tutoriais"},"content":{"rendered":"<p>[em constru\u00e7\u00e3o]<\/p>\n<div>\u00a0<span style=\"font-size: 16px\">Aqui o aluno encontrar\u00e1 informa\u00e7\u00f5es \u00fateis acerca de processos e procedimentos relativos \u00e0s etapas da sua vida discente no PPGF-UFBA. Tamb\u00e9m os docentes encontrar\u00e3o informa\u00e7\u00f5es acerca de procedimentos acad\u00eamicos relativos ao PPGF-UFBA. Por fim, h\u00e1 tamb\u00e9m um tutorial para candidatos ao ingresso no programa.<\/span><\/div>\n<p><strong>A todos se adverte que atentem sempre para o Calend\u00e1rio Acad\u00eamico, o qual rege as datas dos principais processos no PPGF, acess\u00edvel em www.supac.ufba.br.<\/strong><\/p>\n<p>A Superintend\u00eancia de Avalia\u00e7\u00e3o e Desenvolvimento Institucional &#8211; SUPAD\u00a0disponibiliza\u00a0no site da UFBA os procedimentos administrativos da universidade, acess\u00edveis atrav\u00e9s do endere\u00e7o eletr\u00f4nico: <span id=\"OBJ_PREFIX_DWT210_com_zimbra_url\" class=\"Object\"><a href=\"https:\/\/www.ufba.br\/manual-procedimentos\" target=\"_blank\" rel=\"noopener\">https:\/\/www.ufba.br\/manual-procedimentos.<\/a><\/span><\/p>\n<p>Regulamento de Ensino de Gradua\u00e7\u00e3o e P\u00f3s-Gradua\u00e7\u00e3o:\u00a0<a title=\"Regulamento de Ensino de Gradua\u00e7\u00e3o e P\u00f3s-Gradua\u00e7\u00e3o\" href=\"https:\/\/www.ufba.br\/sites\/devportal.ufba.br\/files\/REGPG%20Completo%20%2817-12-2014%29.pdf\" target=\"_blank\" rel=\"noopener\">https:\/\/www.ufba.br\/sites\/devportal.ufba.br\/files\/REGPG%20Completo%20%2817-12-2014%29.pdf<\/a><\/p>\n<p>&nbsp;<\/p>\n<p>&nbsp;<\/p>\n","protected":false},"excerpt":{"rendered":"<p>[em constru\u00e7\u00e3o] \u00a0Aqui o aluno encontrar\u00e1 informa\u00e7\u00f5es \u00fateis acerca de processos e procedimentos relativos \u00e0s etapas da sua vida discente no PPGF-UFBA. Tamb\u00e9m os docentes encontrar\u00e3o informa\u00e7\u00f5es acerca de procedimentos acad\u00eamicos relativos ao PPGF-UFBA. Por fim, h\u00e1 tamb\u00e9m um tutorial &hellip; <a href=\"https:\/\/blog.ufba.br\/posfilosofia\/tutoriais\/\">Continue lendo <span class=\"meta-nav\">&rarr;<\/span><\/a><\/p>\n","protected":false},"author":1,"featured_media":0,"parent":0,"menu_order":0,"comment_status":"closed","ping_status":"open","template":"","meta":{"_coblocks_attr":"","_coblocks_dimensions":"","_coblocks_responsive_height":"","_coblocks_accordion_ie_support":"","_themeisle_gutenberg_block_has_review":false,"footnotes":""},"class_list":["post-55","page","type-page","status-publish","hentry"],"_links":{"self":[{"href":"https:\/\/blog.ufba.br\/posfilosofia\/wp-json\/wp\/v2\/pages\/55"}],"collection":[{"href":"https:\/\/blog.ufba.br\/posfilosofia\/wp-json\/wp\/v2\/pages"}],"about":[{"href":"https:\/\/blog.ufba.br\/posfilosofia\/wp-json\/wp\/v2\/types\/page"}],"author":[{"embeddable":true,"href":"https:\/\/blog.ufba.br\/posfilosofia\/wp-json\/wp\/v2\/users\/1"}],"replies":[{"embeddable":true,"href":"https:\/\/blog.ufba.br\/posfilosofia\/wp-json\/wp\/v2\/comments?post=55"}],"version-history":[{"count":0,"href":"https:\/\/blog.ufba.br\/posfilosofia\/wp-json\/wp\/v2\/pages\/55\/revisions"}],"wp:attachment":[{"href":"https:\/\/blog.ufba.br\/posfilosofia\/wp-json\/wp\/v2\/media?parent=55"}],"curies":[{"name":"wp","href":"https:\/\/api.w.org\/{rel}","templated":true}]}}