{"id":508,"date":"2015-03-26T17:19:07","date_gmt":"2015-03-26T20:19:07","guid":{"rendered":"http:\/\/blog.ufba.br\/posfilosofia\/?page_id=508"},"modified":"2015-03-26T17:19:07","modified_gmt":"2015-03-26T20:19:07","slug":"tutorial-aproveitamento-de-disciplinas","status":"publish","type":"page","link":"https:\/\/blog.ufba.br\/posfilosofia\/tutoriais\/tutorial-aproveitamento-de-disciplinas\/","title":{"rendered":"Tutorial Aproveitamento de Disciplinas"},"content":{"rendered":"<p>&nbsp;<\/p>\n<p>Solicita\u00e7\u00f5es de aproveitamento de disciplinas podem ser feitas diretamente no NAE &#8211; N\u00facleo de Atendimento ao Estudante, no seu posto no Pavilh\u00e3o Raul Seixas (FFCH). O solicitante deve abrir processo para esse fim, <strong><em>especificando c\u00f3digo(s) e t\u00edtulo(s)<\/em><\/strong> da(s) disciplina(s) de que requer aproveitamento para computa\u00e7\u00e3o de cr\u00e9ditos.<\/p>\n<p>&nbsp;<\/p>\n","protected":false},"excerpt":{"rendered":"<p>&nbsp; Solicita\u00e7\u00f5es de aproveitamento de disciplinas podem ser feitas diretamente no NAE &#8211; N\u00facleo de Atendimento ao Estudante, no seu posto no Pavilh\u00e3o Raul Seixas (FFCH). O solicitante deve abrir processo para esse fim, especificando c\u00f3digo(s) e t\u00edtulo(s) da(s) disciplina(s) &hellip; <a href=\"https:\/\/blog.ufba.br\/posfilosofia\/tutoriais\/tutorial-aproveitamento-de-disciplinas\/\">Continue lendo <span class=\"meta-nav\">&rarr;<\/span><\/a><\/p>\n","protected":false},"author":1,"featured_media":0,"parent":55,"menu_order":9,"comment_status":"closed","ping_status":"open","template":"","meta":{"_coblocks_attr":"","_coblocks_dimensions":"","_coblocks_responsive_height":"","_coblocks_accordion_ie_support":"","_themeisle_gutenberg_block_has_review":false,"footnotes":""},"class_list":["post-508","page","type-page","status-publish","hentry"],"_links":{"self":[{"href":"https:\/\/blog.ufba.br\/posfilosofia\/wp-json\/wp\/v2\/pages\/508"}],"collection":[{"href":"https:\/\/blog.ufba.br\/posfilosofia\/wp-json\/wp\/v2\/pages"}],"about":[{"href":"https:\/\/blog.ufba.br\/posfilosofia\/wp-json\/wp\/v2\/types\/page"}],"author":[{"embeddable":true,"href":"https:\/\/blog.ufba.br\/posfilosofia\/wp-json\/wp\/v2\/users\/1"}],"replies":[{"embeddable":true,"href":"https:\/\/blog.ufba.br\/posfilosofia\/wp-json\/wp\/v2\/comments?post=508"}],"version-history":[{"count":0,"href":"https:\/\/blog.ufba.br\/posfilosofia\/wp-json\/wp\/v2\/pages\/508\/revisions"}],"up":[{"embeddable":true,"href":"https:\/\/blog.ufba.br\/posfilosofia\/wp-json\/wp\/v2\/pages\/55"}],"wp:attachment":[{"href":"https:\/\/blog.ufba.br\/posfilosofia\/wp-json\/wp\/v2\/media?parent=508"}],"curies":[{"name":"wp","href":"https:\/\/api.w.org\/{rel}","templated":true}]}}