{"id":2180,"date":"2022-02-17T00:00:00","date_gmt":"2022-02-17T03:00:00","guid":{"rendered":"http:\/\/blog.ufba.br\/portaldoradio\/?page_id=2180"},"modified":"2022-02-17T00:00:00","modified_gmt":"2022-02-17T03:00:00","slug":"congresso-da-intercom-2016","status":"publish","type":"page","link":"https:\/\/blog.ufba.br\/portaldoradio\/projetos\/congresso-da-intercom-2016\/","title":{"rendered":"Congresso da Intercom 2016 &#8211; homenagem aos ex-coordenadores"},"content":{"rendered":"<p><a href=\"http:\/\/blog.ufba.br\/portaldoradio\/files\/2017\/09\/coords.jpg\"><img loading=\"lazy\" decoding=\"async\" class=\"aligncenter size-medium wp-image-2197\" src=\"http:\/\/blog.ufba.br\/portaldoradio\/files\/2017\/09\/coords-300x300.jpg\" alt=\"homenagem coords\" width=\"300\" height=\"300\" \/><\/a><\/p>\n<p>&nbsp;<\/p>\n<p><span style=\"font-weight: normal;color: #1d2129\">Ou\u00e7a:\u00a0<\/span><a style=\"font-weight: normal;color: #365899\" href=\"https:\/\/soundcloud.com\/user-487224251\/depoimento-da-profa-valci-zuculoto\" target=\"_blank\" rel=\"noopener nofollow\">https:\/\/soundcloud.com\/user-487224251\/depoimento-da-profa-valci-zuculoto<\/a><br style=\"font-weight: normal;color: #1d2129\" \/><br style=\"font-weight: normal;color: #1d2129\" \/><span style=\"font-weight: normal;color: #1d2129\">Produ\u00e7\u00e3o<\/span><br style=\"font-weight: normal;color: #1d2129\" \/><span style=\"font-weight: normal;color: #1d2129\">Informa\u00e7\u00f5es: J\u00falia Dariva<\/span><span style=\"font-weight: normal;color: #1d2129\">, bolsista do Museu do R\u00e1dio e da R\u00e1dio Ponto UFSC\u00a0<\/span><br style=\"font-weight: normal;color: #1d2129\" \/><span style=\"font-weight: normal;color: #1d2129\">Grava\u00e7\u00e3o dos \u00c1udios: Izani Mustaf\u00e1<\/span><\/p>\n","protected":false},"excerpt":{"rendered":"<p>&nbsp; Ou\u00e7a:\u00a0https:\/\/soundcloud.com\/user-487224251\/depoimento-da-profa-valci-zuculotoProdu\u00e7\u00e3oInforma\u00e7\u00f5es: J\u00falia Dariva, bolsista do Museu do R\u00e1dio e da R\u00e1dio Ponto UFSC\u00a0Grava\u00e7\u00e3o dos \u00c1udios: Izani Mustaf\u00e1<\/p>\n","protected":false},"author":1,"featured_media":0,"parent":259,"menu_order":9,"comment_status":"closed","ping_status":"closed","template":"","meta":{"_coblocks_attr":"","_coblocks_dimensions":"","_coblocks_responsive_height":"","_coblocks_accordion_ie_support":"","_themeisle_gutenberg_block_has_review":false,"footnotes":""},"class_list":["post-2180","page","type-page","status-publish","hentry"],"_links":{"self":[{"href":"https:\/\/blog.ufba.br\/portaldoradio\/wp-json\/wp\/v2\/pages\/2180"}],"collection":[{"href":"https:\/\/blog.ufba.br\/portaldoradio\/wp-json\/wp\/v2\/pages"}],"about":[{"href":"https:\/\/blog.ufba.br\/portaldoradio\/wp-json\/wp\/v2\/types\/page"}],"author":[{"embeddable":true,"href":"https:\/\/blog.ufba.br\/portaldoradio\/wp-json\/wp\/v2\/users\/1"}],"replies":[{"embeddable":true,"href":"https:\/\/blog.ufba.br\/portaldoradio\/wp-json\/wp\/v2\/comments?post=2180"}],"version-history":[{"count":0,"href":"https:\/\/blog.ufba.br\/portaldoradio\/wp-json\/wp\/v2\/pages\/2180\/revisions"}],"up":[{"embeddable":true,"href":"https:\/\/blog.ufba.br\/portaldoradio\/wp-json\/wp\/v2\/pages\/259"}],"wp:attachment":[{"href":"https:\/\/blog.ufba.br\/portaldoradio\/wp-json\/wp\/v2\/media?parent=2180"}],"curies":[{"name":"wp","href":"https:\/\/api.w.org\/{rel}","templated":true}]}}