{"id":87,"date":"2010-01-15T05:08:01","date_gmt":"2010-01-15T08:08:01","guid":{"rendered":"http:\/\/blog.ufba.br\/nlpretto\/?page_id=87"},"modified":"2010-01-15T05:08:01","modified_gmt":"2010-01-15T08:08:01","slug":"historico-da-minha-web","status":"publish","type":"page","link":"https:\/\/blog.ufba.br\/nelsonpretto\/historico-da-minha-web\/","title":{"rendered":"Hist\u00f3rico da minha web"},"content":{"rendered":"<p style=\"text-align: left\">Desde o ano de 1996 eu j\u00e1 possu\u00eda uma primitiva &#8211; como era a pr\u00f3pria Internet (que ainda era escrita com I mai\u00fasculo!) &#8211; na rede. Usava o servidor do CPD da UFBA no endere\u00e7o <a href=\"www.ufba.br\/~pretto \" target=\"_blank\" rel=\"noopener\">www.ufba.br\/~pretto <\/a>(esse link ainda funciona para a \u00faltima p\u00e1gina de 02\/07\/2005, quando migrei tudo para o <a href=\"http:\/\/www.twiki.org\" target=\"_blank\" rel=\"noopener\">Twiki<\/a>, rec\u00e9m instalado na UFBA.<\/p>\n<p>Imagem do registro no Archive.Org do site<\/p>\n<p><img decoding=\"async\" class=\"aligncenter size-full wp-image-86\" title=\"pretto_web1998_pq\" src=\"http:\/\/blog.ufba.br\/nlpretto\/files\/2010\/01\/pretto_web1998_pq.png\" alt=\"pretto_web1998_pq\" width=\"320\" height=\"136\" srcset=\"https:\/\/blog.ufba.br\/nelsonpretto\/wp-content\/uploads\/sites\/106\/2010\/01\/pretto_web1998_pq.png 320w, https:\/\/blog.ufba.br\/nelsonpretto\/wp-content\/uploads\/sites\/106\/2010\/01\/pretto_web1998_pq-300x128.png 300w\" sizes=\"(max-width: 320px) 100vw, 320px\" \/>Naquela \u00e9poca, as dificuldade de manter os sites na web era muito grande pois tudo era feito em html e transferido via ftp. Era um trabalh\u00e3o danado&#8230;<\/p>\n<p>Mas, o que mostrava que um site estava de fato vivo na web era a sua atualiza\u00e7\u00e3o. Assim, comecei a inventar por abaixo do site as chamadas \u00faltimas atualiza\u00e7\u00f5es, parta dar uma ideia ao visitante que aqui tinha vida.<\/p>\n<p>Veja algumas imagens das p\u00e1ginas de de 1997 e 2005 &#8211; quando migrei para o twiki &#8211; e uma de 1997 da Faculdade de Educa\u00e7\u00e3o, quando iniciamos tamb\u00e9m a p\u00e1gina institucional. Essas p\u00e1ginas foram localizadas no <a href=\"http:\/\/web.archive.org\/web\/20010404075231\/www.ufba.br\/~pretto\/\" target=\"_blank\" rel=\"noopener\">Archive.org<\/a>.<\/p>\n<p><a href=\"http:\/\/blog.ufba.br\/nlpretto\/files\/2010\/01\/tela_webpretto2001.png\"><img fetchpriority=\"high\" decoding=\"async\" class=\"size-full wp-image-86 aligncenter\" title=\"tela_webpretto2001\" src=\"http:\/\/blog.ufba.br\/nlpretto\/files\/2010\/01\/tela_webpretto2001-300x240.png\" alt=\"Topo da p\u00e1gina de 2001\" width=\"300\" height=\"240\" \/><\/a><\/p>\n<p>O grande problema das p\u00e1ginas web no in\u00edcio da internet &#8211; quando ainda se escrevia com i mai\u00fasculo! &#8211; era a atualiza\u00e7\u00e3o das p\u00e1ginas. Como era muito dif\u00edcil, o povo abria p\u00e1gina e&#8230; nunca mais postava alguma coisa nova. Isso valia para pessoas, mas tamb\u00e9m para institui\u00e7\u00f5es. Era tudo muito lento e dif\u00edcil. Para mostrar ao meu vistante que na minha p\u00e1gina sempre tinha noticia nova, eu coloca no p\u00e9 da p\u00e1gina a data da \u00faltima atualiza\u00e7\u00e3o e&#8230; n\u00e3o tirava as anteriores. Ficava uma tripinha l\u00e1 em baixo com as datas. Veja:<\/p>\n<p style=\"text-align: center\"><a href=\"http:\/\/blog.ufba.br\/nlpretto\/files\/2010\/01\/tela_ref_1997.png\"><img decoding=\"async\" class=\"size-medium wp-image-335 aligncenter\" title=\"tela_ref_1997\" src=\"http:\/\/blog.ufba.br\/nlpretto\/files\/2010\/01\/tela_ref_1997-300x240.png\" alt=\"Parte baixa da p\u00e1gina de 2001, com refer\u00eancia \u00e0 de 1997\" width=\"300\" height=\"240\" srcset=\"https:\/\/blog.ufba.br\/nelsonpretto\/wp-content\/uploads\/sites\/106\/2010\/01\/tela_ref_1997-300x240.png 300w, https:\/\/blog.ufba.br\/nelsonpretto\/wp-content\/uploads\/sites\/106\/2010\/01\/tela_ref_1997-1024x819.png 1024w, https:\/\/blog.ufba.br\/nelsonpretto\/wp-content\/uploads\/sites\/106\/2010\/01\/tela_ref_1997-768x614.png 768w, https:\/\/blog.ufba.br\/nelsonpretto\/wp-content\/uploads\/sites\/106\/2010\/01\/tela_ref_1997.png 1280w\" sizes=\"(max-width: 300px) 100vw, 300px\" \/><\/a><\/p>\n<p style=\"text-align: center\"><a href=\"http:\/\/blog.ufba.br\/nlpretto\/files\/2010\/01\/pretto_web_tela_antiga.png\"><img loading=\"lazy\" decoding=\"async\" class=\"size-full wp-image-326 aligncenter\" title=\"Web page de Pretto de 2005\" src=\"http:\/\/blog.ufba.br\/nlpretto\/files\/2010\/01\/pretto_web_tela_antiga.png\" alt=\"Web page de Pretto de 2005\" width=\"665\" height=\"531\" srcset=\"https:\/\/blog.ufba.br\/nelsonpretto\/wp-content\/uploads\/sites\/106\/2010\/01\/pretto_web_tela_antiga.png 1280w, https:\/\/blog.ufba.br\/nelsonpretto\/wp-content\/uploads\/sites\/106\/2010\/01\/pretto_web_tela_antiga-300x240.png 300w, https:\/\/blog.ufba.br\/nelsonpretto\/wp-content\/uploads\/sites\/106\/2010\/01\/pretto_web_tela_antiga-1024x819.png 1024w, https:\/\/blog.ufba.br\/nelsonpretto\/wp-content\/uploads\/sites\/106\/2010\/01\/pretto_web_tela_antiga-768x614.png 768w\" sizes=\"(max-width: 665px) 100vw, 665px\" \/><\/a><a href=\"http:\/\/blog.ufba.br\/nlpretto\/files\/2010\/01\/webpretto_3.png\"><img loading=\"lazy\" decoding=\"async\" class=\"aligncenter\" title=\"webpretto_3\" src=\"http:\/\/blog.ufba.br\/nlpretto\/files\/2010\/01\/webpretto_3.png\" alt=\"\" width=\"670\" height=\"534\" \/><\/a><\/p>\n<p>Abaixo a p\u00e1gina da Faculdade de Educa\u00e7\u00e3o do ano de 1997.<\/p>\n<p style=\"text-align: center\"><a href=\"http:\/\/blog.ufba.br\/nlpretto\/files\/2010\/01\/tela_faced97.png\"><img loading=\"lazy\" decoding=\"async\" class=\"size-medium wp-image-338 aligncenter\" title=\"tela_faced97\" src=\"http:\/\/blog.ufba.br\/nlpretto\/files\/2010\/01\/tela_faced97-300x240.png\" alt=\"Tela das primeiras p\u00e1ginas da FACED, em 1997\" width=\"300\" height=\"240\" srcset=\"https:\/\/blog.ufba.br\/nelsonpretto\/wp-content\/uploads\/sites\/106\/2010\/01\/tela_faced97-300x240.png 300w, https:\/\/blog.ufba.br\/nelsonpretto\/wp-content\/uploads\/sites\/106\/2010\/01\/tela_faced97-1024x819.png 1024w, https:\/\/blog.ufba.br\/nelsonpretto\/wp-content\/uploads\/sites\/106\/2010\/01\/tela_faced97-768x614.png 768w, https:\/\/blog.ufba.br\/nelsonpretto\/wp-content\/uploads\/sites\/106\/2010\/01\/tela_faced97.png 1280w\" sizes=\"(max-width: 300px) 100vw, 300px\" \/><\/a><\/p>\n<p>Nos primeiros momentos, a montagem da rede da Faculdade de Educa\u00e7\u00e3o foi realizada com a colabora\u00e7\u00e3o dos bolsistas de inicia\u00e7\u00e3o cient\u00edfica Ivo Carvalho Peixinho e Marcelo Paradela. Nossos pioneiros!\u00a0 Ainda acho as fotos do primeiro servidor&#8230; s\u00e3o c\u00f4micas!<\/p>\n<p>A nova p\u00e1gina, lan\u00e7ada em mar\u00e7o de 2010, teve a grande for\u00e7a de tr\u00eas especiais figuras: Elisangela Silva, <a href=\"http:\/\/btux.site90.net\" target=\"_blank\" rel=\"noopener\">Bruno Gonsalves<\/a> e Fernanda Pimenta. Colaboram tamb\u00e9m Luciana Oliveira e Daniel Pinheiro. Valeu galera!<\/p>\n<p>A inaugura\u00e7\u00e3o foi na \u00faltima semana de mar\u00e7o com um coquetel virtual, realmente virtual.<\/p>\n<p style=\"text-align: center\"><a href=\"http:\/\/blog.ufba.br\/nlpretto\/files\/2010\/03\/anime.gif\"><img loading=\"lazy\" decoding=\"async\" class=\"alignnone size-medium wp-image-995\" title=\"anime\" src=\"http:\/\/blog.ufba.br\/nlpretto\/files\/2010\/03\/anime-300x225.gif\" alt=\"\" width=\"300\" height=\"225\" \/><\/a><\/p>\n<p>Na \u00e9poca, n\u00e3o t\u00ednhamos a facilidade dos blogs, ent\u00e3o eu fazia na m\u00e3o grande mesmo os avisos e substitu\u00eda a primeira p\u00e1gina. Eras as <a href=\"https:\/\/blog.ufba.br\/nlpretto\/ultimas-novidades-arquivo\/\" target=\"_blank\" rel=\"noopener\">\u00faltimas novidades<\/a>.<\/p>\n","protected":false},"excerpt":{"rendered":"<p>Desde o ano de 1996 eu j\u00e1 possu\u00eda uma primitiva &#8211; como era a pr\u00f3pria Internet (que ainda era escrita com I mai\u00fasculo!) &#8211; na rede. Usava o servidor do CPD da UFBA no endere\u00e7o www.ufba.br\/~pretto (esse link ainda funciona para a \u00faltima p\u00e1gina de 02\/07\/2005, quando migrei tudo para o Twiki, rec\u00e9m instalado na UFBA. Imagem do registro no Archive.Org do site Naquela \u00e9poca, as dificuldade de manter os sites na web era muito grande pois tudo era feito em html e transferido via ftp. Era um trabalh\u00e3o danado&#8230; Mas, o que mostrava que um site estava de fato vivo na web era a sua atualiza\u00e7\u00e3o. Assim, comecei a inventar por abaixo do site as chamadas \u00faltimas atualiza\u00e7\u00f5es, parta dar uma ideia ao visitante que aqui tinha vida. Veja algumas imagens das p\u00e1ginas de de 1997 e 2005 &#8211; quando migrei para o twiki &#8211; e uma de 1997 da Faculdade de Educa\u00e7\u00e3o, quando iniciamos tamb\u00e9m a p\u00e1gina institucional. Essas p\u00e1ginas foram localizadas no Archive.org. O grande problema das p\u00e1ginas web no in\u00edcio da internet &#8211; quando ainda se escrevia com i mai\u00fasculo! &#8211; era a atualiza\u00e7\u00e3o das p\u00e1ginas. Como era muito dif\u00edcil, o povo abria p\u00e1gina e&#8230; nunca mais postava alguma coisa nova. Isso valia para pessoas, mas tamb\u00e9m para institui\u00e7\u00f5es. Era tudo muito lento e dif\u00edcil. Para mostrar ao meu vistante que na minha p\u00e1gina sempre tinha noticia nova, eu coloca no p\u00e9 da p\u00e1gina a data da \u00faltima atualiza\u00e7\u00e3o e&#8230; n\u00e3o tirava as anteriores. Ficava uma tripinha l\u00e1 em baixo com as datas. Veja: Abaixo a p\u00e1gina da Faculdade de Educa\u00e7\u00e3o do ano de 1997. Nos primeiros momentos, a montagem da rede da Faculdade de Educa\u00e7\u00e3o foi realizada com a colabora\u00e7\u00e3o dos bolsistas de inicia\u00e7\u00e3o cient\u00edfica Ivo Carvalho Peixinho e Marcelo Paradela. Nossos pioneiros!\u00a0 Ainda acho as fotos do primeiro servidor&#8230; s\u00e3o c\u00f4micas! A nova p\u00e1gina, lan\u00e7ada em mar\u00e7o de 2010, teve a grande for\u00e7a de tr\u00eas especiais figuras: Elisangela Silva, Bruno Gonsalves e Fernanda Pimenta. Colaboram tamb\u00e9m Luciana Oliveira e Daniel Pinheiro. Valeu galera! A inaugura\u00e7\u00e3o foi na \u00faltima semana de mar\u00e7o com um coquetel virtual, realmente virtual. Na \u00e9poca, n\u00e3o t\u00ednhamos a facilidade dos blogs, ent\u00e3o eu fazia na m\u00e3o grande mesmo os avisos e substitu\u00eda a primeira p\u00e1gina. Eras as \u00faltimas novidades.<\/p>\n","protected":false},"author":9,"featured_media":0,"parent":0,"menu_order":10,"comment_status":"closed","ping_status":"closed","template":"","meta":{"pgc_meta":"","_coblocks_attr":"","_coblocks_dimensions":"","_coblocks_responsive_height":"","_coblocks_accordion_ie_support":"","ocean_post_layout":"","ocean_both_sidebars_style":"","ocean_both_sidebars_content_width":0,"ocean_both_sidebars_sidebars_width":0,"ocean_sidebar":"","ocean_second_sidebar":"","ocean_disable_margins":"enable","ocean_add_body_class":"","ocean_shortcode_before_top_bar":"","ocean_shortcode_after_top_bar":"","ocean_shortcode_before_header":"","ocean_shortcode_after_header":"","ocean_has_shortcode":"","ocean_shortcode_after_title":"","ocean_shortcode_before_footer_widgets":"","ocean_shortcode_after_footer_widgets":"","ocean_shortcode_before_footer_bottom":"","ocean_shortcode_after_footer_bottom":"","ocean_display_top_bar":"default","ocean_display_header":"default","ocean_header_style":"","ocean_center_header_left_menu":"","ocean_custom_header_template":"","ocean_custom_logo":0,"ocean_custom_retina_logo":0,"ocean_custom_logo_max_width":0,"ocean_custom_logo_tablet_max_width":0,"ocean_custom_logo_mobile_max_width":0,"ocean_custom_logo_max_height":0,"ocean_custom_logo_tablet_max_height":0,"ocean_custom_logo_mobile_max_height":0,"ocean_header_custom_menu":"","ocean_menu_typo_font_family":"","ocean_menu_typo_font_subset":"","ocean_menu_typo_font_size":0,"ocean_menu_typo_font_size_tablet":0,"ocean_menu_typo_font_size_mobile":0,"ocean_menu_typo_font_size_unit":"px","ocean_menu_typo_font_weight":"","ocean_menu_typo_font_weight_tablet":"","ocean_menu_typo_font_weight_mobile":"","ocean_menu_typo_transform":"","ocean_menu_typo_transform_tablet":"","ocean_menu_typo_transform_mobile":"","ocean_menu_typo_line_height":0,"ocean_menu_typo_line_height_tablet":0,"ocean_menu_typo_line_height_mobile":0,"ocean_menu_typo_line_height_unit":"","ocean_menu_typo_spacing":0,"ocean_menu_typo_spacing_tablet":0,"ocean_menu_typo_spacing_mobile":0,"ocean_menu_typo_spacing_unit":"","ocean_menu_link_color":"","ocean_menu_link_color_hover":"","ocean_menu_link_color_active":"","ocean_menu_link_background":"","ocean_menu_link_hover_background":"","ocean_menu_link_active_background":"","ocean_menu_social_links_bg":"","ocean_menu_social_hover_links_bg":"","ocean_menu_social_links_color":"","ocean_menu_social_hover_links_color":"","ocean_disable_title":"default","ocean_disable_heading":"default","ocean_post_title":"","ocean_post_subheading":"","ocean_post_title_style":"","ocean_post_title_background_color":"","ocean_post_title_background":0,"ocean_post_title_bg_image_position":"","ocean_post_title_bg_image_attachment":"","ocean_post_title_bg_image_repeat":"","ocean_post_title_bg_image_size":"","ocean_post_title_height":0,"ocean_post_title_bg_overlay":0.5,"ocean_post_title_bg_overlay_color":"","ocean_disable_breadcrumbs":"default","ocean_breadcrumbs_color":"","ocean_breadcrumbs_separator_color":"","ocean_breadcrumbs_links_color":"","ocean_breadcrumbs_links_hover_color":"","ocean_display_footer_widgets":"default","ocean_display_footer_bottom":"default","ocean_custom_footer_template":"","_themeisle_gutenberg_block_has_review":false,"footnotes":""},"class_list":["post-87","page","type-page","status-publish","hentry","entry"],"pgc_meta":"","_links":{"self":[{"href":"https:\/\/blog.ufba.br\/nelsonpretto\/wp-json\/wp\/v2\/pages\/87"}],"collection":[{"href":"https:\/\/blog.ufba.br\/nelsonpretto\/wp-json\/wp\/v2\/pages"}],"about":[{"href":"https:\/\/blog.ufba.br\/nelsonpretto\/wp-json\/wp\/v2\/types\/page"}],"author":[{"embeddable":true,"href":"https:\/\/blog.ufba.br\/nelsonpretto\/wp-json\/wp\/v2\/users\/9"}],"replies":[{"embeddable":true,"href":"https:\/\/blog.ufba.br\/nelsonpretto\/wp-json\/wp\/v2\/comments?post=87"}],"version-history":[{"count":0,"href":"https:\/\/blog.ufba.br\/nelsonpretto\/wp-json\/wp\/v2\/pages\/87\/revisions"}],"wp:attachment":[{"href":"https:\/\/blog.ufba.br\/nelsonpretto\/wp-json\/wp\/v2\/media?parent=87"}],"curies":[{"name":"wp","href":"https:\/\/api.w.org\/{rel}","templated":true}]}}