{"id":719,"date":"2010-03-18T19:31:40","date_gmt":"2010-03-18T22:31:40","guid":{"rendered":"http:\/\/blog.ufba.br\/nlpretto\/?page_id=719"},"modified":"2010-03-18T19:31:40","modified_gmt":"2010-03-18T22:31:40","slug":"onde-esta-pretto-em-1997","status":"publish","type":"page","link":"https:\/\/blog.ufba.br\/nelsonpretto\/onde-esta-pretto\/onde-esta-pretto-em-1997\/","title":{"rendered":"Onde est\u00e1 Pretto em 1997?"},"content":{"rendered":"<table>\n<tbody>\n<tr>\n<td>\n<h1><a href=\"http:\/\/blog.ufba.br\/nlpretto\/files\/2010\/02\/onde_pretto.gif\"><img decoding=\"async\" class=\"alignleft size-full wp-image-225\" title=\"Onde est\u00e1 Pretto\" src=\"http:\/\/blog.ufba.br\/nlpretto\/files\/2010\/02\/onde_pretto.gif\" alt=\"\" width=\"219\" height=\"165\" \/><\/a><\/h1>\n<\/td>\n<\/tr>\n<\/tbody>\n<\/table>\n<h3>Janeiro<\/h3>\n<ul>\n<li>24 = Nova Friburgo &#8211; RJ = 1\u00b0 Encontro Nacional dos Trabalhadores em Educa\u00e7\u00e3o do 1\u00b0 e 2\u00b0 graus. Palestra de abertura. Tema: <strong>Globaliza\u00e7\u00e3o &#8211; Novas Tecnologias e Educa\u00e7\u00e3o<\/strong>. Nova Friburgo\/RJ. Contato Prof. <a href=\"mailto:robertca@svn.com.br\">Roberto Carlos O. Santos<\/a><\/li>\n<\/ul>\n<h3>Fevereiro<\/h3>\n<ul>\n<li>19 = Salvador\/BA = Palestra: <strong>Desafios da educa\u00e7\u00e3o para o s\u00e9culo XXI<\/strong>, Col\u00e9gio S\u00e3o Paulo.<\/li>\n<li>19 = Rio de Janeiro\/RJ = TVE\/Funda\u00e7\u00e3o Roquete Pinto. Programa <strong>Um Santo para o Futuro<\/strong>. Rede Nacional de TVEs Educativas e TV Escola. Tema: Uso da TV Escola, junatmente com Maria helena Silveira\/UFRJ.<\/li>\n<li>26 = Salvador\/BA = Palestra <strong>Os computadores est\u00e3o chegando: e da\u00ed?<\/strong> Escola Doril\u00e2ndia.<\/li>\n<\/ul>\n<h3>Mar\u00e7o<\/h3>\n<ul>\n<li>03 = Natal\/RN = Diserta\u00e7\u00e3o de Mestrado de Gustavo de Catsro e Silva (O Cotidiano na Comunica\u00e7\u00e3o: teoria da comunica\u00e7\u00e3o na experi\u00eancia da TV Alerta) com os professores Arnon Mascarenhas (orientador) e<\/li>\n<li>03 a 06 = Fortaleza\/CE = Reuni\u00e3o Internacional sobre o Programa Alfa. representante do P<a href=\"http:\/\/www.faced.ufba.br\/%7Epgedu\">rograma de P\u00f3s Gradua\u00e7\u00e3o em Educa\u00e7\u00e3o<\/a> da UFBA.<\/li>\n<\/ul>\n<h3>Abril<\/h3>\n<ul>\n<li>15 = Salvador\/BA = Reuni\u00e3o da Comiss\u00e3o de An\u00e1lise de Progress\u00e3o da Profa. <a href=\"mailto:cmartins@ufba.br\">Maria Cristina Martins<\/a>. Instituto de F\u00edsica\/UFBA&gt;<\/li>\n<\/ul>\n<h3>Maio<\/h3>\n<ul>\n<li>7 a 10 = S\u00e3o Paulo\/SP = Participante da Mesa Redonda <strong>Telem\u00e1tica e Educa\u00e7\u00e3o<\/strong>. Congresso Internacional de Educa\u00e7\u00e3o<a href=\"http:\/\/www.promofair.com.br\/\"> Educador\u201997<\/a>. Outros partipantes da mesa: <a href=\"mailto:marcelo@iqm.unicamp.br\">Marcelo Giordan<\/a>\/USP e <a href=\"mailto:llazarte@Ipe.mat.unb.br\">Leonardo Lazarte<\/a>\/UnB. S\u00e3o Paulo, 05\/05\/97..<\/li>\n<li>12 = Salvador\/BA = Apresenta\u00e7\u00e3o p\u00fablica da disserta\u00e7\u00e3o de <a href=\"mailto:arnaud@ufba.br\">Aranud Soares<\/a>. Banca: Nelson Pretto (orientador), <a href=\"mailto:reitor@ufba.br\">Luis Felippe Perret Serpa<\/a>\/UFBA e <a href=\"mailto:aparente@acd.ufrj.br\">Andre Parente<\/a>\/UFRJ.<\/li>\n<li>15 = Goiania\/GO = Palestra da <a href=\"http:\/\/www.ufg.br\/\">Faculdade de educa\u00e7\u00e3o<\/a>\/UFG.<\/li>\n<li>16 = Goiania\/GO = Palestras na Universidade Cat\u00f3lica de Goias. Tema: Multimedia e Educa\u00e7\u00e3o. Coordena\u00e7\u00e3o: Prof. Pedro Andre<\/li>\n<li>16 = Goiania\/GO &#8211; Consultoria ao grupo que est\u00e1 implantando o projeto de informatiza\u00e7\u00e3o da UCG.<\/li>\n<li>22 = Santo Antonio de Jesus\/BA = UNEB\/Faculdade de Forma\u00e7\u00e3o de Professores. Palestra <strong>Educa\u00e7\u00e3o e Novas tecnologias<\/strong><\/li>\n<li>22 = Integrante da Comiss\u00e3o de An\u00e1lise da progressao da Professora Maria In\u00eas da Silva de Souza Carvalho\/UNEB.<\/li>\n<li>23 = Salvador\/BA = Reuni\u00e3o do <a href=\"http:\/\/www.uefs.br\/pine\">PINE\/BA<\/a>. Universidade Cat\u00f3lica de Salvador.<\/li>\n<li>26 = Salvador\/BA &#8211; Alambique Cacha\u00e7aria: <a href=\"\/Meus%20documentos\/Minhas%20Webs\/minhaweb\/segunda.gif\"><strong>Segunda Cultural<\/strong><\/a> <a href=\"http:\/\/www.e-net.com.br\/alambique\"><img decoding=\"async\" src=\"http:\/\/www2.ufba.br\/%7Epretto\/images\/alamb.gif\" border=\"0\" alt=\"\" width=\"54\" height=\"40\" \/><\/a>Nelson Pretto entrevista o <a href=\"http:\/\/www.facom.ufba.br\/alemos\">Andre Lemos<\/a>\/UFBA e Marcos Vinicius\/<a href=\"http:\/\/www.atarde.com.br\/\">A Tarde<\/a> sobre Internet<\/li>\n<\/ul>\n<h3>Junho<\/h3>\n<ul>\n<li>5 = Salvador\/Bahia = <a href=\"http:\/\/www.facom.ufba.br\/\">Faculdade de Comunica\u00e7\u00e3o<\/a> da UFBA. Participa\u00e7\u00e3o na Banca de Mestrado de Jorge Alberto (<strong>Fotografia na era digital<\/strong>) juntamente com Renato da Silveira (FACOM\/UFBA) e S\u00e9rgio Matos (FACOM\/UFBA) &#8211; orientador<\/li>\n<li>14 a 19 = Calgary\/Canad\u00e1 = Conference <a href=\"http:\/\/http\/\/aace.virginia.edu\/aace\/conf\/edmedia\/home.html\">AACE \/ ED-MEDIA&#8217;97<\/a>. Apresenta\u00e7\u00e3o de trabalho: <a href=\"\/Meus%20documentos\/Minhas%20Webs\/minhaweb\/aace\/pretto1.htm\">Reduncing Distances for Face-to-Face Education<\/a>. Promo\u00e7\u00e3o <a href=\"http:\/\/curry.edschool.virginia.edu\/aace\/\">AACE<\/a> e Universidade de Calgary.<\/li>\n<li>26 &#8211; San Francisco\/CA = Encontro com a <a href=\"mailto:stowers@sfsu.edu\">Profa. Geni Stwoers <\/a>da <a href=\"http:\/\/www.sfsu.edu\/\">San Francisco State University<\/a><\/li>\n<li>28 = New York City\/NY = Citty Colege<\/li>\n<\/ul>\n<h3>Julho<\/h3>\n<ul>\n<li>04 = Salvador\/BA = Reuni\u00e3o do <a href=\"http:\/\/www.uefs.br\/pine\">PINE\/BA<\/a>. Universidade Cat\u00f3lica de Salvador.<\/li>\n<li>04 = Salvador\/Ba = <a href=\"http:\/\/www.facom.ufba.br\/\">Faculdade de Comunica\u00e7\u00e3o<\/a> da UFBA. Particpa\u00e7\u00e3o na banca de conclus\u00e3o de curso de <a href=\"mailto:leao@ufba.br\">Leonardo Le\u00e3o<\/a>.Tema: Hell is Here. O Heavy Metal na Bahia. Juntamente com renato da Silveira (FACOM\/UFBA) e Jeder Silveira (FACOM\/UFBA) &#8211; orientador<\/li>\n<li>07 = Salvador\/BA = <a href=\"http:\/\/www.faced.ufba.br\/\">Faculdade de Educa\u00e7\u00e3o<\/a> da UFBA. Palestra: <span style=\"color: #008000\"><strong>Conversa de Viajantes <\/strong><\/span><span style=\"color: #000000\">juntamente com <a href=\"mailto:claudiag@ufba.br\">Cl\u00e1udia Gama<\/a> do DCC\/UFBA.<\/span><\/li>\n<li><span style=\"color: #000000\">17 a 22 &#8211; Boston = Media Lab\/MIT = encontro da <a href=\"http:\/\/www.2b1.org\/\">Organiza\u00e7\u00e3o 2b1<\/a><\/span><\/li>\n<\/ul>\n<h3>Agosto<\/h3>\n<ul>\n<li>01 a 9 = Salvador\/BA &#8211; Faculdade de Educa\u00e7\u00e3o = Curso de Especializa\u00e7\u00e3o em Educa\u00e7\u00e3o de Adultos e Treinamento. Disciolina: Novas Tecnologias e Educa\u00e7\u00e3o, em conmjunto com <a href=\"mailto:mramos@svn.com.br\">Menandro Ramos<\/a>.<\/li>\n<li>07 e 08 = Salvador\/BA &#8211; Palestra no Col\u00e9gio Estadual Thales de Azevedo.<\/li>\n<li>12 a 15 = Iju\u00ed\/RS = <a href=\"http:\/\/www.faced.ufba.br\/%20%7Epretto\/cursos\">Curso de Especializa\u00e7\u00e3o sobre Educa\u00e7\u00e3o e Comunica\u00e7\u00e3o<\/a>.<\/li>\n<li>20 = Salvador\/BA = <a href=\"http:\/\/www.faced.ufba.br\/%7Eedcom\/eventos\/games.htm\">Primeiro eles. Conversando com crian\u00e7as e jovens<\/a><\/li>\n<li>22 = Salvador\/BA = Reuni\u00e3o do Protocolo de Integra\u00e7\u00e3o das Universidades Baianas &#8211; <a href=\"http:\/\/ww.uefs.br\/pine\">PINE<\/a><\/li>\n<li>27 = Salvador\/BA = Debatedor da palestra de <a href=\"http:\/\/www.facom.ufba.br\/alemos\">Andr\u00e9 Lemos<\/a> sobre <strong>Cibercutlura: cultura e tecnologia no fim do mil\u00eanio<\/strong>. ICBA.<\/li>\n<li>29 e 29 = Goiania\/GO = reuni\u00f5es com a Faculdade de Educa\u00e7\u00e3o da UFG, projeto PROIN. Coordena\u00e7\u00e3o da <a href=\"mailto:mariliag@netline.com.br\">Profa. Mar\u00edlia Gouveia<\/a><\/li>\n<li>30 = Goiania\/GO = Escola T\u00e9cnica Federal de Goias. Palestra sobre Novas Tecnologias e Educa\u00e7\u00e3o. Curso de Especializa\u00e7\u00e3o em Inform\u00e1tica Educativa.<\/li>\n<\/ul>\n<h3>Setembro<\/h3>\n<ul>\n<li>01 a 03 = Salvador\/BA = UFBA. Semin\u00e1rio Estudantil de Pesquisa\/PIBIC.<\/li>\n<li>09 = Salvador\/BA = Palestra do <a href=\"mailto:filaho@ufba.br\">EDUCANDO\/97<\/a>.Tema Tecnologia e Apendizagem<\/li>\n<li>12 = Natal\/RN = UFRN\/Curso de P\u00f3s-Gradua\u00e7\u00e3o em Educa\u00e7\u00e3o. Participa\u00e7\u00e3o na banca de disserta\u00e7\u00e3o de mestrado de\u00a0 Maria das Gra\u00e7as Pinto Coelho (<strong>Educa\u00e7\u00e3o e Cultura da Informa\u00e7\u00e3o: a sacraliza\u00e7\u00e3o do refugo<\/strong>&#8220;). Orientador Arnon Andrade\/UFRN.<\/li>\n<li>13 e 14 = aaahhhhhh!!!! Praia da Pipa\/RN&#8230; va l\u00e1!<\/li>\n<li>21 a 26 = Caxambu\/MG = ANPED. Apresenta\u00e7\u00e3o de Trabalho <a href=\"http:\/\/www2.ufba.br\/%7Epretto\/textos\/anped97.htm\">Redes, Conex\u00f5es e Pol\u00edticas Educacionais<\/a> no <a href=\"http:\/\/www.faced.ufba.br\/anped\/\">GT Educa\u00e7\u00e3o &amp; Comunica\u00e7\u00e3o<\/a><\/li>\n<\/ul>\n<h3>Outubro<\/h3>\n<ul>\n<li>02 = Salvador\/BA = UFBA\/PAF. Palestra <strong>A educa\u00e7\u00e3o no novo mil\u00eanio: desafios para a arquitetura<\/strong>. Juntamente com a Profa. Naia Alban (FA\/UFBA). Lan\u00e7amento do concurso para projetos de m\u00f3veis escolares veja!. Promo\u00e7\u00e3o Faculdade de Arquiteura e Liceu de Artes e Of\u00edcios. <a href=\"http:\/\/www2.ufba.br\/%7Epretto\/images\/liceufoto.htm\"><img decoding=\"async\" src=\"http:\/\/www2.ufba.br\/%7Epretto\/images\/veja.gif\" alt=\"clique aqui e  veja uma foro do evento!\" width=\"38\" height=\"26\" \/><\/a><\/li>\n<li>06 = Salvador\/BA = In\u00edcio do Curso de Extens\u00e3o <a href=\"http:\/\/www.faced.ufba.br\/%7Eenergia\">Energia no Cotidiano<\/a>. Palestra Novas Tecnologias da Informa\u00e7\u00e3o e o ensino das ci\u00eancias. Parte I dias 6, 7 e 10. <strong>CURSO CANCELADO POIS A CAPES N\u00c3O LIBEROU O RECURSO AT\u00c9 O MOMENTO<\/strong><\/li>\n<li>09 = Salvador\/BA = Coordenador da Mesa Redonda\u00a0 Os Projetos e as Experi\u00eancias das Universidades Estaduais Baianas em Inform\u00e1tica Educativa e suas articula\u00e7\u00f5es com as pol\u00edticas p\u00fablicas. <strong>I Semana Baiana de Teleinform\u00e1tica na Educa\u00e7\u00e3o<\/strong>. Promo\u00e7\u00e3o Faculdade de Educa\u00e7\u00e3o da UNEB.<\/li>\n<li>15 = Rio de Janeiro\/RJ = II COINFE.<\/li>\n<li>16 e 17 = Ilh\u00e9us\/BA = Reuni\u00e3o do N\u00facleo Educa\u00e7\u00e3o &amp; Comunica\u00e7\u00e3o na UESC.Palestras para professores e professoras da rede p\u00fablica do sul da Bahia. UESC. Mini-curso Educa\u00e7\u00e3o e Novas Tecnologias (8 horas)<\/li>\n<li>20 a 23 = Salvador\/BA = UCSal. Curso de Especializa\u00e7\u00e3o Aplica\u00e7\u00f5es Pedag\u00f3gicas dos Computadores. M\u00f3dulo <a href=\"http:\/\/www2.ufba.br\/%7Epretto\/Cursos\/espec_ucsal\/info_ucsal.htm\"><strong>Novas Tecnologias da Comunica\u00e7\u00e3o e Educa\u00e7\u00e3o<\/strong><\/a><\/li>\n<li>21 a 24 = Salvador\/BA. <a href=\"http:\/\/www.faced.ufba.br\/%7Eedcom\/eventos\/verciencia\/vercinci.htm\">Mostra Ver Ci\u00eancia<\/a><\/li>\n<li>24 = Salvador\/BA. Coordena\u00e7\u00e3o da Mesa Redonda <a href=\"http:\/\/www.faced.ufba.br\/%7Eedcom\/eventos\/verciencia\/vercinci.htm#programaufba\">Ci\u00eancia, Midia e Educa\u00e7\u00e3o: ver ci\u00eancia?<\/a><\/li>\n<li>29 a 7\/11 = Feira de Santana\/BA. Curso de Especializa\u00e7\u00e3o em Inform\u00e1tica Educativa. M\u00f3dulo <a href=\"http:\/\/www2.ufba.br\/%7Epretto\/Cursos\/espec_uefs\/info_uefs.htm\"><strong>Novas Tecnologias da Comunica\u00e7\u00e3o e Educa\u00e7\u00e3o<\/strong><\/a><\/li>\n<\/ul>\n<h3>Novembro<\/h3>\n<ul>\n<li>03 e 7 = Salvador\/BA = Parte II do Curso de Extens\u00e3o <a href=\"http:\/\/www.faced.ufba.br\/%7Eenergia\">Energia no Cotidiano<\/a>. <strong>CURSO CANCELADO POIS A CAPES N\u00c3O LIBEROU O RECURSO AT\u00c9 O MOMENTO<\/strong><\/li>\n<\/ul>\n<ul>\n<li>17 e 18 = Rio\/RJ = F\u00f3rum de Ci\u00eancia e Cultura. <strong>Semin\u00e1rio Imagem e Educa\u00e7\u00e3o. Transferido para mar\u00e7o de 1998.<\/strong><\/li>\n<li>21 = Rio\/RJ.\u00a0 <a href=\"http:\/\/www.sectec.rj.gov.br\/cecierj\/\">II Congresso e Feira Estadual de Inform\u00e1tica Educativa<\/a> (II\u00b0 COINFE).as 14:30 horas Audit\u00f3rio 11. Confer\u00eancia <span style=\"color: #ff8040\"><strong><big><big>Educa\u00e7\u00e3o e Inform\u00e1tica<\/big><\/big><\/strong><\/span><\/li>\n<\/ul>\n<h3>Dezembro<\/h3>\n<ul>\n<li>01 e 03 = Salvador\/BA = Curso de Extens\u00e3o <a href=\"http:\/\/www.faced.ufba.br\/%7Eenergia\">Energia no Cotidiano<\/a>. Parte III. <strong>CURSO CANCELADO POIS A CAPES N\u00c3O LIBEROU O RECURSO AT\u00c9 O MOMENTO<\/strong>.<\/li>\n<li>02 = Recife\/PE\u00a0 = Workshop sobre Telem\u00e1tica e Educa\u00e7\u00e3o<\/li>\n<li>05 = IJUI\/RS = Participa\u00e7\u00e3o na banca de defesa da Disserta\u00e7\u00e3o <strong>(Des) Mitificando os computadores<\/strong>, de Tania Hetkoski (UNIOESC\/Joa\u00e7aba). Oirentador Prof. M\u00e1rio Os\u00f3rio. Particpa da banca o Professor Bonetti da UNIJUI.<\/li>\n<li>09 = Salvador\/BA = Particpa\u00e7\u00e3o na Banca de Mestrado de Maria Emilia Sardelich. UFBA\/FACED. Oruentador: Dr. Hermes Teixeira de Melo (UFBA). Participa da Banca Dra. Alda \u00a0 Jeses de Oliveira (UFBA\/Escola de M\u00fasica<\/li>\n<li>10 = Salvador.\/BA. \u00daltima aula do semestre 97.2.<\/li>\n<\/ul>\n<p><span style=\"font-family: Art;color: #ff0000\"><big>ufa!!!<br \/>\n\u00ea\u00ea\u00eattaaaa aninho dif\u00ed\u00ed\u00ed\u00edcil&#8230; <\/big><\/span><\/p>\n<p>no pr\u00f3ximo semestre estarei de licen\u00e7a premio.Mesmo assim&#8230;. <a href=\"http:\/\/www2.ufba.br\/%7Epretto\/onde98.htm\">veja por onde estarei<\/a><\/p>\n<p>aaahhhhhhh! acho que assim vou conseguir <a href=\"http:\/\/www2.ufba.br\/%7Epretto\/images\/tesepraia.htm\">trabalhar mais tranquilo<\/a>!!!<\/p>\n","protected":false},"excerpt":{"rendered":"<p>Janeiro 24 = Nova Friburgo &#8211; RJ = 1\u00b0 Encontro Nacional dos Trabalhadores em Educa\u00e7\u00e3o do 1\u00b0 e 2\u00b0 graus. Palestra de abertura. Tema: Globaliza\u00e7\u00e3o &#8211; Novas Tecnologias e Educa\u00e7\u00e3o. Nova Friburgo\/RJ. Contato Prof. Roberto Carlos O. Santos Fevereiro 19 = Salvador\/BA = Palestra: Desafios da educa\u00e7\u00e3o para o s\u00e9culo XXI, Col\u00e9gio S\u00e3o Paulo. 19 = Rio de Janeiro\/RJ = TVE\/Funda\u00e7\u00e3o Roquete Pinto. Programa Um Santo para o Futuro. Rede Nacional de TVEs Educativas e TV Escola. Tema: Uso da TV Escola, junatmente com Maria helena Silveira\/UFRJ. 26 = Salvador\/BA = Palestra Os computadores est\u00e3o chegando: e da\u00ed? Escola Doril\u00e2ndia. Mar\u00e7o 03 = Natal\/RN = Diserta\u00e7\u00e3o de Mestrado de Gustavo de Catsro e Silva (O Cotidiano na Comunica\u00e7\u00e3o: teoria da comunica\u00e7\u00e3o na experi\u00eancia da TV Alerta) com os professores Arnon Mascarenhas (orientador) e 03 a 06 = Fortaleza\/CE = Reuni\u00e3o Internacional sobre o Programa Alfa. representante do Programa de P\u00f3s Gradua\u00e7\u00e3o em Educa\u00e7\u00e3o da UFBA. Abril 15 = Salvador\/BA = Reuni\u00e3o da Comiss\u00e3o de An\u00e1lise de Progress\u00e3o da Profa. Maria Cristina Martins. Instituto de F\u00edsica\/UFBA&gt; Maio 7 a 10 = S\u00e3o Paulo\/SP = Participante da Mesa Redonda Telem\u00e1tica e Educa\u00e7\u00e3o. Congresso Internacional de Educa\u00e7\u00e3o Educador\u201997. Outros partipantes da mesa: Marcelo Giordan\/USP e Leonardo Lazarte\/UnB. S\u00e3o Paulo, 05\/05\/97.. 12 = Salvador\/BA = Apresenta\u00e7\u00e3o p\u00fablica da disserta\u00e7\u00e3o de Aranud Soares. Banca: Nelson Pretto (orientador), Luis Felippe Perret Serpa\/UFBA e Andre Parente\/UFRJ. 15 = Goiania\/GO = Palestra da Faculdade de educa\u00e7\u00e3o\/UFG. 16 = Goiania\/GO = Palestras na Universidade Cat\u00f3lica de Goias. Tema: Multimedia e Educa\u00e7\u00e3o. Coordena\u00e7\u00e3o: Prof. Pedro Andre 16 = Goiania\/GO &#8211; Consultoria ao grupo que est\u00e1 implantando o projeto de informatiza\u00e7\u00e3o da UCG. 22 = Santo Antonio de Jesus\/BA = UNEB\/Faculdade de Forma\u00e7\u00e3o de Professores. Palestra Educa\u00e7\u00e3o e Novas tecnologias 22 = Integrante da Comiss\u00e3o de An\u00e1lise da progressao da Professora Maria In\u00eas da Silva de Souza Carvalho\/UNEB. 23 = Salvador\/BA = Reuni\u00e3o do PINE\/BA. Universidade Cat\u00f3lica de Salvador. 26 = Salvador\/BA &#8211; Alambique Cacha\u00e7aria: Segunda Cultural Nelson Pretto entrevista o Andre Lemos\/UFBA e Marcos Vinicius\/A Tarde sobre Internet Junho 5 = Salvador\/Bahia = Faculdade de Comunica\u00e7\u00e3o da UFBA. Participa\u00e7\u00e3o na Banca de Mestrado de Jorge Alberto (Fotografia na era digital) juntamente com Renato da Silveira (FACOM\/UFBA) e S\u00e9rgio Matos (FACOM\/UFBA) &#8211; orientador 14 a 19 = Calgary\/Canad\u00e1 = Conference AACE \/ ED-MEDIA&#8217;97. Apresenta\u00e7\u00e3o de trabalho: Reduncing Distances for Face-to-Face Education. Promo\u00e7\u00e3o AACE e Universidade de Calgary. 26 &#8211; San Francisco\/CA = Encontro com a Profa. Geni Stwoers da San Francisco State University 28 = New York City\/NY = Citty Colege Julho 04 = Salvador\/BA = Reuni\u00e3o do PINE\/BA. Universidade Cat\u00f3lica de Salvador. 04 = Salvador\/Ba = Faculdade de Comunica\u00e7\u00e3o da UFBA. Particpa\u00e7\u00e3o na banca de conclus\u00e3o de curso de Leonardo Le\u00e3o.Tema: Hell is Here. O Heavy Metal na Bahia. Juntamente com renato da Silveira (FACOM\/UFBA) e Jeder Silveira (FACOM\/UFBA) &#8211; orientador 07 = Salvador\/BA = Faculdade de Educa\u00e7\u00e3o da UFBA. Palestra: Conversa de Viajantes juntamente com Cl\u00e1udia Gama do DCC\/UFBA. 17 a 22 &#8211; Boston = Media Lab\/MIT = encontro da Organiza\u00e7\u00e3o 2b1 Agosto 01 a 9 = Salvador\/BA &#8211; Faculdade de Educa\u00e7\u00e3o = Curso de Especializa\u00e7\u00e3o em Educa\u00e7\u00e3o de Adultos e Treinamento. Disciolina: Novas Tecnologias e Educa\u00e7\u00e3o, em conmjunto com Menandro Ramos. 07 e 08 = Salvador\/BA &#8211; Palestra no Col\u00e9gio Estadual Thales de Azevedo. 12 a 15 = Iju\u00ed\/RS = Curso de Especializa\u00e7\u00e3o sobre Educa\u00e7\u00e3o e Comunica\u00e7\u00e3o. 20 = Salvador\/BA = Primeiro eles. Conversando com crian\u00e7as e jovens 22 = Salvador\/BA = Reuni\u00e3o do Protocolo de Integra\u00e7\u00e3o das Universidades Baianas &#8211; PINE 27 = Salvador\/BA = Debatedor da palestra de Andr\u00e9 Lemos sobre Cibercutlura: cultura e tecnologia no fim do mil\u00eanio. ICBA. 29 e 29 = Goiania\/GO = reuni\u00f5es com a Faculdade de Educa\u00e7\u00e3o da UFG, projeto PROIN. Coordena\u00e7\u00e3o da Profa. Mar\u00edlia Gouveia 30 = Goiania\/GO = Escola T\u00e9cnica Federal de Goias. Palestra sobre Novas Tecnologias e Educa\u00e7\u00e3o. Curso de Especializa\u00e7\u00e3o em Inform\u00e1tica Educativa. Setembro 01 a 03 = Salvador\/BA = UFBA. Semin\u00e1rio Estudantil de Pesquisa\/PIBIC. 09 = Salvador\/BA = Palestra do EDUCANDO\/97.Tema Tecnologia e Apendizagem 12 = Natal\/RN = UFRN\/Curso de P\u00f3s-Gradua\u00e7\u00e3o em Educa\u00e7\u00e3o. Participa\u00e7\u00e3o na banca de disserta\u00e7\u00e3o de mestrado de\u00a0 Maria das Gra\u00e7as Pinto Coelho (Educa\u00e7\u00e3o e Cultura da Informa\u00e7\u00e3o: a sacraliza\u00e7\u00e3o do refugo&#8220;). Orientador Arnon Andrade\/UFRN. 13 e 14 = aaahhhhhh!!!! Praia da Pipa\/RN&#8230; va l\u00e1! 21 a 26 = Caxambu\/MG = ANPED. Apresenta\u00e7\u00e3o de Trabalho Redes, Conex\u00f5es e Pol\u00edticas Educacionais no GT Educa\u00e7\u00e3o &amp; Comunica\u00e7\u00e3o Outubro 02 = Salvador\/BA = UFBA\/PAF. Palestra A educa\u00e7\u00e3o no novo mil\u00eanio: desafios para a arquitetura. Juntamente com a Profa. Naia Alban (FA\/UFBA). Lan\u00e7amento do concurso para projetos de m\u00f3veis escolares veja!. Promo\u00e7\u00e3o Faculdade de Arquiteura e Liceu de Artes e Of\u00edcios. 06 = Salvador\/BA = In\u00edcio do Curso de Extens\u00e3o Energia no Cotidiano. Palestra Novas Tecnologias da Informa\u00e7\u00e3o e o ensino das ci\u00eancias. Parte I dias 6, 7 e 10. CURSO CANCELADO POIS A CAPES N\u00c3O LIBEROU O RECURSO AT\u00c9 O MOMENTO 09 = Salvador\/BA = Coordenador da Mesa Redonda\u00a0 Os Projetos e as Experi\u00eancias das Universidades Estaduais Baianas em Inform\u00e1tica Educativa e suas articula\u00e7\u00f5es com as pol\u00edticas p\u00fablicas. I Semana Baiana de Teleinform\u00e1tica na Educa\u00e7\u00e3o. Promo\u00e7\u00e3o Faculdade de Educa\u00e7\u00e3o da UNEB. 15 = Rio de Janeiro\/RJ = II COINFE. 16 e 17 = Ilh\u00e9us\/BA = Reuni\u00e3o do N\u00facleo Educa\u00e7\u00e3o &amp; Comunica\u00e7\u00e3o na UESC.Palestras para professores e professoras da rede p\u00fablica do sul da Bahia. UESC. Mini-curso Educa\u00e7\u00e3o e Novas Tecnologias (8 horas) 20 a 23 = Salvador\/BA = UCSal. Curso de Especializa\u00e7\u00e3o Aplica\u00e7\u00f5es Pedag\u00f3gicas dos Computadores. M\u00f3dulo Novas Tecnologias da Comunica\u00e7\u00e3o e Educa\u00e7\u00e3o 21 a 24 = Salvador\/BA. Mostra Ver Ci\u00eancia 24 = Salvador\/BA. Coordena\u00e7\u00e3o da Mesa Redonda Ci\u00eancia, Midia e Educa\u00e7\u00e3o: ver ci\u00eancia? 29 a 7\/11 = Feira de Santana\/BA. Curso de Especializa\u00e7\u00e3o em Inform\u00e1tica Educativa. M\u00f3dulo Novas Tecnologias da Comunica\u00e7\u00e3o e Educa\u00e7\u00e3o Novembro 03 e 7 = Salvador\/BA = Parte II do Curso de Extens\u00e3o Energia no Cotidiano. CURSO CANCELADO POIS A CAPES N\u00c3O LIBEROU O RECURSO AT\u00c9 O MOMENTO 17 e 18 = Rio\/RJ = F\u00f3rum de Ci\u00eancia e Cultura. Semin\u00e1rio Imagem<\/p>\n","protected":false},"author":9,"featured_media":0,"parent":227,"menu_order":0,"comment_status":"closed","ping_status":"closed","template":"page-2col-left.php","meta":{"pgc_meta":"","_coblocks_attr":"","_coblocks_dimensions":"","_coblocks_responsive_height":"","_coblocks_accordion_ie_support":"","ocean_post_layout":"","ocean_both_sidebars_style":"","ocean_both_sidebars_content_width":0,"ocean_both_sidebars_sidebars_width":0,"ocean_sidebar":"","ocean_second_sidebar":"","ocean_disable_margins":"enable","ocean_add_body_class":"","ocean_shortcode_before_top_bar":"","ocean_shortcode_after_top_bar":"","ocean_shortcode_before_header":"","ocean_shortcode_after_header":"","ocean_has_shortcode":"","ocean_shortcode_after_title":"","ocean_shortcode_before_footer_widgets":"","ocean_shortcode_after_footer_widgets":"","ocean_shortcode_before_footer_bottom":"","ocean_shortcode_after_footer_bottom":"","ocean_display_top_bar":"default","ocean_display_header":"default","ocean_header_style":"","ocean_center_header_left_menu":"","ocean_custom_header_template":"","ocean_custom_logo":0,"ocean_custom_retina_logo":0,"ocean_custom_logo_max_width":0,"ocean_custom_logo_tablet_max_width":0,"ocean_custom_logo_mobile_max_width":0,"ocean_custom_logo_max_height":0,"ocean_custom_logo_tablet_max_height":0,"ocean_custom_logo_mobile_max_height":0,"ocean_header_custom_menu":"","ocean_menu_typo_font_family":"","ocean_menu_typo_font_subset":"","ocean_menu_typo_font_size":0,"ocean_menu_typo_font_size_tablet":0,"ocean_menu_typo_font_size_mobile":0,"ocean_menu_typo_font_size_unit":"px","ocean_menu_typo_font_weight":"","ocean_menu_typo_font_weight_tablet":"","ocean_menu_typo_font_weight_mobile":"","ocean_menu_typo_transform":"","ocean_menu_typo_transform_tablet":"","ocean_menu_typo_transform_mobile":"","ocean_menu_typo_line_height":0,"ocean_menu_typo_line_height_tablet":0,"ocean_menu_typo_line_height_mobile":0,"ocean_menu_typo_line_height_unit":"","ocean_menu_typo_spacing":0,"ocean_menu_typo_spacing_tablet":0,"ocean_menu_typo_spacing_mobile":0,"ocean_menu_typo_spacing_unit":"","ocean_menu_link_color":"","ocean_menu_link_color_hover":"","ocean_menu_link_color_active":"","ocean_menu_link_background":"","ocean_menu_link_hover_background":"","ocean_menu_link_active_background":"","ocean_menu_social_links_bg":"","ocean_menu_social_hover_links_bg":"","ocean_menu_social_links_color":"","ocean_menu_social_hover_links_color":"","ocean_disable_title":"default","ocean_disable_heading":"default","ocean_post_title":"","ocean_post_subheading":"","ocean_post_title_style":"","ocean_post_title_background_color":"","ocean_post_title_background":0,"ocean_post_title_bg_image_position":"","ocean_post_title_bg_image_attachment":"","ocean_post_title_bg_image_repeat":"","ocean_post_title_bg_image_size":"","ocean_post_title_height":0,"ocean_post_title_bg_overlay":0.5,"ocean_post_title_bg_overlay_color":"","ocean_disable_breadcrumbs":"default","ocean_breadcrumbs_color":"","ocean_breadcrumbs_separator_color":"","ocean_breadcrumbs_links_color":"","ocean_breadcrumbs_links_hover_color":"","ocean_display_footer_widgets":"default","ocean_display_footer_bottom":"default","ocean_custom_footer_template":"","_themeisle_gutenberg_block_has_review":false,"footnotes":""},"class_list":["post-719","page","type-page","status-publish","hentry","entry"],"pgc_meta":"","_links":{"self":[{"href":"https:\/\/blog.ufba.br\/nelsonpretto\/wp-json\/wp\/v2\/pages\/719"}],"collection":[{"href":"https:\/\/blog.ufba.br\/nelsonpretto\/wp-json\/wp\/v2\/pages"}],"about":[{"href":"https:\/\/blog.ufba.br\/nelsonpretto\/wp-json\/wp\/v2\/types\/page"}],"author":[{"embeddable":true,"href":"https:\/\/blog.ufba.br\/nelsonpretto\/wp-json\/wp\/v2\/users\/9"}],"replies":[{"embeddable":true,"href":"https:\/\/blog.ufba.br\/nelsonpretto\/wp-json\/wp\/v2\/comments?post=719"}],"version-history":[{"count":0,"href":"https:\/\/blog.ufba.br\/nelsonpretto\/wp-json\/wp\/v2\/pages\/719\/revisions"}],"up":[{"embeddable":true,"href":"https:\/\/blog.ufba.br\/nelsonpretto\/wp-json\/wp\/v2\/pages\/227"}],"wp:attachment":[{"href":"https:\/\/blog.ufba.br\/nelsonpretto\/wp-json\/wp\/v2\/media?parent=719"}],"curies":[{"name":"wp","href":"https:\/\/api.w.org\/{rel}","templated":true}]}}