{"id":673,"date":"2010-03-18T15:11:09","date_gmt":"2010-03-18T18:11:09","guid":{"rendered":"http:\/\/blog.ufba.br\/nlpretto\/?page_id=673"},"modified":"2023-04-11T00:21:48","modified_gmt":"2023-04-11T03:21:48","slug":"cidadao-de-irece-bahia","status":"publish","type":"page","link":"https:\/\/blog.ufba.br\/nelsonpretto\/home\/cidadao-de-irece-bahia\/","title":{"rendered":"Nelson Pretto, cidad\u00e3o de Irec\u00ea\/Bahia"},"content":{"rendered":"<p>Irec\u00ea, 2 de dezembro de 2005.<\/p>\n<p><strong>foi dezzz&#8230; obrigado irec\u00ea!!!<\/strong><\/p>\n<p style=\"text-align: center\"><a href=\"http:\/\/blog.ufba.br\/nlpretto\/files\/2010\/03\/discurso_mesa.jpg\"><img decoding=\"async\" class=\"aligncenter size-medium wp-image-674\" title=\"discurso_mesa\" src=\"http:\/\/blog.ufba.br\/nlpretto\/files\/2010\/03\/discurso_mesa-300x104.jpg\" alt=\"\" width=\"376\" height=\"130\" \/><\/a><\/p>\n<p style=\"text-align: center\"><span style=\"color: #000000\">Foi muito bonito a Philarmonica de Irec\u00ea tocando o Hino Nacional&#8230; Obrigado, galera!<\/span><\/p>\n<p><span style=\"color: #000000\"><a href=\"http:\/\/blog.ufba.br\/nlpretto\/files\/2010\/03\/philarmonicapq.jpg\"><img fetchpriority=\"high\" decoding=\"async\" class=\"aligncenter size-medium wp-image-675\" title=\"philarmonicapq\" src=\"http:\/\/blog.ufba.br\/nlpretto\/files\/2010\/03\/philarmonicapq-300x181.jpg\" alt=\"\" width=\"300\" height=\"181\" \/><\/a><\/span><\/p>\n<p style=\"text-align: center\"><span style=\"color: #000000\"><br \/>\n<\/span><span style=\"color: #000000\">meu discurso<\/span><\/p>\n<p style=\"text-align: center\"><span style=\"color: #000000\"><a href=\"http:\/\/blog.ufba.br\/nlpretto\/files\/2010\/03\/discursopq.jpg\"><img decoding=\"async\" class=\"aligncenter size-medium wp-image-676\" title=\"discursopq\" src=\"http:\/\/blog.ufba.br\/nlpretto\/files\/2010\/03\/discursopq-300x210.jpg\" alt=\"\" width=\"300\" height=\"210\" srcset=\"https:\/\/blog.ufba.br\/nelsonpretto\/wp-content\/uploads\/sites\/106\/2010\/03\/discursopq-300x210.jpg 300w, https:\/\/blog.ufba.br\/nelsonpretto\/wp-content\/uploads\/sites\/106\/2010\/03\/discursopq.jpg 320w\" sizes=\"(max-width: 300px) 100vw, 300px\" \/><\/a><\/span><\/p>\n<p style=\"text-align: center\"><span style=\"color: #000000\">a presen\u00e7a de Bule Bule<\/span><\/p>\n<p style=\"text-align: center\"><span style=\"color: #000000\"><a href=\"http:\/\/blog.ufba.br\/nlpretto\/files\/2010\/03\/np_bulebulepq.jpg\"><img loading=\"lazy\" decoding=\"async\" class=\"aligncenter size-medium wp-image-677\" title=\"np_bulebulepq\" src=\"http:\/\/blog.ufba.br\/nlpretto\/files\/2010\/03\/np_bulebulepq-300x225.jpg\" alt=\"\" width=\"300\" height=\"225\" srcset=\"https:\/\/blog.ufba.br\/nelsonpretto\/wp-content\/uploads\/sites\/106\/2010\/03\/np_bulebulepq-300x225.jpg 300w, https:\/\/blog.ufba.br\/nelsonpretto\/wp-content\/uploads\/sites\/106\/2010\/03\/np_bulebulepq.jpg 320w\" sizes=\"(max-width: 300px) 100vw, 300px\" \/><\/a><\/span><\/p>\n<p style=\"text-align: center\"><span style=\"color: #000000\">O nossa turma do Projeto Irec\u00ea, o carinho de sempre&#8230; na verdade as respons\u00e1veis pelo meu t\u00edtulo&#8230;<\/span><\/p>\n<p style=\"text-align: center\"><span style=\"color: #000000\"><a href=\"http:\/\/blog.ufba.br\/nlpretto\/files\/2010\/03\/turmapq.jpg\"><img loading=\"lazy\" decoding=\"async\" class=\"aligncenter size-medium wp-image-678\" title=\"turmapq\" src=\"http:\/\/blog.ufba.br\/nlpretto\/files\/2010\/03\/turmapq-300x225.jpg\" alt=\"\" width=\"300\" height=\"225\" srcset=\"https:\/\/blog.ufba.br\/nelsonpretto\/wp-content\/uploads\/sites\/106\/2010\/03\/turmapq-300x225.jpg 300w, https:\/\/blog.ufba.br\/nelsonpretto\/wp-content\/uploads\/sites\/106\/2010\/03\/turmapq.jpg 320w\" sizes=\"(max-width: 300px) 100vw, 300px\" \/><\/a><br \/>\n<\/span><\/p>\n<p><span style=\"color: white\"><br \/>\n<\/span><\/p>\n<p><span style=\"color: white\"><br \/>\n<\/span><\/p>\n<p><span style=\"color: white\"><br \/>\n<\/span><\/p>\n<p><span style=\"color: #000000\"> <\/span><\/p>\n<div id=\"_mcePaste\" style=\"overflow: hidden;width: 1px;height: 1px\">\n<p><span style=\"color: white\"><span style=\"color: red\"> <\/span><\/span><\/p>\n<h1>foi dezzz&#8230;. obrigado irec\u00ea!!!<\/h1>\n<hr \/>\n<p><span style=\"color: white\"> <\/span><span style=\"color: white\"><img loading=\"lazy\" decoding=\"async\" src=\"http:\/\/twiki.ufba.br\/twiki\/pub\/Pretto\/CidadaoIrece\/discurso_mesa.jpg\" alt=\"discurso_mesa.jpg\" width=\"640\" height=\"223\" \/> <\/span><\/p>\n<hr \/>\n<p><span style=\"color: white\">Foi muito bonito a Philarmonica de Irec\u00ea tocando o Hino Nacional&#8230; Obrigado, galera!<br \/>\n<img loading=\"lazy\" decoding=\"async\" src=\"http:\/\/twiki.ufba.br\/twiki\/pub\/Pretto\/CidadaoIrece\/philarmonicapq.jpg\" alt=\"philarmonicapq.jpg\" width=\"320\" height=\"194\" \/> <\/span><span style=\"color: white\">meu discurso<br \/>\n<img loading=\"lazy\" decoding=\"async\" src=\"http:\/\/twiki.ufba.br\/twiki\/pub\/Pretto\/CidadaoIrece\/discursopq.jpg\" alt=\"discursopq.jpg\" width=\"320\" height=\"224\" \/> <\/span><\/p>\n<p><span style=\"color: white\">a presen\u00e7a de Bule Bule<br \/>\n<img loading=\"lazy\" decoding=\"async\" src=\"http:\/\/twiki.ufba.br\/twiki\/pub\/Pretto\/CidadaoIrece\/np_bulebulepq.JPG\" alt=\"np_bulebulepq.JPG\" width=\"320\" height=\"240\" \/> <\/span><\/p>\n<p><span style=\"color: white\">O nossa turma do Projeto Irec\u00ea, o carinho de sempre&#8230; na verdade as respons\u00e1veis pelo meu t\u00edtulo&#8230;<br \/>\n<img loading=\"lazy\" decoding=\"async\" src=\"http:\/\/twiki.ufba.br\/twiki\/pub\/Pretto\/CidadaoIrece\/turmapq.JPG\" alt=\"turmapq.JPG\" width=\"320\" height=\"240\" \/><\/span><\/p>\n<\/div>\n","protected":false},"excerpt":{"rendered":"<p>Irec\u00ea, 2 de dezembro de 2005. foi dezzz&#8230; obrigado irec\u00ea!!! Foi muito bonito a Philarmonica de Irec\u00ea tocando o Hino Nacional&#8230; Obrigado, galera! meu discurso a presen\u00e7a de Bule Bule O nossa turma do Projeto Irec\u00ea, o carinho de sempre&#8230; na verdade as respons\u00e1veis pelo meu t\u00edtulo&#8230; foi dezzz&#8230;. obrigado irec\u00ea!!! Foi muito bonito a Philarmonica de Irec\u00ea tocando o Hino Nacional&#8230; Obrigado, galera! meu discurso a presen\u00e7a de Bule Bule O nossa turma do Projeto Irec\u00ea, o carinho de sempre&#8230; na verdade as respons\u00e1veis pelo meu t\u00edtulo&#8230;<\/p>\n","protected":false},"author":9,"featured_media":0,"parent":1365,"menu_order":0,"comment_status":"closed","ping_status":"closed","template":"page-2col-left.php","meta":{"pgc_meta":"","_coblocks_attr":"","_coblocks_dimensions":"","_coblocks_responsive_height":"","_coblocks_accordion_ie_support":"","ocean_post_layout":"","ocean_both_sidebars_style":"","ocean_both_sidebars_content_width":0,"ocean_both_sidebars_sidebars_width":0,"ocean_sidebar":"","ocean_second_sidebar":"","ocean_disable_margins":"enable","ocean_add_body_class":"","ocean_shortcode_before_top_bar":"","ocean_shortcode_after_top_bar":"","ocean_shortcode_before_header":"","ocean_shortcode_after_header":"","ocean_has_shortcode":"","ocean_shortcode_after_title":"","ocean_shortcode_before_footer_widgets":"","ocean_shortcode_after_footer_widgets":"","ocean_shortcode_before_footer_bottom":"","ocean_shortcode_after_footer_bottom":"","ocean_display_top_bar":"default","ocean_display_header":"default","ocean_header_style":"","ocean_center_header_left_menu":"","ocean_custom_header_template":"","ocean_custom_logo":0,"ocean_custom_retina_logo":0,"ocean_custom_logo_max_width":0,"ocean_custom_logo_tablet_max_width":0,"ocean_custom_logo_mobile_max_width":0,"ocean_custom_logo_max_height":0,"ocean_custom_logo_tablet_max_height":0,"ocean_custom_logo_mobile_max_height":0,"ocean_header_custom_menu":"","ocean_menu_typo_font_family":"","ocean_menu_typo_font_subset":"","ocean_menu_typo_font_size":0,"ocean_menu_typo_font_size_tablet":0,"ocean_menu_typo_font_size_mobile":0,"ocean_menu_typo_font_size_unit":"px","ocean_menu_typo_font_weight":"","ocean_menu_typo_font_weight_tablet":"","ocean_menu_typo_font_weight_mobile":"","ocean_menu_typo_transform":"","ocean_menu_typo_transform_tablet":"","ocean_menu_typo_transform_mobile":"","ocean_menu_typo_line_height":0,"ocean_menu_typo_line_height_tablet":0,"ocean_menu_typo_line_height_mobile":0,"ocean_menu_typo_line_height_unit":"","ocean_menu_typo_spacing":0,"ocean_menu_typo_spacing_tablet":0,"ocean_menu_typo_spacing_mobile":0,"ocean_menu_typo_spacing_unit":"","ocean_menu_link_color":"","ocean_menu_link_color_hover":"","ocean_menu_link_color_active":"","ocean_menu_link_background":"","ocean_menu_link_hover_background":"","ocean_menu_link_active_background":"","ocean_menu_social_links_bg":"","ocean_menu_social_hover_links_bg":"","ocean_menu_social_links_color":"","ocean_menu_social_hover_links_color":"","ocean_disable_title":"default","ocean_disable_heading":"default","ocean_post_title":"","ocean_post_subheading":"","ocean_post_title_style":"","ocean_post_title_background_color":"","ocean_post_title_background":0,"ocean_post_title_bg_image_position":"","ocean_post_title_bg_image_attachment":"","ocean_post_title_bg_image_repeat":"","ocean_post_title_bg_image_size":"","ocean_post_title_height":0,"ocean_post_title_bg_overlay":0.5,"ocean_post_title_bg_overlay_color":"","ocean_disable_breadcrumbs":"default","ocean_breadcrumbs_color":"","ocean_breadcrumbs_separator_color":"","ocean_breadcrumbs_links_color":"","ocean_breadcrumbs_links_hover_color":"","ocean_display_footer_widgets":"default","ocean_display_footer_bottom":"default","ocean_custom_footer_template":"","_themeisle_gutenberg_block_has_review":false,"footnotes":""},"class_list":["post-673","page","type-page","status-publish","hentry","entry"],"pgc_meta":"","_links":{"self":[{"href":"https:\/\/blog.ufba.br\/nelsonpretto\/wp-json\/wp\/v2\/pages\/673"}],"collection":[{"href":"https:\/\/blog.ufba.br\/nelsonpretto\/wp-json\/wp\/v2\/pages"}],"about":[{"href":"https:\/\/blog.ufba.br\/nelsonpretto\/wp-json\/wp\/v2\/types\/page"}],"author":[{"embeddable":true,"href":"https:\/\/blog.ufba.br\/nelsonpretto\/wp-json\/wp\/v2\/users\/9"}],"replies":[{"embeddable":true,"href":"https:\/\/blog.ufba.br\/nelsonpretto\/wp-json\/wp\/v2\/comments?post=673"}],"version-history":[{"count":0,"href":"https:\/\/blog.ufba.br\/nelsonpretto\/wp-json\/wp\/v2\/pages\/673\/revisions"}],"up":[{"embeddable":true,"href":"https:\/\/blog.ufba.br\/nelsonpretto\/wp-json\/wp\/v2\/pages\/1365"}],"wp:attachment":[{"href":"https:\/\/blog.ufba.br\/nelsonpretto\/wp-json\/wp\/v2\/media?parent=673"}],"curies":[{"name":"wp","href":"https:\/\/api.w.org\/{rel}","templated":true}]}}