{"id":633,"date":"2010-03-17T19:17:33","date_gmt":"2010-03-17T22:17:33","guid":{"rendered":"http:\/\/blog.ufba.br\/nlpretto\/?page_id=633"},"modified":"2023-04-11T00:21:47","modified_gmt":"2023-04-11T03:21:47","slug":"cidadao-salvador","status":"publish","type":"page","link":"https:\/\/blog.ufba.br\/nelsonpretto\/home\/cidadao-salvador\/","title":{"rendered":"Cidad\u00e3o Salvador"},"content":{"rendered":"<p>Sess\u00e3o p\u00fablica dia 05 de setembro de 2002, \u00e0s 19 horas na C\u00e2mara dos Vereadores de Salvador<\/p>\n<p>Nelson Pretto receber\u00e1 t\u00edtulo de Cidad\u00e3o de Salvador<\/p>\n<p>&#8220;O professor Nelson de Luca Pretto, diretor da Faculdade de Educa\u00e7\u00e3o da UFBA, ser\u00e1 agraciado, pela C\u00e2mara Municipal, com o t\u00edtulo de Cidad\u00e3o de Salvador, no dia 5 de setembro pr\u00f3ximo, \u00e0s 19h, numa iniciativa do vereador Emiliano Jos\u00e9 (PT). O professor Nelson Pretto nasceu no Rio Grande do Sul e passou a residir na  Bahia aos 11 anos de idade. Graduou-se em F\u00edsica e concluiu Mestrado em Educa\u00e7\u00e3o pela UFBA, doutorou-se em Ci\u00eancias das Comunica\u00e7\u00f5es na USP e fez p\u00f3s-doutoramento em Londres.<\/p>\n<p>Com prol\u00edfera carreira no magist\u00e9rio, Nelson Pretto tem sido um pesquisador de intensa produ\u00e7\u00e3o te\u00f3rica, reconhecimento nacional e grande capacidade criativa nas \u00e1reas de educa\u00e7\u00e3o, comunica\u00e7\u00e3o e inform\u00e1tica, com contribui\u00e7\u00f5es importantes na televis\u00e3o educativa. Com a honraria, a C\u00e2mara Municipal de Salvador reconhece sua contribui\u00e7\u00e3o \u00e0 forma\u00e7\u00e3o acad\u00eamica de nossa juventude e seu esfor\u00e7o em busca de melhores condi\u00e7\u00f5es de conhecimento, cultura e vida para nossa popula\u00e7\u00e3o. Uma homenagem merecida &#8221; (texto do site do vereador Emiliano Jos\u00e9)<\/p>\n<h1><strong>\u00edntegra do projeto<\/strong><\/h1>\n<p>PROJETO DE RESOLU\u00c7\u00c3O N\u00ba<\/p>\n<p>Concede o T\u00edtulo de Cidad\u00e3o da Cidade do Salvador  ao Professor Doutor Nelson de Luca Pretto, Diretor da Faculdade de Educa\u00e7\u00e3o da UFBA.<br \/>\nA C\u00c2MARA MUNICIPAL DE SALVADOR<br \/>\nRESOLVE:<\/p>\n<p>Art. 1\u00ba &#8211; Fica concedido o t\u00edtulo de cidad\u00e3o de Salvador ao Sr. Nelson de Luca Pretto.<\/p>\n<p>Art. 2\u00ba &#8211; A Mesa da C\u00e2mara Municipal fica autorizada a providenciar a entrega do T\u00edtulo, em Sess\u00e3o Solene, previamente marcada e convocada para este fim.<\/p>\n<p>Art. 3\u00ba &#8211; As despesas decorrentes da presente Resolu\u00e7\u00e3o correr\u00e3o por conta da verba pr\u00f3pria do or\u00e7amento vigente.<\/p>\n<p>Art. 4\u00ba &#8211; Esta Resolu\u00e7\u00e3o entra em vigor na data de sua publica\u00e7\u00e3o.<\/p>\n<p>Sala das Sess\u00f5es, em 21 de novembro de 2001.<\/p>\n<p>Emiliano Jos\u00e9 &#8211; Vereador PT | Celso Cotrim &#8211; Vereador PT |  J.Carlos &#8211; Vereador PT |  Zez\u00e9u Ribeiro &#8211; Vereador PT<br \/>\nJUSTIFICATIVA<\/p>\n<p>Nelson de Luca Pretto nasceu no Rio Grande do Sul, em 19 de novembro de 1954, vindo residir em Salvador desde 1965, quando tinha 11 anos.<\/p>\n<p>Graduou-se em F\u00edsica pela UFBA em 1977 e, posteriormente, desenvolvendo profundo processo de aperfei\u00e7oamento profissional, concluiu Mestrado em Educa\u00e7\u00e3o, na UFBA, em 1984; Doutorou-se em Ci\u00eancias da Comunica\u00e7\u00e3o, na USP, em 1994, e P\u00f3s-doutorou-se em Londres em 1999.<\/p>\n<p>Na sua prol\u00edfica carreira no magist\u00e9rio p\u00fablico, na UFBA desde 1978, Nelson Pretto tem sido Professor, Pesquisador e, atualmente, \u00e9 Diretor da Faculdade de Educa\u00e7\u00e3o.<\/p>\n<p>Com o reconhecimento nacional de sua grande capacidade criativa nas \u00e1reas de educa\u00e7\u00e3o, comunica\u00e7\u00e3o e inform\u00e1tica, tem sido convidado a prestar  servi\u00e7os em outras partes do pa\u00eds, apresentando passagens profissionais pelo MEC, pela Universidade de Goi\u00e1s ( como Professor Visitante ), e pela Televis\u00e3o Educativa.<\/p>\n<p>Sua intensa produ\u00e7\u00e3o te\u00f3rica pode ser resumida numa obra que se materializa  em 16 trabalhos apresentados em eventos, 11 artigos t\u00e9cnicos publicados em peri\u00f3dicos, 2 livros pr\u00f3prios publicados e participa\u00e7\u00e3o em outros 4 livros coletivos, al\u00e9m de 27 textos divulgados em jornais baianos ou outros de circula\u00e7\u00e3o nacional.<\/p>\n<p>O reconhecimento da atua\u00e7\u00e3o do Sr. Nelson Pretto, n\u00e3o s\u00f3 no \u00e2mbito da forma\u00e7\u00e3o acad\u00eamica dos nossos jovens estudantes universit\u00e1rios, mas tamb\u00e9m na sociedade soteropolitana, em busca de melhores condi\u00e7\u00f5es de conhecimento, cultura e vida para sua popula\u00e7\u00e3o, \u00e9 condi\u00e7\u00e3o inevit\u00e1vel por parte desta Casa Legislativa.<\/p>\n<p>A inser\u00e7\u00e3o de Nelson Pretto na comunidade baiana e soteropolitana se comprova na sua viv\u00eancia pr\u00e1tica aqui apresentada de forma ultra resumida, bem como pode ser constatada em texto de autoria do Sr. Nelson Pretto, onde ele revela seu sentimento por Salvador da seguinte forma: \u201cCom muita sinceridade me considero mesmo um bom soteropolitano, um bom baiano. Tenho um carinho muito grande por esta cidade que me abrigou novinho, e meio que nasci de novo por estas bandas\u201d.<\/p>\n<p>Por todo o exposto proponho aos colegas Vereadores de Salvador que fa\u00e7amos justi\u00e7a aos dignificantes trabalho e vida que o Sr. Nelson Luca Pretto apresentou em Salvador, concedendo-lhe o reconhecimento de homenage\u00e1-lo fazendo dele cidad\u00e3o desta cidade do Salvador.<\/p>\n<p>Sala das Sess\u00f5es, 21 de novembro de 2001.<\/p>\n<p>Emiliano Jos\u00e9 &#8211; Vereador PT | Celso Cotrim &#8211; Vereador PT |  J.Carlos &#8211; Vereador PT |  Zez\u00e9u Ribeiro &#8211; Vereador PT<\/p>\n<h1><strong>Imprensa<\/strong><\/h1>\n<p>Perfil: <a href=\"https:\/\/blog.ufba.br\/nlpretto\/?page_id=666\" target=\"_blank\" rel=\"noopener\">um baiano dos pampas<\/a>.<\/p>\n<p>Correio da Bahia. Caderno Rep\u00f3rter. 01.09.2002.<\/p>\n<p><a href=\"http:\/\/blog.ufba.br\/nlpretto\/files\/2010\/03\/nelson.gif\"><img decoding=\"async\" class=\"aligncenter size-medium wp-image-664\" src=\"http:\/\/blog.ufba.br\/nlpretto\/files\/2010\/03\/nelson-133x300.gif\" alt=\"\" width=\"133\" height=\"300\" \/><\/a><\/p>\n<h1><strong>e a galera comenta&#8230;.<\/strong><\/h1>\n<p>&gt;<br \/>\n&gt; At 08:43 23\/8\/2002 -0300<br \/>\n&gt;<br \/>\n&gt; Meu caro Nelson,<br \/>\n&gt;<br \/>\n&gt; Meus cumprimentos pelo merecido agraciamento que ter\u00e1 lugar no dia 5 de setembro pr\u00f3ximo, por iniciativa do atuante vereador Emiliano. Salvador ganha um cidad\u00e3o militante das causas de vanguarda, os soteropolitanos ganham um conterr\u00e2neo brilhante.<br \/>\n&gt;<br \/>\n&gt; Um abra\u00e7o,<br \/>\n&gt;<br \/>\n&gt; Luiz Afonso<br \/>\n&gt;<br \/>\n&gt;<br \/>\n&gt;<br \/>\n&gt; Friday, August 23, 2002 11:36 AM<br \/>\n&gt;<br \/>\n&gt; Prezado Luiz Afonso<br \/>\n&gt;<br \/>\n&gt; recebi c\u00f3pia de seu email. Eu estou muito feliz por contribuir para tornar o nosso Nelson Pretto mais baiano do que j\u00e1 \u00e9. Um grande abra\u00e7o, e vamos fazer uma grande festa no dia 5. Emiliano Jos\u00e9.<\/p>\n","protected":false},"excerpt":{"rendered":"<p>Sess\u00e3o p\u00fablica dia 05 de setembro de 2002, \u00e0s 19 horas na C\u00e2mara dos Vereadores de Salvador Nelson Pretto receber\u00e1 t\u00edtulo de Cidad\u00e3o de Salvador &#8220;O professor Nelson de Luca Pretto, diretor da Faculdade de Educa\u00e7\u00e3o da UFBA, ser\u00e1 agraciado, pela C\u00e2mara Municipal, com o t\u00edtulo de Cidad\u00e3o de Salvador, no dia 5 de setembro pr\u00f3ximo, \u00e0s 19h, numa iniciativa do vereador Emiliano Jos\u00e9 (PT). O professor Nelson Pretto nasceu no Rio Grande do Sul e passou a residir na Bahia aos 11 anos de idade. Graduou-se em F\u00edsica e concluiu Mestrado em Educa\u00e7\u00e3o pela UFBA, doutorou-se em Ci\u00eancias das Comunica\u00e7\u00f5es na USP e fez p\u00f3s-doutoramento em Londres. Com prol\u00edfera carreira no magist\u00e9rio, Nelson Pretto tem sido um pesquisador de intensa produ\u00e7\u00e3o te\u00f3rica, reconhecimento nacional e grande capacidade criativa nas \u00e1reas de educa\u00e7\u00e3o, comunica\u00e7\u00e3o e inform\u00e1tica, com contribui\u00e7\u00f5es importantes na televis\u00e3o educativa. Com a honraria, a C\u00e2mara Municipal de Salvador reconhece sua contribui\u00e7\u00e3o \u00e0 forma\u00e7\u00e3o acad\u00eamica de nossa juventude e seu esfor\u00e7o em busca de melhores condi\u00e7\u00f5es de conhecimento, cultura e vida para nossa popula\u00e7\u00e3o. Uma homenagem merecida &#8221; (texto do site do vereador Emiliano Jos\u00e9) \u00edntegra do projeto PROJETO DE RESOLU\u00c7\u00c3O N\u00ba Concede o T\u00edtulo de Cidad\u00e3o da Cidade do Salvador ao Professor Doutor Nelson de Luca Pretto, Diretor da Faculdade de Educa\u00e7\u00e3o da UFBA. A C\u00c2MARA MUNICIPAL DE SALVADOR RESOLVE: Art. 1\u00ba &#8211; Fica concedido o t\u00edtulo de cidad\u00e3o de Salvador ao Sr. Nelson de Luca Pretto. Art. 2\u00ba &#8211; A Mesa da C\u00e2mara Municipal fica autorizada a providenciar a entrega do T\u00edtulo, em Sess\u00e3o Solene, previamente marcada e convocada para este fim. Art. 3\u00ba &#8211; As despesas decorrentes da presente Resolu\u00e7\u00e3o correr\u00e3o por conta da verba pr\u00f3pria do or\u00e7amento vigente. Art. 4\u00ba &#8211; Esta Resolu\u00e7\u00e3o entra em vigor na data de sua publica\u00e7\u00e3o. Sala das Sess\u00f5es, em 21 de novembro de 2001. Emiliano Jos\u00e9 &#8211; Vereador PT | Celso Cotrim &#8211; Vereador PT | J.Carlos &#8211; Vereador PT | Zez\u00e9u Ribeiro &#8211; Vereador PT JUSTIFICATIVA Nelson de Luca Pretto nasceu no Rio Grande do Sul, em 19 de novembro de 1954, vindo residir em Salvador desde 1965, quando tinha 11 anos. Graduou-se em F\u00edsica pela UFBA em 1977 e, posteriormente, desenvolvendo profundo processo de aperfei\u00e7oamento profissional, concluiu Mestrado em Educa\u00e7\u00e3o, na UFBA, em 1984; Doutorou-se em Ci\u00eancias da Comunica\u00e7\u00e3o, na USP, em 1994, e P\u00f3s-doutorou-se em Londres em 1999. Na sua prol\u00edfica carreira no magist\u00e9rio p\u00fablico, na UFBA desde 1978, Nelson Pretto tem sido Professor, Pesquisador e, atualmente, \u00e9 Diretor da Faculdade de Educa\u00e7\u00e3o. Com o reconhecimento nacional de sua grande capacidade criativa nas \u00e1reas de educa\u00e7\u00e3o, comunica\u00e7\u00e3o e inform\u00e1tica, tem sido convidado a prestar servi\u00e7os em outras partes do pa\u00eds, apresentando passagens profissionais pelo MEC, pela Universidade de Goi\u00e1s ( como Professor Visitante ), e pela Televis\u00e3o Educativa. Sua intensa produ\u00e7\u00e3o te\u00f3rica pode ser resumida numa obra que se materializa em 16 trabalhos apresentados em eventos, 11 artigos t\u00e9cnicos publicados em peri\u00f3dicos, 2 livros pr\u00f3prios publicados e participa\u00e7\u00e3o em outros 4 livros coletivos, al\u00e9m de 27 textos divulgados em jornais baianos ou outros de circula\u00e7\u00e3o nacional. O reconhecimento da atua\u00e7\u00e3o do Sr. Nelson Pretto, n\u00e3o s\u00f3 no \u00e2mbito da forma\u00e7\u00e3o acad\u00eamica dos nossos jovens estudantes universit\u00e1rios, mas tamb\u00e9m na sociedade soteropolitana, em busca de melhores condi\u00e7\u00f5es de conhecimento, cultura e vida para sua popula\u00e7\u00e3o, \u00e9 condi\u00e7\u00e3o inevit\u00e1vel por parte desta Casa Legislativa. A inser\u00e7\u00e3o de Nelson Pretto na comunidade baiana e soteropolitana se comprova na sua viv\u00eancia pr\u00e1tica aqui apresentada de forma ultra resumida, bem como pode ser constatada em texto de autoria do Sr. Nelson Pretto, onde ele revela seu sentimento por Salvador da seguinte forma: \u201cCom muita sinceridade me considero mesmo um bom soteropolitano, um bom baiano. Tenho um carinho muito grande por esta cidade que me abrigou novinho, e meio que nasci de novo por estas bandas\u201d. Por todo o exposto proponho aos colegas Vereadores de Salvador que fa\u00e7amos justi\u00e7a aos dignificantes trabalho e vida que o Sr. Nelson Luca Pretto apresentou em Salvador, concedendo-lhe o reconhecimento de homenage\u00e1-lo fazendo dele cidad\u00e3o desta cidade do Salvador. Sala das Sess\u00f5es, 21 de novembro de 2001. Emiliano Jos\u00e9 &#8211; Vereador PT | Celso Cotrim &#8211; Vereador PT | J.Carlos &#8211; Vereador PT | Zez\u00e9u Ribeiro &#8211; Vereador PT Imprensa Perfil: um baiano dos pampas. Correio da Bahia. Caderno Rep\u00f3rter. 01.09.2002. e a galera comenta&#8230;. &gt; &gt; At 08:43 23\/8\/2002 -0300 &gt; &gt; Meu caro Nelson, &gt; &gt; Meus cumprimentos pelo merecido agraciamento que ter\u00e1 lugar no dia 5 de setembro pr\u00f3ximo, por iniciativa do atuante vereador Emiliano. Salvador ganha um cidad\u00e3o militante das causas de vanguarda, os soteropolitanos ganham um conterr\u00e2neo brilhante. &gt; &gt; Um abra\u00e7o, &gt; &gt; Luiz Afonso &gt; &gt; &gt; &gt; Friday, August 23, 2002 11:36 AM &gt; &gt; Prezado Luiz Afonso &gt; &gt; recebi c\u00f3pia de seu email. Eu estou muito feliz por contribuir para tornar o nosso Nelson Pretto mais baiano do que j\u00e1 \u00e9. Um grande abra\u00e7o, e vamos fazer uma grande festa no dia 5. Emiliano Jos\u00e9.<\/p>\n","protected":false},"author":9,"featured_media":0,"parent":1365,"menu_order":0,"comment_status":"closed","ping_status":"closed","template":"","meta":{"pgc_meta":"","_coblocks_attr":"","_coblocks_dimensions":"","_coblocks_responsive_height":"","_coblocks_accordion_ie_support":"","ocean_post_layout":"","ocean_both_sidebars_style":"","ocean_both_sidebars_content_width":0,"ocean_both_sidebars_sidebars_width":0,"ocean_sidebar":"","ocean_second_sidebar":"","ocean_disable_margins":"enable","ocean_add_body_class":"","ocean_shortcode_before_top_bar":"","ocean_shortcode_after_top_bar":"","ocean_shortcode_before_header":"","ocean_shortcode_after_header":"","ocean_has_shortcode":"","ocean_shortcode_after_title":"","ocean_shortcode_before_footer_widgets":"","ocean_shortcode_after_footer_widgets":"","ocean_shortcode_before_footer_bottom":"","ocean_shortcode_after_footer_bottom":"","ocean_display_top_bar":"default","ocean_display_header":"default","ocean_header_style":"","ocean_center_header_left_menu":"","ocean_custom_header_template":"","ocean_custom_logo":0,"ocean_custom_retina_logo":0,"ocean_custom_logo_max_width":0,"ocean_custom_logo_tablet_max_width":0,"ocean_custom_logo_mobile_max_width":0,"ocean_custom_logo_max_height":0,"ocean_custom_logo_tablet_max_height":0,"ocean_custom_logo_mobile_max_height":0,"ocean_header_custom_menu":"","ocean_menu_typo_font_family":"","ocean_menu_typo_font_subset":"","ocean_menu_typo_font_size":0,"ocean_menu_typo_font_size_tablet":0,"ocean_menu_typo_font_size_mobile":0,"ocean_menu_typo_font_size_unit":"px","ocean_menu_typo_font_weight":"","ocean_menu_typo_font_weight_tablet":"","ocean_menu_typo_font_weight_mobile":"","ocean_menu_typo_transform":"","ocean_menu_typo_transform_tablet":"","ocean_menu_typo_transform_mobile":"","ocean_menu_typo_line_height":0,"ocean_menu_typo_line_height_tablet":0,"ocean_menu_typo_line_height_mobile":0,"ocean_menu_typo_line_height_unit":"","ocean_menu_typo_spacing":0,"ocean_menu_typo_spacing_tablet":0,"ocean_menu_typo_spacing_mobile":0,"ocean_menu_typo_spacing_unit":"","ocean_menu_link_color":"","ocean_menu_link_color_hover":"","ocean_menu_link_color_active":"","ocean_menu_link_background":"","ocean_menu_link_hover_background":"","ocean_menu_link_active_background":"","ocean_menu_social_links_bg":"","ocean_menu_social_hover_links_bg":"","ocean_menu_social_links_color":"","ocean_menu_social_hover_links_color":"","ocean_disable_title":"default","ocean_disable_heading":"default","ocean_post_title":"","ocean_post_subheading":"","ocean_post_title_style":"","ocean_post_title_background_color":"","ocean_post_title_background":0,"ocean_post_title_bg_image_position":"","ocean_post_title_bg_image_attachment":"","ocean_post_title_bg_image_repeat":"","ocean_post_title_bg_image_size":"","ocean_post_title_height":0,"ocean_post_title_bg_overlay":0.5,"ocean_post_title_bg_overlay_color":"","ocean_disable_breadcrumbs":"default","ocean_breadcrumbs_color":"","ocean_breadcrumbs_separator_color":"","ocean_breadcrumbs_links_color":"","ocean_breadcrumbs_links_hover_color":"","ocean_display_footer_widgets":"default","ocean_display_footer_bottom":"default","ocean_custom_footer_template":"","_themeisle_gutenberg_block_has_review":false,"footnotes":""},"class_list":["post-633","page","type-page","status-publish","hentry","entry"],"pgc_meta":"","_links":{"self":[{"href":"https:\/\/blog.ufba.br\/nelsonpretto\/wp-json\/wp\/v2\/pages\/633"}],"collection":[{"href":"https:\/\/blog.ufba.br\/nelsonpretto\/wp-json\/wp\/v2\/pages"}],"about":[{"href":"https:\/\/blog.ufba.br\/nelsonpretto\/wp-json\/wp\/v2\/types\/page"}],"author":[{"embeddable":true,"href":"https:\/\/blog.ufba.br\/nelsonpretto\/wp-json\/wp\/v2\/users\/9"}],"replies":[{"embeddable":true,"href":"https:\/\/blog.ufba.br\/nelsonpretto\/wp-json\/wp\/v2\/comments?post=633"}],"version-history":[{"count":1,"href":"https:\/\/blog.ufba.br\/nelsonpretto\/wp-json\/wp\/v2\/pages\/633\/revisions"}],"predecessor-version":[{"id":5411,"href":"https:\/\/blog.ufba.br\/nelsonpretto\/wp-json\/wp\/v2\/pages\/633\/revisions\/5411"}],"up":[{"embeddable":true,"href":"https:\/\/blog.ufba.br\/nelsonpretto\/wp-json\/wp\/v2\/pages\/1365"}],"wp:attachment":[{"href":"https:\/\/blog.ufba.br\/nelsonpretto\/wp-json\/wp\/v2\/media?parent=633"}],"curies":[{"name":"wp","href":"https:\/\/api.w.org\/{rel}","templated":true}]}}