{"id":248,"date":"2010-03-03T18:59:59","date_gmt":"2010-03-03T21:59:59","guid":{"rendered":"http:\/\/blog.ufba.br\/nlpretto\/?page_id=248"},"modified":"2023-04-11T00:21:47","modified_gmt":"2023-04-11T03:21:47","slug":"arteducacao-vida-cotidiana-e-projeto-axe","status":"publish","type":"page","link":"https:\/\/blog.ufba.br\/nelsonpretto\/publicacoes\/livros-e-capitulos-publicados\/arteducacao-vida-cotidiana-e-projeto-axe\/","title":{"rendered":"Arteduca\u00e7\u00e3o, vida cotidiana e Projeto Ax\u00e9"},"content":{"rendered":"<p><span style=\"color: #000000\">Organizado por Ana Bianchi dos Reis <\/span><\/p>\n<p><span style=\"color: #000000\">EDUFBA e Projeto Ax\u00e9, 245 p. <\/span><\/p>\n<p><span style=\"color: #000000\"> <\/span><\/p>\n<p><span style=\"color: #000000\"> <\/span><\/p>\n<p><span style=\"color: #000000\"><img fetchpriority=\"high\" decoding=\"async\" src=\"http:\/\/twiki.ufba.br\/twiki\/pub\/Pretto\/ArteEducacao\/CAPA_Projeto_Axe_Arteducacao.jpg\" alt=\"CAPA_Projeto_Axe_Arteducacao.jpg\" width=\"628\" height=\"530\" \/> <\/span><\/p>\n<p><span style=\"color: #000000\"> <\/span><\/p>\n<p><span style=\"color: #000000\">O livro \u00e9 uma disserta\u00e7\u00e3o sobre as viv\u00eancias oportunizadas aos meninos do Ax\u00e9 pelo Projeto Quietude da Terra. Tal plano compete na troca de conhecimento entre 19 artistas internacionais e os educandos da institui\u00e7\u00e3o. A obra busca descrever essa experi\u00eancia sobre a \u00f3tica dos artistas, dos meninos e dos educadores. \u00c9 divida em tr\u00eas partes na qual a primeira apresenta a concep\u00e7\u00e3o de educa\u00e7\u00e3o e orienta\u00e7\u00e3o pedag\u00f3gica do Projeto Ax\u00e9 e do Projeto Quietude da Terra, a segunda, aborda os m\u00e9todos desenvolvidos no cotidiano e por \u00faltimo, encontra-se textos de especialistas com outros olhares sobre o esse processo. <\/span><\/p>\n<p style=\"text-align: center\"><span style=\"color: #000000\"><span style=\"font-size: large\">[ <a href=\"http:\/\/blog.ufba.br\/nlpretto\/files\/2010\/03\/axe_pretto_v_fim_para_distribuir_em_pdf.pdf\" target=\"_blank\" rel=\"noopener\">C\u00f3pia do cap\u00edtulo em pdf<\/a> ]<\/span><br \/>\n<\/span><\/p>\n","protected":false},"excerpt":{"rendered":"<p>Organizado por Ana Bianchi dos Reis EDUFBA e Projeto Ax\u00e9, 245 p. O livro \u00e9 uma disserta\u00e7\u00e3o sobre as viv\u00eancias oportunizadas aos meninos do Ax\u00e9 pelo Projeto Quietude da Terra. Tal plano compete na troca de conhecimento entre 19 artistas internacionais e os educandos da institui\u00e7\u00e3o. A obra busca descrever essa experi\u00eancia sobre a \u00f3tica dos artistas, dos meninos e dos educadores. \u00c9 divida em tr\u00eas partes na qual a primeira apresenta a concep\u00e7\u00e3o de educa\u00e7\u00e3o e orienta\u00e7\u00e3o pedag\u00f3gica do Projeto Ax\u00e9 e do Projeto Quietude da Terra, a segunda, aborda os m\u00e9todos desenvolvidos no cotidiano e por \u00faltimo, encontra-se textos de especialistas com outros olhares sobre o esse processo. [ C\u00f3pia do cap\u00edtulo em pdf ]<\/p>\n","protected":false},"author":9,"featured_media":0,"parent":273,"menu_order":0,"comment_status":"closed","ping_status":"closed","template":"page-2col-left.php","meta":{"pgc_meta":"","_coblocks_attr":"","_coblocks_dimensions":"","_coblocks_responsive_height":"","_coblocks_accordion_ie_support":"","ocean_post_layout":"","ocean_both_sidebars_style":"","ocean_both_sidebars_content_width":0,"ocean_both_sidebars_sidebars_width":0,"ocean_sidebar":"","ocean_second_sidebar":"","ocean_disable_margins":"enable","ocean_add_body_class":"","ocean_shortcode_before_top_bar":"","ocean_shortcode_after_top_bar":"","ocean_shortcode_before_header":"","ocean_shortcode_after_header":"","ocean_has_shortcode":"","ocean_shortcode_after_title":"","ocean_shortcode_before_footer_widgets":"","ocean_shortcode_after_footer_widgets":"","ocean_shortcode_before_footer_bottom":"","ocean_shortcode_after_footer_bottom":"","ocean_display_top_bar":"default","ocean_display_header":"default","ocean_header_style":"","ocean_center_header_left_menu":"","ocean_custom_header_template":"","ocean_custom_logo":0,"ocean_custom_retina_logo":0,"ocean_custom_logo_max_width":0,"ocean_custom_logo_tablet_max_width":0,"ocean_custom_logo_mobile_max_width":0,"ocean_custom_logo_max_height":0,"ocean_custom_logo_tablet_max_height":0,"ocean_custom_logo_mobile_max_height":0,"ocean_header_custom_menu":"","ocean_menu_typo_font_family":"","ocean_menu_typo_font_subset":"","ocean_menu_typo_font_size":0,"ocean_menu_typo_font_size_tablet":0,"ocean_menu_typo_font_size_mobile":0,"ocean_menu_typo_font_size_unit":"px","ocean_menu_typo_font_weight":"","ocean_menu_typo_font_weight_tablet":"","ocean_menu_typo_font_weight_mobile":"","ocean_menu_typo_transform":"","ocean_menu_typo_transform_tablet":"","ocean_menu_typo_transform_mobile":"","ocean_menu_typo_line_height":0,"ocean_menu_typo_line_height_tablet":0,"ocean_menu_typo_line_height_mobile":0,"ocean_menu_typo_line_height_unit":"","ocean_menu_typo_spacing":0,"ocean_menu_typo_spacing_tablet":0,"ocean_menu_typo_spacing_mobile":0,"ocean_menu_typo_spacing_unit":"","ocean_menu_link_color":"","ocean_menu_link_color_hover":"","ocean_menu_link_color_active":"","ocean_menu_link_background":"","ocean_menu_link_hover_background":"","ocean_menu_link_active_background":"","ocean_menu_social_links_bg":"","ocean_menu_social_hover_links_bg":"","ocean_menu_social_links_color":"","ocean_menu_social_hover_links_color":"","ocean_disable_title":"default","ocean_disable_heading":"default","ocean_post_title":"","ocean_post_subheading":"","ocean_post_title_style":"","ocean_post_title_background_color":"","ocean_post_title_background":0,"ocean_post_title_bg_image_position":"","ocean_post_title_bg_image_attachment":"","ocean_post_title_bg_image_repeat":"","ocean_post_title_bg_image_size":"","ocean_post_title_height":0,"ocean_post_title_bg_overlay":0.5,"ocean_post_title_bg_overlay_color":"","ocean_disable_breadcrumbs":"default","ocean_breadcrumbs_color":"","ocean_breadcrumbs_separator_color":"","ocean_breadcrumbs_links_color":"","ocean_breadcrumbs_links_hover_color":"","ocean_display_footer_widgets":"default","ocean_display_footer_bottom":"default","ocean_custom_footer_template":"","_themeisle_gutenberg_block_has_review":false,"footnotes":""},"class_list":["post-248","page","type-page","status-publish","hentry","entry"],"pgc_meta":"","_links":{"self":[{"href":"https:\/\/blog.ufba.br\/nelsonpretto\/wp-json\/wp\/v2\/pages\/248"}],"collection":[{"href":"https:\/\/blog.ufba.br\/nelsonpretto\/wp-json\/wp\/v2\/pages"}],"about":[{"href":"https:\/\/blog.ufba.br\/nelsonpretto\/wp-json\/wp\/v2\/types\/page"}],"author":[{"embeddable":true,"href":"https:\/\/blog.ufba.br\/nelsonpretto\/wp-json\/wp\/v2\/users\/9"}],"replies":[{"embeddable":true,"href":"https:\/\/blog.ufba.br\/nelsonpretto\/wp-json\/wp\/v2\/comments?post=248"}],"version-history":[{"count":0,"href":"https:\/\/blog.ufba.br\/nelsonpretto\/wp-json\/wp\/v2\/pages\/248\/revisions"}],"up":[{"embeddable":true,"href":"https:\/\/blog.ufba.br\/nelsonpretto\/wp-json\/wp\/v2\/pages\/273"}],"wp:attachment":[{"href":"https:\/\/blog.ufba.br\/nelsonpretto\/wp-json\/wp\/v2\/media?parent=248"}],"curies":[{"name":"wp","href":"https:\/\/api.w.org\/{rel}","templated":true}]}}