{"id":2337,"date":"2011-09-09T00:17:25","date_gmt":"2011-09-09T03:17:25","guid":{"rendered":"https:\/\/blog.ufba.br\/nlpretto\/?page_id=2337"},"modified":"2011-09-09T00:17:25","modified_gmt":"2011-09-09T03:17:25","slug":"universidad-nacional-de-cuyo-set-2011","status":"publish","type":"page","link":"https:\/\/blog.ufba.br\/nelsonpretto\/home\/bien-venido\/universidad-nacional-de-cuyo-set-2011\/","title":{"rendered":"Universidad Nacional de Cuyo, set.2011"},"content":{"rendered":"<p><strong>Universidad Nacional de Cuyo<\/strong><\/p>\n<p>Mendoza, 06.09.2011<\/p>\n<p>Tema:<\/p>\n<h1 style=\"text-align: center\">La inclusi\u00f3n socio-digital en na educaci\u00f3n superior universitaria.<\/h1>\n<p style=\"text-align: left\">&nbsp;<\/p>\n<p style=\"text-align: left\">Noticia en la Web de la UNCu:<br \/>\n<a href=\"http:\/\/www.uncuvirtual.uncu.edu.ar\/novedades\/index\/nelson-pretto-en-la-universidad-nacional-de-cuyo\" target=\"_blank\" rel=\"noopener\">http:\/\/www.uncuvirtual.uncu.edu.ar\/novedades\/index\/nelson-pretto-en-la-universidad-nacional-de-cuyo<\/a><\/p>\n<p style=\"text-align: left\">Blog del CICUNC <a href=\"http:\/\/cicuncuncuyo.blogspot.com\/2011\/09\/desafios-de-la-tecnologia.html\" target=\"_blank\" rel=\"noopener\">http:\/\/cicuncuncuyo.blogspot.com\/2011\/09\/desafios-de-la-tecnologia.html<\/a><\/p>\n<p style=\"text-align: left\">Especialista brasile\u00f1o disertar\u00e1 sobre inclusi\u00f3n socio-digital en la UNCuyo<br \/>\n<a href=\"http:\/\/newsmaker4.com.ar\/clientes\/ecocuyo\/ecocuyo\/web\/ver_nota.php?id_noticia=221895&amp;id_edicion=14969&amp;news=211&amp;cli=180&amp;e=14969&amp;accion=ampliar\" target=\"_blank\" rel=\"noopener\">http:\/\/newsmaker4.com.ar\/clientes\/ecocuyo\/ecocuyo\/web\/ver_nota.php?id_noticia=221895&amp;id_edicion=14969&amp;news=211&amp;cli=180&amp;e=14969&amp;accion=ampliar<\/a><\/p>\n<p style=\"text-align: left\">&nbsp;<\/p>\n<p style=\"text-align: left\">Transmissi\u00f3n web de la conferencia<\/p>\n<p style=\"text-align: left\">&nbsp;<\/p>\n<figure id=\"attachment_2338\" aria-describedby=\"caption-attachment-2338\" style=\"width: 300px\" class=\"wp-caption aligncenter\"><a href=\"https:\/\/blog.ufba.br\/nlpretto\/files\/2011\/09\/Imagen1.jpg\"><img fetchpriority=\"high\" decoding=\"async\" class=\"size-medium wp-image-2338\" src=\"https:\/\/blog.ufba.br\/nlpretto\/files\/2011\/09\/Imagen1-300x168.jpg\" alt=\"Nelson pretto en la Universidad de Cuyo\" width=\"300\" height=\"168\" \/><\/a><figcaption id=\"caption-attachment-2338\" class=\"wp-caption-text\">Nelson Pretto en la Universidad de Cuyo<\/figcaption><\/figure>\n<p><a href=\"https:\/\/blog.ufba.br\/nlpretto\/files\/2011\/09\/Imagen5.jpg\"><img decoding=\"async\" class=\"aligncenter size-medium wp-image-2339\" src=\"https:\/\/blog.ufba.br\/nlpretto\/files\/2011\/09\/Imagen5-300x168.jpg\" alt=\"\" width=\"300\" height=\"168\" \/><\/a><\/p>\n","protected":false},"excerpt":{"rendered":"<p>Universidad Nacional de Cuyo Mendoza, 06.09.2011 Tema: La inclusi\u00f3n socio-digital en na educaci\u00f3n superior universitaria. &nbsp; Noticia en la Web de la UNCu: http:\/\/www.uncuvirtual.uncu.edu.ar\/novedades\/index\/nelson-pretto-en-la-universidad-nacional-de-cuyo Blog del CICUNC http:\/\/cicuncuncuyo.blogspot.com\/2011\/09\/desafios-de-la-tecnologia.html Especialista brasile\u00f1o disertar\u00e1 sobre inclusi\u00f3n socio-digital en la UNCuyo http:\/\/newsmaker4.com.ar\/clientes\/ecocuyo\/ecocuyo\/web\/ver_nota.php?id_noticia=221895&amp;id_edicion=14969&amp;news=211&amp;cli=180&amp;e=14969&amp;accion=ampliar &nbsp; Transmissi\u00f3n web de la conferencia &nbsp;<\/p>\n","protected":false},"author":9,"featured_media":0,"parent":2324,"menu_order":0,"comment_status":"closed","ping_status":"open","template":"","meta":{"pgc_meta":"","_coblocks_attr":"","_coblocks_dimensions":"","_coblocks_responsive_height":"","_coblocks_accordion_ie_support":"","ocean_post_layout":"","ocean_both_sidebars_style":"","ocean_both_sidebars_content_width":0,"ocean_both_sidebars_sidebars_width":0,"ocean_sidebar":"","ocean_second_sidebar":"","ocean_disable_margins":"enable","ocean_add_body_class":"","ocean_shortcode_before_top_bar":"","ocean_shortcode_after_top_bar":"","ocean_shortcode_before_header":"","ocean_shortcode_after_header":"","ocean_has_shortcode":"","ocean_shortcode_after_title":"","ocean_shortcode_before_footer_widgets":"","ocean_shortcode_after_footer_widgets":"","ocean_shortcode_before_footer_bottom":"","ocean_shortcode_after_footer_bottom":"","ocean_display_top_bar":"default","ocean_display_header":"default","ocean_header_style":"","ocean_center_header_left_menu":"","ocean_custom_header_template":"","ocean_custom_logo":0,"ocean_custom_retina_logo":0,"ocean_custom_logo_max_width":0,"ocean_custom_logo_tablet_max_width":0,"ocean_custom_logo_mobile_max_width":0,"ocean_custom_logo_max_height":0,"ocean_custom_logo_tablet_max_height":0,"ocean_custom_logo_mobile_max_height":0,"ocean_header_custom_menu":"","ocean_menu_typo_font_family":"","ocean_menu_typo_font_subset":"","ocean_menu_typo_font_size":0,"ocean_menu_typo_font_size_tablet":0,"ocean_menu_typo_font_size_mobile":0,"ocean_menu_typo_font_size_unit":"px","ocean_menu_typo_font_weight":"","ocean_menu_typo_font_weight_tablet":"","ocean_menu_typo_font_weight_mobile":"","ocean_menu_typo_transform":"","ocean_menu_typo_transform_tablet":"","ocean_menu_typo_transform_mobile":"","ocean_menu_typo_line_height":0,"ocean_menu_typo_line_height_tablet":0,"ocean_menu_typo_line_height_mobile":0,"ocean_menu_typo_line_height_unit":"","ocean_menu_typo_spacing":0,"ocean_menu_typo_spacing_tablet":0,"ocean_menu_typo_spacing_mobile":0,"ocean_menu_typo_spacing_unit":"","ocean_menu_link_color":"","ocean_menu_link_color_hover":"","ocean_menu_link_color_active":"","ocean_menu_link_background":"","ocean_menu_link_hover_background":"","ocean_menu_link_active_background":"","ocean_menu_social_links_bg":"","ocean_menu_social_hover_links_bg":"","ocean_menu_social_links_color":"","ocean_menu_social_hover_links_color":"","ocean_disable_title":"default","ocean_disable_heading":"default","ocean_post_title":"","ocean_post_subheading":"","ocean_post_title_style":"","ocean_post_title_background_color":"","ocean_post_title_background":0,"ocean_post_title_bg_image_position":"","ocean_post_title_bg_image_attachment":"","ocean_post_title_bg_image_repeat":"","ocean_post_title_bg_image_size":"","ocean_post_title_height":0,"ocean_post_title_bg_overlay":0.5,"ocean_post_title_bg_overlay_color":"","ocean_disable_breadcrumbs":"default","ocean_breadcrumbs_color":"","ocean_breadcrumbs_separator_color":"","ocean_breadcrumbs_links_color":"","ocean_breadcrumbs_links_hover_color":"","ocean_display_footer_widgets":"default","ocean_display_footer_bottom":"default","ocean_custom_footer_template":"","_themeisle_gutenberg_block_has_review":false,"footnotes":""},"class_list":["post-2337","page","type-page","status-publish","hentry","entry"],"pgc_meta":"","_links":{"self":[{"href":"https:\/\/blog.ufba.br\/nelsonpretto\/wp-json\/wp\/v2\/pages\/2337"}],"collection":[{"href":"https:\/\/blog.ufba.br\/nelsonpretto\/wp-json\/wp\/v2\/pages"}],"about":[{"href":"https:\/\/blog.ufba.br\/nelsonpretto\/wp-json\/wp\/v2\/types\/page"}],"author":[{"embeddable":true,"href":"https:\/\/blog.ufba.br\/nelsonpretto\/wp-json\/wp\/v2\/users\/9"}],"replies":[{"embeddable":true,"href":"https:\/\/blog.ufba.br\/nelsonpretto\/wp-json\/wp\/v2\/comments?post=2337"}],"version-history":[{"count":0,"href":"https:\/\/blog.ufba.br\/nelsonpretto\/wp-json\/wp\/v2\/pages\/2337\/revisions"}],"up":[{"embeddable":true,"href":"https:\/\/blog.ufba.br\/nelsonpretto\/wp-json\/wp\/v2\/pages\/2324"}],"wp:attachment":[{"href":"https:\/\/blog.ufba.br\/nelsonpretto\/wp-json\/wp\/v2\/media?parent=2337"}],"curies":[{"name":"wp","href":"https:\/\/api.w.org\/{rel}","templated":true}]}}