{"id":143,"date":"2013-06-22T17:57:55","date_gmt":"2013-06-22T20:57:55","guid":{"rendered":"http:\/\/blog.ufba.br\/liccomp\/?page_id=143"},"modified":"2013-06-22T17:57:55","modified_gmt":"2013-06-22T20:57:55","slug":"estagio-supervisionado","status":"publish","type":"page","link":"https:\/\/blog.ufba.br\/liccomp\/estagio-supervisionado\/","title":{"rendered":"Est\u00e1gio Supervisionado"},"content":{"rendered":"<p style=\"text-align: justify\"><strong>ESTAGIO CURRICULAR OBRIGAT\u00d3RIO<\/strong><\/p>\n<p style=\"text-align: justify\"><span style=\"font-size: 13px;font-weight: normal\">Nos dois \u00faltimos anos, a pr\u00e1tica pedag\u00f3gica se realizar\u00e1 sob a forma de Est\u00e1gio Supervisionado, desenvolvido, obrigatoriamente, no \u00e2mbito das institui\u00e7\u00f5es escolares de ensino fundamental, m\u00e9dio e \/ou tecnol\u00f3gico, obedecendo a um plano sistem\u00e1tico de observa\u00e7\u00e3o e investiga\u00e7\u00e3o participativa, que iniciar\u00e1 pela gest\u00e3o escolar e culminar\u00e1 com a reg\u00eancia compartilhada em sala de aula. Essa etapa ser\u00e1 de responsabilidade direta do professor de est\u00e1gio, entretanto, ser\u00e1 igualmente discutida, planejada, acompanhada e avaliada por todos os professores formadores.<\/span><\/p>\n<p style=\"text-align: justify\">O Est\u00e1gio Supervisionado contempla as seguintes dimens\u00f5es:<\/p>\n<ul style=\"text-align: justify\">\n<li>dar seq\u00fc\u00eancia \u00e0s atividades da pr\u00e1tica docente, oportunizando os futuros professores vivenciar as diferentes dimens\u00f5es da atua\u00e7\u00e3o profissional;<\/li>\n<li>deve ser realizado em escola de educa\u00e7\u00e3o b\u00e1sica, e de ensino t\u00e9cnico e\/ou tecnol\u00f3gico, em regime de colabora\u00e7\u00e3o, desenvolvendo-se a partir da segunda metade do curso;<\/li>\n<li>obedecer\u00e1 a norma e projeto de est\u00e1gio, planejado e avaliado conjuntamente pelo colegiado de curso e a escola-campo;<\/li>\n<li>oferecer\u00e1 ao futuro professor o conhecimento do real em situa\u00e7\u00e3o de trabalho, oportunizar\u00e1 a realiza\u00e7\u00e3o das compet\u00eancias exigidas e exig\u00edveis dos formandos, e a possibilidade de companhar alguns aspectos da vida escolar diferentemente das simula\u00e7\u00f5es experimentadas, participar da elabora\u00e7\u00e3o e\/ou da implementa\u00e7\u00e3o do projeto pedag\u00f3gico, da matr\u00edcula, do encontro com os pais etc;<\/li>\n<li>os professores em forma\u00e7\u00e3o que exer\u00e7am atividades docentes, h\u00e1 pelo menos um ano, poder\u00e3o reduzir a carga hor\u00e1ria do est\u00e1gio supervisionado at\u00e9 o m\u00e1ximo de 180h (cento e oitenta horas); de conformidade com as normas regulamentadoras de est\u00e1gio;<\/li>\n<li>dever\u00e1 se constituir em um eixo articulador entre o ensino e a pesquisa;<\/li>\n<li>o est\u00e1gio supervisionado totalizar\u00e1 408 horas, organizado em tempos diferentes, segundo os objetivos de cada momento da forma\u00e7\u00e3o.<\/li>\n<\/ul>\n<p style=\"text-align: justify\"><strong><a href=\"http:\/\/wiki.dcc.ufba.br\/pub\/LicComp\/EstagioSupervisionado\/estagio.pdf\" target=\"_top\" rel=\"noopener\">Aqui<\/a><\/strong>\u00a0est\u00e3o as atuais Instru\u00e7\u00f5es Normativas do Est\u00e1gio Supervisionado, aprovadas pela pela C\u00e2mara de Gradua\u00e7\u00e3o em agosto de 2009.<\/p>\n<p style=\"text-align: justify\">\n<p style=\"text-align: justify\"><strong>EST\u00c1GIO CURRICULAR N\u00c3O OBRIGAT\u00d3RIO<\/strong><\/p>\n<p>De acordo com as Normas do Curso de Licenciatura em Computa\u00e7\u00e3o para realiza\u00e7\u00e3o de Est\u00e1gio Supervisionado N\u00e3o Obrigat\u00f3rio (previsto no Projeto Pedag\u00f3gico do Curso e decidido na 28a Reuni\u00e3o deste Colegiado, em conform\u00e2ncia com a Lei 11.788\/08), s\u00e3o crit\u00e9rios para a realiza\u00e7\u00e3o de Est\u00e1gio:<\/p>\n<ul>\n<li>Estudante deve estar regularmente matriculado no semestre corrente;<\/li>\n<li>Ter sido aprovado em pelo menos 1 (hum) componente curricular durante a vig\u00eancia do est\u00e1gio (em caso de renova\u00e7\u00f5es)<\/li>\n<li>Estudante n\u00e3o pode ter pend\u00eancias com relat\u00f3rios ou documenta\u00e7\u00e3o de Est\u00e1gios realizados anteriormente no Curso;<\/li>\n<li>A Empresa Concedente ou Intermediadora do Est\u00e1gio deve possuir conv\u00eanio firmado com a Universidade para realiza\u00e7\u00e3o de Est\u00e1gio Supervisionado.<\/li>\n<\/ul>\n<p>Para assinatura de contrato de est\u00e1gio, o\/a estudante deve entregar 3 (tr\u00eas) vias do contrato devidamente assinado pela empresa concedente ou intermediadora do est\u00e1gio\u00a0 e pelo(a) estudante no Centro de Atendimento \u00e0 Gradua\u00e7\u00e3o (CEAG) . O CEAG verificar\u00e1 a exist\u00eancia de conv\u00eanio firmado entre a empresa e a Universidade e, em caso positivo, repassar\u00e1 ao Colegiado para que o mesmo avalie se o contrato de est\u00e1gio satisfaz os seguintes crit\u00e9rios:<\/p>\n<ol>\n<li>O contrato determina um Supervisor T\u00e9cnico na Empresa Concedente que deve se responsabilizar por orientar o\/a estudante nas suas atividades laborais dentro da empresa;<\/li>\n<li>O contrato determina ap\u00f3lice de Seguro Obrigat\u00f3rio para o\/a estudante estagi\u00e1rio(a), como determinado por Lei;<\/li>\n<li>O contrato possui vig\u00eancia m\u00e1xima de 6 (seis) meses;<\/li>\n<li>A carga hor\u00e1ria estabelecida em contrato n\u00e3o excede o limite de\u00a0 30hs\/semanais e 6hs\/di\u00e1rias;<\/li>\n<li>O contrato est\u00e1 anexo de plano de atividades prevendo as a\u00e7\u00f5es a serem desenvolvidas pelo(a) estagi\u00e1rio(a) durante a vig\u00eancia do contrato;<\/li>\n<li>O contrato cont\u00e9m espa\u00e7o para este Colegiado apontar professor orientador respons\u00e1vel pelo est\u00e1gio nesta Universidade<\/li>\n<li>O(a) estudante requerente n\u00e3o possui pend\u00eancias de documenta\u00e7\u00e3o de est\u00e1gios anteriores.<\/li>\n<\/ol>\n<p>&nbsp;<\/p>\n<p>\u00c9 de responsabilidade do(a) Estagi\u00e1rio(a) apresentar a este Colegiado relat\u00f3rio de atividades do(a) Estagi\u00e1rio(a) e Supervisor, devidamente assinado de acordo com Modelo abaixo.<\/p>\n<ul>\n<li><a href=\"https:\/\/drive.google.com\/open?id=1EumvfYKcyX4GwSMiKIxzHHPUqt-JLZog\">Modelo de Relat\u00f3rio do\u00a0Estagi\u00e1rio<\/a><\/li>\n<li><a href=\"https:\/\/drive.google.com\/open?id=1jEV8IgRTVfYWeayqOuyWLAVcjSsQsCO6\">Modelo de Relat\u00f3rio do\u00a0Supervisor<\/a><\/li>\n<\/ul>\n<p>IMPORTANTE:<\/p>\n<ol>\n<li>ESTE COLEGIADO N\u00c3O ASSINAR\u00c1 CONTRATOS DE EST\u00c1GIO COM DATA RETROATIVA<\/li>\n<li>A ASSINATURA DO TERMO DE EST\u00c1GIO SE DAR\u00c1 EM AT\u00c9 3 DIAS \u00daTEIS<\/li>\n<\/ol>\n<p>&nbsp;<\/p>\n","protected":false},"excerpt":{"rendered":"<p>ESTAGIO CURRICULAR OBRIGAT\u00d3RIO Nos dois \u00faltimos anos, a pr\u00e1tica pedag\u00f3gica se realizar\u00e1 sob a forma de Est\u00e1gio Supervisionado, desenvolvido, obrigatoriamente, no \u00e2mbito das institui\u00e7\u00f5es escolares de ensino fundamental, m\u00e9dio e \/ou tecnol\u00f3gico, obedecendo a um plano sistem\u00e1tico de observa\u00e7\u00e3o e &hellip;<\/p>\n<p class=\"read-more\"> <a class=\"more-link\" href=\"https:\/\/blog.ufba.br\/liccomp\/estagio-supervisionado\/\"> <span class=\"screen-reader-text\">Est\u00e1gio Supervisionado<\/span> Read More &raquo;<\/a><\/p>\n","protected":false},"author":1,"featured_media":0,"parent":0,"menu_order":0,"comment_status":"closed","ping_status":"closed","template":"full-width-page.php","meta":{"_coblocks_attr":"","_coblocks_dimensions":"","_coblocks_responsive_height":"","_coblocks_accordion_ie_support":"","_themeisle_gutenberg_block_has_review":false,"footnotes":""},"class_list":["post-143","page","type-page","status-publish","hentry"],"_links":{"self":[{"href":"https:\/\/blog.ufba.br\/liccomp\/wp-json\/wp\/v2\/pages\/143"}],"collection":[{"href":"https:\/\/blog.ufba.br\/liccomp\/wp-json\/wp\/v2\/pages"}],"about":[{"href":"https:\/\/blog.ufba.br\/liccomp\/wp-json\/wp\/v2\/types\/page"}],"author":[{"embeddable":true,"href":"https:\/\/blog.ufba.br\/liccomp\/wp-json\/wp\/v2\/users\/1"}],"replies":[{"embeddable":true,"href":"https:\/\/blog.ufba.br\/liccomp\/wp-json\/wp\/v2\/comments?post=143"}],"version-history":[{"count":0,"href":"https:\/\/blog.ufba.br\/liccomp\/wp-json\/wp\/v2\/pages\/143\/revisions"}],"wp:attachment":[{"href":"https:\/\/blog.ufba.br\/liccomp\/wp-json\/wp\/v2\/media?parent=143"}],"curies":[{"name":"wp","href":"https:\/\/api.w.org\/{rel}","templated":true}]}}