{"id":13,"date":"2013-06-22T02:12:54","date_gmt":"2013-06-22T05:12:54","guid":{"rendered":"http:\/\/blog.ufba.br\/liccomp\/?page_id=13"},"modified":"2013-06-22T02:12:54","modified_gmt":"2013-06-22T05:12:54","slug":"administracao","status":"publish","type":"page","link":"https:\/\/blog.ufba.br\/liccomp\/administracao\/","title":{"rendered":"Matr\u00edcula"},"content":{"rendered":"<p><span style=\"font-size: 13px;font-weight: normal\">Esclarecemos abaixo os procedimentos que implementam a matr\u00edcula na UFBA de acordo com o\u00a0<\/span><a href=\"http:\/\/www.sgc.ufba.br\/legisla%E7%E3o\/gradua%E7%E3o\/REG_revis%E3o_out_09.pdf\" target=\"_top\" rel=\"noopener\">Regulamento de Ensino de Gradua\u00e7\u00e3o<\/a><span style=\"font-size: 13px;font-weight: normal\">.<\/span><\/p>\n<div>\n<p>\u00a0A inscri\u00e7\u00e3o semestral em componentes curriculares, de qualquer aluno regular \u00e9 composta de 02 fases:<\/p>\n<p>I \u2013 primeira fase,\u00a0obrigat\u00f3ria, \u00e9\u00a0realizada via web\u00a0e \u00e9 constitu\u00edda de inscri\u00e7\u00e3o em componentes curriculares, pass\u00edvel de confirma\u00e7\u00e3o ou ajuste;<\/p>\n<p>II \u2013 segunda fase, presencial no colegiado de curso, para os alunos que necessitarem de ajuste na inscri\u00e7\u00e3o em componentes curriculares.<\/p>\n<p>Estas duas fases da inscri\u00e7\u00e3o semestral em componentes curriculares realizar-se-\u00e3o em per\u00edodos fixados no Calend\u00e1rio Acad\u00eamico.<\/p>\n<p>Existem limites para inscri\u00e7\u00e3o semestral em componentes curriculares, que s\u00e3o: limite m\u00ednimo de seis (6) horas semanais e limite m\u00e1ximo de trinta e seis (36) horas semanais,<\/p>\n<p>Para saber\u00a0tudo\u00a0sobre\u00a0Inscri\u00e7\u00e3o Semestral em Componentes Curriculares\u00a0veja o Regimento de Ensino de Gradua\u00e7\u00e3o l\u00e1 na\u00a0<a href=\"http:\/\/www.sgc.ufba.br\/legisla%E7%E3o\/gradua%E7%E3o\/REG_revis%E3o_out_09.pdf\" target=\"_top\" rel=\"noopener\">SGC<\/a>.<\/p>\n<p>Veja tamb\u00e9m\u00a0<a href=\"http:\/\/wiki.dcc.ufba.br\/pub\/LicComp\/Matricula\/Matricula_Web_2012-1.pdf\" target=\"_top\" rel=\"noopener\">as explica\u00e7\u00f5es do CPD sobre a matr\u00edcula web<\/a>.<\/p>\n<\/div>\n","protected":false},"excerpt":{"rendered":"<p>Esclarecemos abaixo os procedimentos que implementam a matr\u00edcula na UFBA de acordo com o\u00a0Regulamento de Ensino de Gradua\u00e7\u00e3o. \u00a0A inscri\u00e7\u00e3o semestral em componentes curriculares, de qualquer aluno regular \u00e9 composta de 02 fases: I \u2013 primeira fase,\u00a0obrigat\u00f3ria, \u00e9\u00a0realizada via web\u00a0e &hellip;<\/p>\n<p class=\"read-more\"> <a class=\"more-link\" href=\"https:\/\/blog.ufba.br\/liccomp\/administracao\/\"> <span class=\"screen-reader-text\">Matr\u00edcula<\/span> Read More &raquo;<\/a><\/p>\n","protected":false},"author":1,"featured_media":0,"parent":0,"menu_order":0,"comment_status":"closed","ping_status":"closed","template":"full-width-page.php","meta":{"_coblocks_attr":"","_coblocks_dimensions":"","_coblocks_responsive_height":"","_coblocks_accordion_ie_support":"","_themeisle_gutenberg_block_has_review":false,"footnotes":""},"class_list":["post-13","page","type-page","status-publish","hentry"],"_links":{"self":[{"href":"https:\/\/blog.ufba.br\/liccomp\/wp-json\/wp\/v2\/pages\/13"}],"collection":[{"href":"https:\/\/blog.ufba.br\/liccomp\/wp-json\/wp\/v2\/pages"}],"about":[{"href":"https:\/\/blog.ufba.br\/liccomp\/wp-json\/wp\/v2\/types\/page"}],"author":[{"embeddable":true,"href":"https:\/\/blog.ufba.br\/liccomp\/wp-json\/wp\/v2\/users\/1"}],"replies":[{"embeddable":true,"href":"https:\/\/blog.ufba.br\/liccomp\/wp-json\/wp\/v2\/comments?post=13"}],"version-history":[{"count":0,"href":"https:\/\/blog.ufba.br\/liccomp\/wp-json\/wp\/v2\/pages\/13\/revisions"}],"wp:attachment":[{"href":"https:\/\/blog.ufba.br\/liccomp\/wp-json\/wp\/v2\/media?parent=13"}],"curies":[{"name":"wp","href":"https:\/\/api.w.org\/{rel}","templated":true}]}}