{"id":86,"date":"2011-05-30T13:47:00","date_gmt":"2011-05-30T16:47:00","guid":{"rendered":"http:\/\/blog.ufba.br\/ici\/?page_id=86"},"modified":"2011-05-30T13:47:00","modified_gmt":"2011-05-30T16:47:00","slug":"biblioteca","status":"publish","type":"page","link":"https:\/\/blog.ufba.br\/ici\/biblioteca\/","title":{"rendered":"Biblioteca"},"content":{"rendered":"<p style=\"font-family: Verdana, Arial, Helvetica, sans-serif\"><span style=\"color: #808000;font-size: small\"><span style=\"font-family: Arial\">Biblioteca do ICI\/UFBA<\/span> <\/span><\/p>\n<p><span style=\"font-size: small\">A biblioteca do ICI tem como miss\u00e3o subsidiar as atividades de ensino , a realiza\u00e7\u00e3o de estudos e pesquisas na \u00e1rea de ci\u00eancia da informa\u00e7\u00e3o e atende aos cursos de arquivologia, biblioteconomia e p\u00f3s- gradua\u00e7\u00e3o em Ci\u00eancia da Informa\u00e7\u00e3o. A biblioteca do ICI faz parte do sistema de bibliotecas da UFBA. O acervo \u00e9 constitu\u00eddo de livros, disserta\u00e7\u00f5es, teses, monografias, peri\u00f3dico, fitas de v\u00eddeo, cds etc.<\/span><\/p>\n<p><span style=\"font-size: small\">Opera em sistema de livre acesso \u00e0s estantes, propiciando o contato mais pr\u00f3ximo do usu\u00e1rio com a literatura e uma utiliza\u00e7\u00e3o mais uniforme dos recursos informacionais dispon\u00edveis. O s servi\u00e7os oferecidos tem a finalidade de fornecer e facilitar o acesso \u00e0s informa\u00e7\u00f5es e ao material de refer\u00eancia dispon\u00edvel na \u00e1rea de Ci\u00eancia da Informa\u00e7\u00e3o.<\/span><\/p>\n<p><span style=\"font-size: small\"><strong><span style=\"color: #808000\">SERVI\u00c7OS OFERECIDOS<\/span><\/strong><\/span><\/p>\n<p><span style=\"font-size: small\">Acesso \u00e0 base Pergamum Acesso \u00e0 base de dados em Cd-Rom on line Acesso a internet Acesso ao Portal Capes Comuta\u00e7\u00e3o bibliogr\u00e1fica Orienta\u00e7\u00e3o ao usu\u00e1rio na consulta \u00e0s fontes de refer\u00eancia, sobre o uso da biblioteca e do ,acervo, da localiza\u00e7\u00e3o de obras nas estantes atrav\u00e9s de treinamentos, visitas orientadas. Disponibiliza a consulta a comunidade em geral, bem como o empr\u00e9stimo domiciliar a professores, alunos e funcion\u00e1rios . Oferece pesquisa on-line por autor, t\u00edtulo, assunto ou palavra-chave na base pergamum. Servi\u00e7o de Alerta. Publica\u00e7\u00f5es das novas aquisi\u00e7\u00f5es da biblioteca atrav\u00e9s de compra, doa\u00e7\u00f5es ou permuta.<\/span><\/p>\n<p><span style=\"color: #808000;font-size: small\"><strong>EQUIPE<\/strong><\/span><\/p>\n<p><span style=\"font-size: small\">Bibliotec\u00e1ria (Chefe de Biblioteca) &#8211; Urania Concei\u00e7\u00e3o de Ara\u00fajo<\/span><\/p>\n<p><span style=\"font-size: small\">Assistente Administrativo (consulta e empr\u00e9stimo) &#8211; Jussara Cassemiro da Costa<\/span><\/p>\n<p><span style=\"font-size: small\">Assistente Administrativo(consulta e empr\u00e9stimo) &#8211;\u00a0Viviane Selzemburg Sep\u00falveda<\/span><\/p>\n<p><span style=\"color: #808000;font-size: small\"><strong>HOR\u00c1RIO DE FUNCIONAMENTO<\/strong><\/span><\/p>\n<p><span style=\"font-size: small\">Segunda a sexta de 8:00 \u00e0s 19:00h<\/span><\/p>\n<p><span style=\"color: #808000;font-size: small\"><strong>CONTATO<\/strong><\/span><\/p>\n<p><span style=\"font-size: small\"><a href=\"mailto:bibici@ufba.br\">bibici@ufba.br<\/a><\/span><\/p>\n","protected":false},"excerpt":{"rendered":"<p>Biblioteca do ICI\/UFBA A biblioteca do ICI tem como miss\u00e3o subsidiar as atividades de ensino , a realiza\u00e7\u00e3o de estudos e pesquisas na \u00e1rea de ci\u00eancia da informa\u00e7\u00e3o e atende [&hellip;]<\/p>\n","protected":false},"author":26,"featured_media":0,"parent":0,"menu_order":1,"comment_status":"closed","ping_status":"closed","template":"","meta":{"_coblocks_attr":"","_coblocks_dimensions":"","_coblocks_responsive_height":"","_coblocks_accordion_ie_support":"","_themeisle_gutenberg_block_has_review":false,"footnotes":""},"class_list":["post-86","page","type-page","status-publish","hentry"],"_links":{"self":[{"href":"https:\/\/blog.ufba.br\/ici\/wp-json\/wp\/v2\/pages\/86"}],"collection":[{"href":"https:\/\/blog.ufba.br\/ici\/wp-json\/wp\/v2\/pages"}],"about":[{"href":"https:\/\/blog.ufba.br\/ici\/wp-json\/wp\/v2\/types\/page"}],"author":[{"embeddable":true,"href":"https:\/\/blog.ufba.br\/ici\/wp-json\/wp\/v2\/users\/26"}],"replies":[{"embeddable":true,"href":"https:\/\/blog.ufba.br\/ici\/wp-json\/wp\/v2\/comments?post=86"}],"version-history":[{"count":0,"href":"https:\/\/blog.ufba.br\/ici\/wp-json\/wp\/v2\/pages\/86\/revisions"}],"wp:attachment":[{"href":"https:\/\/blog.ufba.br\/ici\/wp-json\/wp\/v2\/media?parent=86"}],"curies":[{"name":"wp","href":"https:\/\/api.w.org\/{rel}","templated":true}]}}