{"id":59,"date":"2011-05-30T13:13:52","date_gmt":"2011-05-30T16:13:52","guid":{"rendered":"http:\/\/blog.ufba.br\/ici\/?page_id=59"},"modified":"2011-05-30T13:13:52","modified_gmt":"2011-05-30T16:13:52","slug":"informacoes","status":"publish","type":"page","link":"https:\/\/blog.ufba.br\/ici\/informacoes\/","title":{"rendered":"??? Eventos2"},"content":{"rendered":"<p><strong>I Semin\u00e1rio de Conhecimento, Inova\u00e7\u00e3o e Comunica\u00e7\u00e3o em Servi\u00e7os de Sa\u00fade<\/strong><\/p>\n<p>Informa\u00e7\u00f5es:\u00a0<a href=\"http:\/\/www.cicsaude2013.ici.ufba.br\/\">http:\/\/www.cicsaude2013.ici.ufba.br\/<\/a><\/p>\n<div>\n<table width=\"303\">\n<tbody>\n<tr>\n<td><strong>Local:<\/strong>Audit\u00f3rio Campus Salvador do Instituto Federal da Bahia (IFBA), Barbalho. Salvador \u2013 Bahia<\/td>\n<\/tr>\n<tr>\n<td><strong>Per\u00edodo<\/strong>:06 e 07 de junho de 2013.<\/td>\n<\/tr>\n<tr>\n<td><strong>P\u00fablico alvo:<\/strong>Estudantes, docentes, pesquisadores, profissionais, t\u00e9cnicos, empres\u00e1rios, financiadores e gestores de servi\u00e7os de sa\u00fade p\u00fablicos e privados, e demais atores envolvidos com o desenvolvimento de inova\u00e7\u00f5es em servi\u00e7os do complexo industrial da sa\u00fade.<\/td>\n<\/tr>\n<tr>\n<td><strong>Contato<\/strong><strong>:\u00a0<\/strong>\u00a0<a href=\"mailto:cicsaudebrasil2013@ufba.br\">cicsaudebrasil2013@ufba.br<\/a><\/td>\n<\/tr>\n<\/tbody>\n<\/table>\n<\/div>\n<p>________________________________________________________________<\/p>\n<p><strong> Reuni\u00e3o Brasileira de Ensino e Pesquisa em Arquivologia &#8211; III REPARQ<\/strong><\/p>\n<p><strong>Local: \u00a0<\/strong><span style=\"font-size: 16px;line-height: 24px\">Audit\u00f3rio do PAF III &#8211;\u00a0Campus de Ondina &#8211;\u00a0<\/span><span style=\"font-size: 16px;line-height: 24px\">Salvador &#8211; Bahia<\/span><\/p>\n<p><strong>Periodo:<\/strong> d<span style=\"line-height: 24px;font-size: 16px\">e 16 a 18\/10\/2013<\/span><\/p>\n<p style=\"line-height: 24px\"><strong>P\u00fablico alvo<\/strong><strong>:<\/strong> professores e pesquisadores de Arquivologia, estudantes de P\u00f3s-Gradua\u00e7\u00e3o.<\/p>\n<p style=\"line-height: 24px\"><strong>Contato:\u00a0<\/strong><a href=\"mailto:reparq2013@ufba.br\">reparq2013@ufba.br<\/a><\/p>\n<p style=\"line-height: 24px\"><strong>Informa\u00e7\u00f5es e inscri\u00e7\u00f5es:<\/strong>\u00a0<a href=\"http:\/\/www.reparq2013.ici.ufba.br\/\" target=\"_blank\" rel=\"noopener\">www.reparq2013.ici.ufba.br<\/a><\/p>\n<p style=\"line-height: 24px\">___________________________________________________<\/p>\n<p>1- Exposi\u00e7\u00e3o na Parede: [<strong>ICBA: Documentos de pesquisa e cultura<\/strong>]. Com documentos destacados durante pesquisa coordenada pelo prof. Dr. Rubens Ribeiro Gon\u00e7alves da Silva, com as bolsistas Cl\u00e1udia Herm\u00ednia Cruz Silva (PIBIC-FAPESB) Jeane Aguiar de Moura (PIBIC-CNPq), que resultou em duas apresenta\u00e7\u00f5es orais, uma comunica\u00e7\u00e3o escrita, uma monografia de TCC, um livro e uma exposi\u00e7\u00e3o. De 03 de setembro a 02 de outubro, na Parede Galeria do ICI.<\/p>\n<p>2- Evento no ICBA em parceria com o ICI e o SIBI: [<strong>Excel\u00eancia em Bibliotecas<\/strong>]. Dia 10 de setembro, no ICBA-Salvador.\u00a0<a title=\"evennto\" href=\"http:\/\/blog.ufba.br\/ici\/wp-content\/uploads\/sites\/14\/2012\/09\/Cartaz-ICBA-ICI-SIBI.jpg\">Clique aqui\u00a0<\/a>para visualizar o cartaz.<\/p>\n<p>3- Evento no ICBA: [<strong>Simp\u00f3sio Internacional: A Bahia e suas Representa\u00e7\u00f5es Culturais Estrangeiras : Pol\u00edticas de Cultura entre o Global e o Local<\/strong>], no \u00e2mbito das comemora\u00e7\u00f5es dos 50 anos do ICBA-Salvador. Dia 4 de setembro de 2012, no ICBA-Salvador, e dia 5 de setembro de 2012, no Instituto Cervantes. Clique aqui para visualizar o Folder do evento:\u00a0<a title=\"pag1\" href=\"http:\/\/blog.ufba.br\/ici\/wp-content\/uploads\/sites\/14\/2012\/09\/ICBA-1-de-2.jpg\">P\u00e1gina 1\u00a0<\/a>|\u00a0<a title=\"pag2\" href=\"http:\/\/blog.ufba.br\/ici\/wp-content\/uploads\/sites\/14\/2012\/09\/ICBA-2-de-2.jpg\">P\u00e1gina 2<\/a><\/p>\n<p>NOTA: Neste evento ser\u00e1 realizado o lan\u00e7amento do\u00a0\u00a0livro de ex-bolsistas PIBIC (CNPQ e FAPESB). O lan\u00e7amento ocorrer no dia 4 de setembro pelo\u00a0ICBA-Salvador \/ Goethe Institut Bahia-Salvador.\u00a0<strong>No livro est\u00e1 divulgado o\u00a0Trabalho de Conclus\u00e3o de Curso (TCC) de Cl\u00e1udia Herm\u00ednia e Jeane Moura.<\/strong><\/p>\n<p>____________________________________________________<\/p>\n<p><span style=\"color: #808000\"><span style=\"font-family: 'Times New Roman', serif\"><span style=\"font-size: small\"><strong>II Encuentro sobre Enriquecimiento y Conservaci\u00f3n de la Memoria Colectiva<\/strong><\/span><\/span><\/span><\/p>\n<p><span style=\"font-family: 'Times New Roman', serif\"><span style=\"font-size: small\"><strong>Data: 18 al 20 de julio de 2012<\/strong><\/span><\/span><\/p>\n<p><span style=\"font-family: 'Times New Roman', serif\"><span style=\"font-size: small\"><strong>Local: Complejo Cultural Foro Libertador, Caracas, Venezuela<\/strong><\/span><\/span><\/p>\n<p><span style=\"font-family: 'Times New Roman', serif\"><span style=\"font-size: small\"><strong>Informa\u00e7\u00f5es: <\/strong><\/span><\/span><a href=\"http:\/\/bieau.blogspot.com.br\/\">http:\/\/bieau.blogspot.com.br<\/a><\/p>\n<p>____________________________________________________<\/p>\n<p><span style=\"color: #808000\"><span style=\"font-family: 'Times New Roman', serif\"><span style=\"font-size: small\"><strong>II F\u00f3rum Baiano de Arquivos e Bibliotecas P\u00fablicas<\/strong><\/span><\/span><\/span><\/p>\n<p><span style=\"color: #808000\"><span style=\"font-family: 'Times New Roman', serif\"><span style=\"font-size: small\"><strong>VI Encontro Baiano de Arquivos Municipais<\/strong><\/span><\/span><\/span><\/p>\n<p><span style=\"font-family: 'Times New Roman', serif\"><span style=\"font-size: small\"><strong>Tema: Novas Tecnologias e o Acesso \u00e0 Informa\u00e7\u00e3o: desafios do s\u00e9culo XXI<\/strong><\/span><\/span><\/p>\n<p><span style=\"font-family: 'Times New Roman', serif\"><span style=\"font-size: small\"><strong>Per\u00edodo: de 25 a 27 de julho de 2012<\/strong><\/span><\/span><\/p>\n<p><span style=\"font-family: 'Times New Roman', serif\"><span style=\"font-size: small\"><strong>Local: Salvador, Bahia.<\/strong><\/span><\/span><\/p>\n<p>____________________________________________________<\/p>\n<p><strong><span style=\"color: #808000\"><span style=\"font-family: 'Times New Roman', serif\"><span style=\"font-size: small\">XXXV ENEBD Encontro Nacional de Estudantes de Biblioteconomia e Documenta\u00e7\u00e3o<\/span><\/span><\/span><\/strong><\/p>\n<p><strong><span style=\"font-family: 'Times New Roman', serif\"><span style=\"font-size: small\">Tema: <\/span><\/span><\/strong><span style=\"font-family: 'Times New Roman', serif\"><span style=\"font-size: small\"><strong>Identidades e contrastes na \u00e1rea de Ci\u00eancia da Informa\u00e7\u00e3o: quem somos, de onde viemos e para onde vamos?<\/strong><\/span><\/span><\/p>\n<p><strong><span style=\"font-family: 'Times New Roman', serif\"><span style=\"font-size: small\">Data: de <\/span><\/span><\/strong><span style=\"font-family: 'Times New Roman', serif\"><span style=\"font-size: small\"><strong>15 e 21 de julho de 2012<\/strong><\/span><\/span><\/p>\n<p><strong><span style=\"font-family: 'Times New Roman', serif\"><span style=\"font-size: small\">Local: <\/span><\/span><\/strong><span style=\"font-family: 'Times New Roman', serif\"><span style=\"font-size: small\"><strong>Escola de Ci\u00eancia da Informa\u00e7\u00e3o \u2013 UFMG<\/strong><\/span><\/span><\/p>\n<p><strong><span style=\"font-family: 'Times New Roman', serif\"><span style=\"font-size: small\">Informa\u00e7\u00f5es: <\/span><\/span><\/strong><a href=\"http:\/\/enebd2012.eci.ufmg.br\/\"><span style=\"font-family: 'Times New Roman', serif\"><span style=\"font-size: small\"><strong>http:\/\/enebd2012.eci.ufmg.br\/<\/strong><\/span><\/span><\/a><\/p>\n<p>____________________________________________________<\/p>\n<p><strong><span style=\"color: #808000\"><span style=\"font-family: 'Times New Roman', serif\"><span style=\"font-size: small\">5\u00ba F\u00f3rum Nacional de Museus<\/span><\/span><\/span><\/strong><\/p>\n<p><strong><span style=\"font-family: 'Times New Roman', serif\"><span style=\"font-size: small\">Tema: <\/span><\/span><\/strong><span style=\"font-family: 'Times New Roman', serif\"><span style=\"font-size: small\"><strong>40 anos da Declara\u00e7\u00e3o da Mesa-Redonda de Santiago do Chile<\/strong><\/span><\/span><\/p>\n<p><strong><span style=\"font-family: 'Times New Roman', serif\"><span style=\"font-size: small\">Data: de<\/span><\/span><\/strong><span style=\"font-family: 'Times New Roman', serif\"><span style=\"font-size: small\"><strong>16 a 20 de julho<\/strong><\/span><\/span><\/p>\n<p><strong><span style=\"font-family: 'Times New Roman', serif\"><span style=\"font-size: small\">Local: <\/span><\/span><\/strong><span style=\"font-family: 'Times New Roman', serif\"><span style=\"font-size: small\"><strong>Rio de Janeiro<\/strong><\/span><\/span><\/p>\n<p><strong><span style=\"font-family: 'Times New Roman', serif\"><span style=\"font-size: small\">Informa\u00e7\u00f5es: <\/span><\/span><\/strong><a href=\"http:\/\/www.museus.gov.br\/?s=5\u00ba+F\u00f3rum+de+Museus\"><span style=\"font-family: 'Times New Roman', serif\"><span style=\"font-size: small\"><strong>http:\/\/www.museus.gov.br\/?s=5%C2%BA+F%C3%B3rum+de+Museus<\/strong><\/span><\/span><\/a><\/p>\n<p>____________________________________________________<\/p>\n<p><span style=\"color: #808000\"><span style=\"font-family: 'Times New Roman', serif\"><span style=\"font-size: small\"><strong>XIII ENANCIB Encontro Nacional de Pesquisa em Ci\u00eancia da Informa\u00e7\u00e3o<\/strong><\/span><\/span><\/span><\/p>\n<p><span style=\"font-family: 'Times New Roman', serif\"><span style=\"font-size: small\"><strong>Per\u00edodo: <\/strong><\/span><\/span><strong><span style=\"font-family: 'Times New Roman', serif\"><span style=\"font-size: small\">28 a 31 de outubro de 2012<\/span><\/span><\/strong><\/p>\n<p><strong><span style=\"font-family: 'Times New Roman', serif\"><span style=\"font-size: small\">Local: Centro de Conven\u00e7\u00f5es Sul Am\u00e9rica \u2013 Rio de Janeiro<\/span><\/span><\/strong><\/p>\n<p><span style=\"font-family: 'Times New Roman', serif\"><span style=\"font-size: small\"><strong>Informa\u00e7\u00f5es: <a href=\"http:\/\/www.enancib2012.icict.fiocruz.br\/\">http:\/\/www.enancib2012.icict.fiocruz.br\/<\/a> <\/strong><\/span><\/span><\/p>\n<p>____________________________________________________________<\/p>\n<p><span style=\"color: #808019\"><span style=\"font-family: 'Times New Roman', serif\"><span style=\"font-size: small\"><strong>V CONGRESSO NACIONAL DE ARQUIVOLOGIA<\/strong><\/span><\/span><\/span><\/p>\n<p><span style=\"color: #000000\"><span style=\"font-family: 'Times New Roman', serif\"><span style=\"font-size: small\"><strong>Tema: <\/strong>Arquivologia e Internet: conex\u00f5es para o futuro<\/span><\/span><\/span><\/p>\n<p><span style=\"color: #000000\"><span style=\"font-family: 'Times New Roman', serif\"><span style=\"font-size: small\"><strong>Data:<\/strong> 01 a 05 de outubro de 2012<\/span><\/span><\/span><\/p>\n<p><span style=\"color: #000000\"><span style=\"font-family: 'Times New Roman', serif\"><span style=\"font-size: small\"><strong>Local:<\/strong> Salvador \u2013 Bahia<\/span><\/span><\/span><\/p>\n<p><span style=\"color: #000000\"><span style=\"font-family: 'Times New Roman', serif\"><span style=\"font-size: small\"><strong>Informa\u00e7\u00f5es:<\/strong><\/span><\/span><\/span><span style=\"color: #000000\"><span style=\"font-family: 'Times New Roman', serif\"><span style=\"font-size: small\"> <a href=\"http:\/\/www.enara.org.br\/cna2012\/\">http:\/\/www.enara.org.br\/cna2012\/<\/a> <\/span><\/span><\/span><\/p>\n<p><span style=\"color: #000000\"><span style=\"font-family: 'Times New Roman', serif\"><span style=\"font-size: small\">_____________________________________________________________<\/span><\/span><\/span><\/p>\n<p><strong><span style=\"color: #808019\"><span style=\"font-family: 'Times New Roman', serif\"><span style=\"font-size: small\">XVII CONGRESSO BRASILEIRO DE ARQUIVOLOGIA<\/span><\/span><\/span><\/strong><\/p>\n<p><span style=\"color: #000000\"><span style=\"font-family: 'Times New Roman', serif\"><span style=\"font-size: small\"><strong>Tema: <\/strong><\/span><\/span><\/span><span style=\"color: #000000\"><span style=\"font-family: 'Times New Roman', serif\"><span style=\"font-size: small\">Preserva\u00e7\u00e3o, Acesso, Difus\u00e3o: desafios para as institui\u00e7\u00f5es arquiv\u00edsticas no s\u00e9culo XXI<\/span><\/span><\/span><\/p>\n<p><span style=\"color: #000000\"><span style=\"font-family: 'Times New Roman', serif\"><span style=\"font-size: small\"><strong>Data: <\/strong><\/span><\/span><\/span><strong><span style=\"color: #000000\"><span style=\"font-family: 'Times New Roman', serif\"><span style=\"font-size: small\">18 a 22 de junho 2012<\/span><\/span><\/span><\/strong><\/p>\n<p><span style=\"color: #000000\"><span style=\"font-family: 'Times New Roman', serif\"><span style=\"font-size: small\"><strong>Local: <\/strong><\/span><\/span><\/span><strong><span style=\"color: #000000\"><span style=\"font-family: 'Times New Roman', serif\"><span style=\"font-size: small\">Rio de Janeiro<\/span><\/span><\/span><\/strong><span style=\"color: #000000\"><span style=\"font-family: 'Times New Roman', serif\"><span style=\"font-size: small\"> \u2013 RJ<\/span><\/span><\/span><\/p>\n<p><span style=\"color: #000000\"><span style=\"font-family: 'Times New Roman', serif\"><span style=\"font-size: small\"><strong>Informa\u00e7\u00f5es:<\/strong><\/span><\/span><\/span><span style=\"color: #000000\"><span style=\"font-family: 'Times New Roman', serif\"><span style=\"font-size: small\"> <a href=\"http:\/\/www.aab.org.br\/xviicba\/\">http:\/\/www.aab.org.br\/xviicba\/<\/a> <\/span><\/span><\/span><\/p>\n<p><span style=\"color: #000000\"><span style=\"font-family: 'Times New Roman', serif\"><span style=\"font-size: small\">______________________________________________________________<\/span><\/span><\/span><\/p>\n<p><span style=\"color: #808000\"><span style=\"font-family: 'Times New Roman', serif\"><span style=\"font-size: small\">X CONGRESO ARGENTINO DE ARCHIVISTICA<\/span><\/span><\/span><\/p>\n<p><span style=\"color: #000000\"><span style=\"font-family: 'Times New Roman', serif\"><span style=\"font-size: small\"><strong>Tema:<\/strong> Buenas Pr\u00e1cticas Archiv\u00edsticas<\/span><\/span><\/span><\/p>\n<p><span style=\"color: #000000\"><span style=\"font-family: 'Times New Roman', serif\"><span style=\"font-size: small\"><strong>Data:<\/strong> 17, 18 y 19 de Octubre de 2012<\/span><\/span><\/span><\/p>\n<p><span style=\"color: #000000\"><span style=\"font-family: 'Times New Roman', serif\"><span style=\"font-size: small\"><strong>Local:<\/strong> Paran\u00e1 Entre R\u00edos- Rep\u00fablica Argentina<\/span><\/span><\/span><\/p>\n<p><span style=\"color: #000000\"><span style=\"font-family: 'Times New Roman', serif\"><span style=\"font-size: small\"><strong>Informa\u00e7\u00f5es: <\/strong><\/span><\/span><\/span><span style=\"font-family: 'Times New Roman', serif\"><span style=\"font-size: small\"><strong><a href=\"http:\/\/www.mundoarchivistico.com\/?menu=noticias&amp;accion=ver&amp;id=1294\">http:\/\/www.mundoarchivistico.com<\/a> <\/strong><\/span><\/span><\/p>\n<p><span style=\"color: #000000\"><span style=\"font-family: 'Times New Roman', serif\"><span style=\"font-size: small\"><strong>_______________________________________________________________<\/strong><\/span><\/span><\/span><\/p>\n<p><strong><span style=\"color: #808019\"><span style=\"font-family: 'Times New Roman', serif\"><span style=\"font-size: small\">XVI ENCONTRO NACIONAL DOS ESTUDANTES DE ARQUIVOLOGIA<\/span><\/span><\/span><\/strong><\/p>\n<p><span style=\"color: #000000\"><span style=\"font-family: 'Times New Roman', serif\"><span style=\"font-size: small\"><strong>Tema: <\/strong><\/span><\/span><\/span><span style=\"color: #000000\"><span style=\"font-family: 'Times New Roman', serif\"><span style=\"font-size: small\">Arquivologia e Ci\u00eancia: uma uni\u00e3o necess\u00e1ria para o avan\u00e7o da sociedade<\/span><\/span><\/span><\/p>\n<p><span style=\"color: #000000\"><span style=\"font-family: 'Times New Roman', serif\"><span style=\"font-size: small\"><strong>Data: <\/strong><\/span><\/span><\/span><span style=\"color: #000000\"><span style=\"font-family: 'Times New Roman', serif\"><span style=\"font-size: small\">16 a 21 de julho<\/span><\/span><\/span><\/p>\n<p><span style=\"color: #000000\"><span style=\"font-family: 'Times New Roman', serif\"><span style=\"font-size: small\"><strong>Local:<\/strong> <\/span><\/span><\/span><span style=\"color: #000000\"><span style=\"font-family: 'Times New Roman', serif\"><span style=\"font-size: small\">Vit\u00f3ria &#8211; ES<\/span><\/span><\/span><\/p>\n<p><span style=\"color: #000000\"><span style=\"font-family: 'Times New Roman', serif\"><span style=\"font-size: small\"><strong>Informa\u00e7\u00f5es: <\/strong><\/span><\/span><\/span><span style=\"font-family: 'Times New Roman', serif\"><span style=\"font-size: small\"><a href=\"http:\/\/enearq2012.blogspot.com.br\/\">http:\/\/enearq2012.blogspot.com.br\/<\/a> <\/span><\/span><\/p>\n<p><strong>__________________________________________________________<\/strong><\/p>\n<p>&nbsp;<\/p>\n<p style=\"text-align: -webkit-auto\"><span style=\"color: #808000;font-family: 'Times New Roman', serif;font-size: small\"><br \/>\n<\/span><\/p>\n<p>&nbsp;<\/p>\n","protected":false},"excerpt":{"rendered":"<p>I Semin\u00e1rio de Conhecimento, Inova\u00e7\u00e3o e Comunica\u00e7\u00e3o em Servi\u00e7os de Sa\u00fade Informa\u00e7\u00f5es:\u00a0http:\/\/www.cicsaude2013.ici.ufba.br\/ Local:Audit\u00f3rio Campus Salvador do Instituto Federal da Bahia (IFBA), Barbalho. Salvador \u2013 Bahia Per\u00edodo:06 e 07 de junho [&hellip;]<\/p>\n","protected":false},"author":26,"featured_media":0,"parent":0,"menu_order":8,"comment_status":"open","ping_status":"closed","template":"","meta":{"_coblocks_attr":"","_coblocks_dimensions":"","_coblocks_responsive_height":"","_coblocks_accordion_ie_support":"","_themeisle_gutenberg_block_has_review":false,"footnotes":""},"class_list":["post-59","page","type-page","status-publish","hentry"],"_links":{"self":[{"href":"https:\/\/blog.ufba.br\/ici\/wp-json\/wp\/v2\/pages\/59"}],"collection":[{"href":"https:\/\/blog.ufba.br\/ici\/wp-json\/wp\/v2\/pages"}],"about":[{"href":"https:\/\/blog.ufba.br\/ici\/wp-json\/wp\/v2\/types\/page"}],"author":[{"embeddable":true,"href":"https:\/\/blog.ufba.br\/ici\/wp-json\/wp\/v2\/users\/26"}],"replies":[{"embeddable":true,"href":"https:\/\/blog.ufba.br\/ici\/wp-json\/wp\/v2\/comments?post=59"}],"version-history":[{"count":0,"href":"https:\/\/blog.ufba.br\/ici\/wp-json\/wp\/v2\/pages\/59\/revisions"}],"wp:attachment":[{"href":"https:\/\/blog.ufba.br\/ici\/wp-json\/wp\/v2\/media?parent=59"}],"curies":[{"name":"wp","href":"https:\/\/api.w.org\/{rel}","templated":true}]}}