{"id":319,"date":"2011-08-10T11:35:33","date_gmt":"2011-08-10T14:35:33","guid":{"rendered":"http:\/\/blog.ufba.br\/ici\/?page_id=319"},"modified":"2011-08-10T11:35:33","modified_gmt":"2011-08-10T14:35:33","slug":"projeto-arquivologia","status":"publish","type":"page","link":"https:\/\/blog.ufba.br\/ici\/ensino\/arquivologia\/projeto-arquivologia\/","title":{"rendered":"Projeto Pedag\u00f3gico &#8211; Arquivologia"},"content":{"rendered":"<p><em><span style=\"font-size: small\">O Projeto Pedag\u00f3gico do curso de Arquivologia foi atualizado em <strong>16 de outubro de 2009<\/strong>.<\/span><\/em><\/p>\n<p><em><span style=\"font-size: small\"><a title=\"projeto\" href=\"http:\/\/blog.ufba.br\/ici\/wp-content\/uploads\/sites\/14\/2011\/08\/PROJETO_PEDAGOGICO__REVISAO_16out2009_.pdf\" target=\"_blank\" rel=\"noopener\">Projeto Pedag\u00f3gico<\/a>\u00a0<\/span><\/em><\/p>\n<p><em><span style=\"font-size: small\">O Projeto Pedag\u00f3gico do curso de Arquivologia apresenta curr\u00edculo constitu\u00eddo de um elenco de componentes curriculares obrigat\u00f3rios e optativos (disciplinas, est\u00e1gios, atividades, atividades complementares, trabalho de conclus\u00e3o de curso).<\/span><\/em><\/p>\n<p><em>Atualmente, uma \u00fanica matriz curricular (2009.1) est\u00e1 ativa para o turno noturno.\u00a0<\/em><em>No turno diurno, cinco matrizes curriculares est\u00e3o ativas (2001.1, 2004.1, 2007.1, 2009.1 e 2010.1).\u00a0<em>A partir de 2010.1 os turnos diurno e noturno tem a matriz curricular id\u00eantica.<\/em><\/em><\/p>\n<p><span style=\"text-decoration: underline\"><em>ATEN\u00c7\u00c3O: O estudante deve cumprir a matriz curricular na qual ingressou no curso.<\/em><\/span><\/p>\n<p><em><a title=\"planos\" href=\"http:\/\/blog.ufba.br\/ici\/wp-content\/uploads\/sites\/14\/2011\/08\/PLANOS_DE_AULA_VLIDOS_NOTURNO_DIURNO_A_PARTIR_DE_2010.1.pdf\" target=\"_blank\" rel=\"noopener\">PLANOS DE AULA 2010.1<\/a><\/em><\/p>\n<p><em><a title=\"ementas\" href=\"http:\/\/blog.ufba.br\/ici\/wp-content\/uploads\/sites\/14\/2012\/07\/ProjetoPedagogico_ementas.pdf\">EMENTAS 2010.1<\/a><\/em><\/p>\n<p>&nbsp;<\/p>\n<p>&nbsp;<\/p>\n<p>&nbsp;<\/p>\n<p>&nbsp;<\/p>\n","protected":false},"excerpt":{"rendered":"<p>O Projeto Pedag\u00f3gico do curso de Arquivologia foi atualizado em 16 de outubro de 2009. Projeto Pedag\u00f3gico\u00a0 O Projeto Pedag\u00f3gico do curso de Arquivologia apresenta curr\u00edculo constitu\u00eddo de um elenco [&hellip;]<\/p>\n","protected":false},"author":26,"featured_media":0,"parent":155,"menu_order":2,"comment_status":"closed","ping_status":"closed","template":"","meta":{"_coblocks_attr":"","_coblocks_dimensions":"","_coblocks_responsive_height":"","_coblocks_accordion_ie_support":"","_themeisle_gutenberg_block_has_review":false,"footnotes":""},"class_list":["post-319","page","type-page","status-publish","hentry"],"_links":{"self":[{"href":"https:\/\/blog.ufba.br\/ici\/wp-json\/wp\/v2\/pages\/319"}],"collection":[{"href":"https:\/\/blog.ufba.br\/ici\/wp-json\/wp\/v2\/pages"}],"about":[{"href":"https:\/\/blog.ufba.br\/ici\/wp-json\/wp\/v2\/types\/page"}],"author":[{"embeddable":true,"href":"https:\/\/blog.ufba.br\/ici\/wp-json\/wp\/v2\/users\/26"}],"replies":[{"embeddable":true,"href":"https:\/\/blog.ufba.br\/ici\/wp-json\/wp\/v2\/comments?post=319"}],"version-history":[{"count":0,"href":"https:\/\/blog.ufba.br\/ici\/wp-json\/wp\/v2\/pages\/319\/revisions"}],"up":[{"embeddable":true,"href":"https:\/\/blog.ufba.br\/ici\/wp-json\/wp\/v2\/pages\/155"}],"wp:attachment":[{"href":"https:\/\/blog.ufba.br\/ici\/wp-json\/wp\/v2\/media?parent=319"}],"curies":[{"name":"wp","href":"https:\/\/api.w.org\/{rel}","templated":true}]}}