{"id":2647,"date":"2021-03-02T15:56:39","date_gmt":"2021-03-02T18:56:39","guid":{"rendered":"http:\/\/blog.ufba.br\/ici\/?page_id=2647"},"modified":"2021-03-02T15:56:39","modified_gmt":"2021-03-02T18:56:39","slug":"fontes-de-informacao","status":"publish","type":"page","link":"https:\/\/blog.ufba.br\/ici\/fontes-de-informacao\/","title":{"rendered":"Fontes de Informa\u00e7\u00e3o"},"content":{"rendered":"<p><strong><a href=\"https:\/\/www.scielo.br\/\" target=\"_blank\" rel=\"noopener\">SciELO Brasil<\/a><\/strong><\/p>\n<p><strong><a href=\"http:\/\/books.scielo.org\/\" target=\"_blank\" rel=\"noopener\">SciELO Livros<\/a><\/strong><\/p>\n<p><strong><span id=\"m_592819909578982126yui_3_17_2_1_1611596383785_3706\"><span id=\"m_592819909578982126yui_3_17_2_1_1611596383785_3705\"><span id=\"m_592819909578982126yui_3_17_2_1_1611596383785_3704\"><a href=\"http:\/\/oasisbr.ibict.br\/vufind\/\" target=\"_blank\" rel=\"noopener\">oasisbr \u2013 Portal Brasileiro de publica\u00e7\u00f5es brasileiras em acesso aberto<\/a><\/span><\/span><\/span><\/strong><\/p>\n<p><strong><a href=\"http:\/\/www.sibi.ufba.br\/\" target=\"_blank\" rel=\"noopener\">Sistema Universit\u00e1rio de Bibliotecas\/UFBA<\/a><\/strong><\/p>\n<p><strong><a href=\"https:\/\/repositorio.ufba.br\/ri\/\" target=\"_blank\" rel=\"noopener\">Reposit\u00f3rio Institucional<\/a><\/strong><\/p>\n<p><strong><a href=\"http:\/\/www.pergamum.bib.ufba.br\/pergamum\/biblioteca\/index.php?resolution2=1024_1\" target=\"_blank\" rel=\"noopener\">Pergamum UFBA (catalogo online)<\/a><\/strong><\/p>\n<p><strong><a href=\"https:\/\/portalseer.ufba.br\/\" target=\"_blank\" rel=\"noopener\">Portal de Peri\u00f3dicos da UFBA<\/a><\/strong><\/p>\n<p><strong><a href=\"https:\/\/repositorio.unb.br\/handle\/10482\/34113\" target=\"_blank\" rel=\"noopener\">Dicion\u00e1rio de Biblioteconomia e Arquivologia<\/a><\/strong><\/p>\n","protected":false},"excerpt":{"rendered":"<p>SciELO Brasil SciELO Livros oasisbr \u2013 Portal Brasileiro de publica\u00e7\u00f5es brasileiras em acesso aberto Sistema Universit\u00e1rio de Bibliotecas\/UFBA Reposit\u00f3rio Institucional Pergamum UFBA (catalogo online) Portal de Peri\u00f3dicos da UFBA Dicion\u00e1rio [&hellip;]<\/p>\n","protected":false},"author":29,"featured_media":0,"parent":0,"menu_order":0,"comment_status":"open","ping_status":"open","template":"","meta":{"_coblocks_attr":"","_coblocks_dimensions":"","_coblocks_responsive_height":"","_coblocks_accordion_ie_support":"","_themeisle_gutenberg_block_has_review":false,"footnotes":""},"class_list":["post-2647","page","type-page","status-publish","hentry"],"_links":{"self":[{"href":"https:\/\/blog.ufba.br\/ici\/wp-json\/wp\/v2\/pages\/2647"}],"collection":[{"href":"https:\/\/blog.ufba.br\/ici\/wp-json\/wp\/v2\/pages"}],"about":[{"href":"https:\/\/blog.ufba.br\/ici\/wp-json\/wp\/v2\/types\/page"}],"author":[{"embeddable":true,"href":"https:\/\/blog.ufba.br\/ici\/wp-json\/wp\/v2\/users\/29"}],"replies":[{"embeddable":true,"href":"https:\/\/blog.ufba.br\/ici\/wp-json\/wp\/v2\/comments?post=2647"}],"version-history":[{"count":0,"href":"https:\/\/blog.ufba.br\/ici\/wp-json\/wp\/v2\/pages\/2647\/revisions"}],"wp:attachment":[{"href":"https:\/\/blog.ufba.br\/ici\/wp-json\/wp\/v2\/media?parent=2647"}],"curies":[{"name":"wp","href":"https:\/\/api.w.org\/{rel}","templated":true}]}}