{"id":26,"date":"2011-05-30T12:23:51","date_gmt":"2011-05-30T15:23:51","guid":{"rendered":"http:\/\/blog.ufba.br\/ici\/?page_id=26"},"modified":"2011-05-30T12:23:51","modified_gmt":"2011-05-30T15:23:51","slug":"publicacoes","status":"publish","type":"page","link":"https:\/\/blog.ufba.br\/ici\/publicacoes\/","title":{"rendered":"Publica\u00e7\u00f5es"},"content":{"rendered":"<p><img loading=\"lazy\" decoding=\"async\" src=\"http:\/\/www.portalseer.ufba.br\/public\/journals\/9\/homeHeaderTitleImage_pt_BR.gif\" alt=\"ponto\" width=\"400\" height=\"75\" \/><\/p>\n<p><span style=\"font-size: small\"><a href=\"http:\/\/www.portalseer.ufba.br\/index.php\/revistaici\/index\">VISITE A REVISTA PONTODEACESSO!<\/a><\/span><\/p>\n<p><span style=\"font-size: small\"><span style=\"color: #808000\"><strong>PontodeAcesso<\/strong><\/span> \u00e9 uma publica\u00e7\u00e3o semestral do Instituto de Ci\u00eancia da Informa\u00e7\u00e3o da UFBA e tem como finalidade divulgar estudos, pesquisas, ensaios, resenhas e outros tipos de produ\u00e7\u00e3o acad\u00eamica, no campo da Informa\u00e7\u00e3o. H\u00e1 particular interesse em materiais oriundos da Biblioteconomia, Arquivologia e Ci\u00eancia da Informa\u00e7\u00e3o.<\/span><\/p>\n<p>&nbsp;<\/p>\n","protected":false},"excerpt":{"rendered":"<p>VISITE A REVISTA PONTODEACESSO! PontodeAcesso \u00e9 uma publica\u00e7\u00e3o semestral do Instituto de Ci\u00eancia da Informa\u00e7\u00e3o da UFBA e tem como finalidade divulgar estudos, pesquisas, ensaios, resenhas e outros tipos de [&hellip;]<\/p>\n","protected":false},"author":26,"featured_media":0,"parent":0,"menu_order":4,"comment_status":"closed","ping_status":"closed","template":"","meta":{"_coblocks_attr":"","_coblocks_dimensions":"","_coblocks_responsive_height":"","_coblocks_accordion_ie_support":"","_themeisle_gutenberg_block_has_review":false,"footnotes":""},"class_list":["post-26","page","type-page","status-publish","hentry"],"_links":{"self":[{"href":"https:\/\/blog.ufba.br\/ici\/wp-json\/wp\/v2\/pages\/26"}],"collection":[{"href":"https:\/\/blog.ufba.br\/ici\/wp-json\/wp\/v2\/pages"}],"about":[{"href":"https:\/\/blog.ufba.br\/ici\/wp-json\/wp\/v2\/types\/page"}],"author":[{"embeddable":true,"href":"https:\/\/blog.ufba.br\/ici\/wp-json\/wp\/v2\/users\/26"}],"replies":[{"embeddable":true,"href":"https:\/\/blog.ufba.br\/ici\/wp-json\/wp\/v2\/comments?post=26"}],"version-history":[{"count":0,"href":"https:\/\/blog.ufba.br\/ici\/wp-json\/wp\/v2\/pages\/26\/revisions"}],"wp:attachment":[{"href":"https:\/\/blog.ufba.br\/ici\/wp-json\/wp\/v2\/media?parent=26"}],"curies":[{"name":"wp","href":"https:\/\/api.w.org\/{rel}","templated":true}]}}