{"id":1259,"date":"2012-09-12T12:23:07","date_gmt":"2012-09-12T15:23:07","guid":{"rendered":"http:\/\/blog.ufba.br\/ici\/?page_id=1259"},"modified":"2012-09-12T12:23:07","modified_gmt":"2012-09-12T15:23:07","slug":"nulab","status":"publish","type":"page","link":"https:\/\/blog.ufba.br\/ici\/nulab\/","title":{"rendered":"Laborat\u00f3rios &#8211; NULAB"},"content":{"rendered":"<p>Coordenadora:<\/p>\n<p><strong><a href=\"http:\/\/blog.ufba.br\/ici\/laboratorios\/\">Laborat\u00f3rio Acad\u00eamico de Inform\u00e1tica \u2013 LAI<\/a><\/strong><\/p>\n<p>Laborat\u00f3rio de Conserva\u00e7\u00e3o Digital Orientado a Preserva\u00e7\u00e3o<\/p>\n<p>Laborat\u00f3rio de Conserva\u00e7\u00e3o Preventiva de Documentos<\/p>\n","protected":false},"excerpt":{"rendered":"<p>Coordenadora: Laborat\u00f3rio Acad\u00eamico de Inform\u00e1tica \u2013 LAI Laborat\u00f3rio de Conserva\u00e7\u00e3o Digital Orientado a Preserva\u00e7\u00e3o Laborat\u00f3rio de Conserva\u00e7\u00e3o Preventiva de Documentos<\/p>\n","protected":false},"author":1,"featured_media":0,"parent":0,"menu_order":0,"comment_status":"open","ping_status":"open","template":"","meta":{"_coblocks_attr":"","_coblocks_dimensions":"","_coblocks_responsive_height":"","_coblocks_accordion_ie_support":"","_themeisle_gutenberg_block_has_review":false,"footnotes":""},"class_list":["post-1259","page","type-page","status-publish","hentry"],"_links":{"self":[{"href":"https:\/\/blog.ufba.br\/ici\/wp-json\/wp\/v2\/pages\/1259"}],"collection":[{"href":"https:\/\/blog.ufba.br\/ici\/wp-json\/wp\/v2\/pages"}],"about":[{"href":"https:\/\/blog.ufba.br\/ici\/wp-json\/wp\/v2\/types\/page"}],"author":[{"embeddable":true,"href":"https:\/\/blog.ufba.br\/ici\/wp-json\/wp\/v2\/users\/1"}],"replies":[{"embeddable":true,"href":"https:\/\/blog.ufba.br\/ici\/wp-json\/wp\/v2\/comments?post=1259"}],"version-history":[{"count":0,"href":"https:\/\/blog.ufba.br\/ici\/wp-json\/wp\/v2\/pages\/1259\/revisions"}],"wp:attachment":[{"href":"https:\/\/blog.ufba.br\/ici\/wp-json\/wp\/v2\/media?parent=1259"}],"curies":[{"name":"wp","href":"https:\/\/api.w.org\/{rel}","templated":true}]}}