{"id":1249,"date":"2012-09-12T12:15:48","date_gmt":"2012-09-12T15:15:48","guid":{"rendered":"http:\/\/blog.ufba.br\/ici\/?page_id=1249"},"modified":"2012-09-12T12:15:48","modified_gmt":"2012-09-12T15:15:48","slug":"educacao-a-distancia","status":"publish","type":"page","link":"https:\/\/blog.ufba.br\/ici\/educacao-a-distancia\/","title":{"rendered":"Educa\u00e7\u00e3o a Dist\u00e2ncia \u2013 NEaD"},"content":{"rendered":"<h2><span style=\"color: #000000\"><strong>Bacharelado em Biblioteconomia<\/strong><\/span><\/h2>\n<p style=\"text-align: justify\"><span style=\"color: #000000\">O curso de gradua\u00e7\u00e3o em Biblioteconomia foi criado na Bahia no ano de 1942, com objetivo de capacitar os profissionais para atuarem na organiza\u00e7\u00e3o dos acervos p\u00fablicos e privados. Em 1954, o curso alterou sua nomenclatura para Biblioteconomia e Documenta\u00e7\u00e3o e passou a fazer parte dos cursos ofertados pela Universidade da Bahia, atual Universidade Federal da Bahia. Ao longo de sua trajet\u00f3ria de mais de sete d\u00e9cadas, o curso foi ampliando as perspectivas de atua\u00e7\u00e3o do Bacharel em Biblioteconomia e Documenta\u00e7\u00e3o para atender as demandas informacionais dos diferentes segmentos da sociedade e os avan\u00e7os tecnol\u00f3gicos. Atualmente, o curso promove compet\u00eancias e habilidades para o Bacharel em Biblioteconomia e Documenta\u00e7\u00e3o atuar em bibliotecas p\u00fablicas, escolares, universit\u00e1rias e especializadas, com acervos f\u00edsicos e\/ou digitais, bem como na gest\u00e3o de informa\u00e7\u00e3o, na pesquisa, na intelig\u00eancia tecnol\u00f3gica, na consultoria e editora\u00e7\u00e3o.<\/span><\/p>\n<p><span style=\"color: #000000\"><strong>Coordenadora:<\/strong> K\u00e1tia de Oliveira Rodrigues<\/span><\/p>\n<h5 style=\"padding-left: 30px\"><a href=\"https:\/\/alunoweb.ufba.br\/SiacWWW\/ListaDisciplinasEmentaPublico.do?cdCurso=537140&amp;nuPerCursoInicial=20191\">Matriz Curricular<\/a><\/h5>\n<p style=\"padding-left: 30px\"><span style=\"color: #000000\">Carga hor\u00e1ria: 2895 horas<\/span><\/p>\n<p style=\"padding-left: 30px\"><span style=\"color: #000000\">Dura\u00e7\u00e3o m\u00ednima: 32 meses (letivos) \/ 48 (total)<\/span><\/p>\n<p style=\"padding-left: 30px\"><span style=\"color: #000000\">Situa\u00e7\u00e3o: em andamento<\/span><\/p>\n<p style=\"padding-left: 30px\"><span style=\"color: #000000\">Ano da oferta: 2020<\/span><\/p>\n<p style=\"padding-left: 30px\"><span style=\"color: #000000\">Financiamento: UAB\/CAPES<\/span><\/p>\n<p style=\"padding-left: 30px\"><span style=\"color: #000000\">Unidade Acad\u00eamica: Instituto de Ci\u00eancia da Informa\u00e7\u00e3o\/UFBA<\/span><\/p>\n<p style=\"padding-left: 30px\"><span style=\"color: #000000\">Polos: <a href=\"https:\/\/sead.ufba.br\/ilheus\">Ilh\u00e9us<\/a> &#8211; <a href=\"https:\/\/sead.ufba.br\/juazeiro\">Juazeiro<\/a> &#8211; <a href=\"https:\/\/sead.ufba.br\/santo-amaro\">Santo Amaro<\/a> &#8211; <a href=\"https:\/\/sead.ufba.br\/vitoria-da-conquista\">Vit\u00f3ria da Conquista<\/a><\/span><\/p>\n<address>Telefone: (71) 3283-6490<\/address>\n<address><span style=\"color: #000000\">E-mail: bibeadufba@gmail.com<\/span><\/address>\n","protected":false},"excerpt":{"rendered":"<p>Bacharelado em Biblioteconomia O curso de gradua\u00e7\u00e3o em Biblioteconomia foi criado na Bahia no ano de 1942, com objetivo de capacitar os profissionais para atuarem na organiza\u00e7\u00e3o dos acervos p\u00fablicos [&hellip;]<\/p>\n","protected":false},"author":1,"featured_media":0,"parent":0,"menu_order":0,"comment_status":"closed","ping_status":"closed","template":"","meta":{"_coblocks_attr":"","_coblocks_dimensions":"","_coblocks_responsive_height":"","_coblocks_accordion_ie_support":"","_themeisle_gutenberg_block_has_review":false,"footnotes":""},"class_list":["post-1249","page","type-page","status-publish","hentry"],"_links":{"self":[{"href":"https:\/\/blog.ufba.br\/ici\/wp-json\/wp\/v2\/pages\/1249"}],"collection":[{"href":"https:\/\/blog.ufba.br\/ici\/wp-json\/wp\/v2\/pages"}],"about":[{"href":"https:\/\/blog.ufba.br\/ici\/wp-json\/wp\/v2\/types\/page"}],"author":[{"embeddable":true,"href":"https:\/\/blog.ufba.br\/ici\/wp-json\/wp\/v2\/users\/1"}],"replies":[{"embeddable":true,"href":"https:\/\/blog.ufba.br\/ici\/wp-json\/wp\/v2\/comments?post=1249"}],"version-history":[{"count":0,"href":"https:\/\/blog.ufba.br\/ici\/wp-json\/wp\/v2\/pages\/1249\/revisions"}],"wp:attachment":[{"href":"https:\/\/blog.ufba.br\/ici\/wp-json\/wp\/v2\/media?parent=1249"}],"curies":[{"name":"wp","href":"https:\/\/api.w.org\/{rel}","templated":true}]}}