{"id":39,"date":"2015-01-20T13:07:39","date_gmt":"2015-01-20T13:07:39","guid":{"rendered":"http:\/\/blog.ufba.br\/dpfilo\/?page_id=39"},"modified":"2015-01-20T13:07:39","modified_gmt":"2015-01-20T13:07:39","slug":"links","status":"publish","type":"page","link":"https:\/\/blog.ufba.br\/dpfilo\/links\/","title":{"rendered":"Links"},"content":{"rendered":"<h3 style=\"color: #a00826;text-align: center\"><\/h3>\n<div id=\"attachment_81\" style=\"width: 154px\" class=\"wp-caption aligncenter\"><a href=\"http:\/\/www.anpof.org\/portal\/index.php\/pt-BR\/\" target=\"_blank\" rel=\"noopener\"><img loading=\"lazy\" decoding=\"async\" aria-describedby=\"caption-attachment-81\" class=\"wp-image-81 size-full\" src=\"http:\/\/blog.ufba.br\/dpfilo\/wp-content\/uploads\/sites\/57\/2015\/01\/anpof.jpg\" alt=\"anpof\" width=\"144\" height=\"144\" \/><\/a><p id=\"caption-attachment-81\" class=\"wp-caption-text\">Associa\u00e7\u00e3o Nacional de P\u00f3s-Gradua\u00e7\u00e3o em Filosofia<\/p><\/div>\n<div id=\"attachment_80\" style=\"width: 160px\" class=\"wp-caption aligncenter\"><a href=\"https:\/\/petsofiaufba.wordpress.com\/\" target=\"_blank\" rel=\"noopener\"><img loading=\"lazy\" decoding=\"async\" aria-describedby=\"caption-attachment-80\" class=\"wp-image-80\" src=\"http:\/\/blog.ufba.br\/dpfilo\/wp-content\/uploads\/sites\/57\/2015\/01\/2iran471-300x300.png\" alt=\"Pet Filosofia\" width=\"150\" height=\"150\" srcset=\"https:\/\/blog.ufba.br\/dpfilo\/wp-content\/uploads\/sites\/57\/2015\/01\/2iran471-300x300.png 300w, https:\/\/blog.ufba.br\/dpfilo\/wp-content\/uploads\/sites\/57\/2015\/01\/2iran471-150x150.png 150w, https:\/\/blog.ufba.br\/dpfilo\/wp-content\/uploads\/sites\/57\/2015\/01\/2iran471.png 565w\" sizes=\"(max-width: 150px) 100vw, 150px\" \/><\/a><p id=\"caption-attachment-80\" class=\"wp-caption-text\">Programa de Educa\u00e7\u00e3o Tutorial\u00a0\u00a0<\/p><\/div>\n<div id=\"attachment_83\" style=\"width: 167px\" class=\"wp-caption aligncenter\"><a href=\"http:\/\/filosofiapibidufba.blogspot.com.br\/\" target=\"_blank\" rel=\"noopener\"><img loading=\"lazy\" decoding=\"async\" aria-describedby=\"caption-attachment-83\" class=\"wp-image-83\" src=\"http:\/\/blog.ufba.br\/dpfilo\/wp-content\/uploads\/sites\/57\/2015\/01\/pibid.jpg\" alt=\"pibid filosofia\" width=\"157\" height=\"114\" \/><\/a><p id=\"caption-attachment-83\" class=\"wp-caption-text\">Programa de Institucional de Bolsas de Inicia\u00e7\u00e3o \u00e0 Doc\u00eancia Filosofia\u00a0 \u00a0 \u00a0 \u00a0 \u00a0<\/p><\/div>\n<h3 style=\"text-align: left\"><a href=\"https:\/\/blog.ufba.br\/posfilosofia\/\" target=\"_blank\" rel=\"noopener\"><img loading=\"lazy\" decoding=\"async\" class=\" wp-image-84 aligncenter\" src=\"http:\/\/blog.ufba.br\/dpfilo\/wp-content\/uploads\/sites\/57\/2015\/01\/pos-filo.jpg\" alt=\"pos filo\" width=\"133\" height=\"102\" \/><\/a><\/h3>\n<h3 style=\"text-align: left\"><\/h3>\n<div id=\"attachment_82\" style=\"width: 171px\" class=\"wp-caption aligncenter\"><a href=\"http:\/\/www.concursos.ufba.br\/\" target=\"_blank\" rel=\"noopener\"><img loading=\"lazy\" decoding=\"async\" aria-describedby=\"caption-attachment-82\" class=\"wp-image-82\" src=\"http:\/\/blog.ufba.br\/dpfilo\/wp-content\/uploads\/sites\/57\/2015\/01\/banner_concursos_0_0.jpg\" alt=\"Concursos UFBA\" width=\"161\" height=\"40\" \/><\/a><p id=\"caption-attachment-82\" class=\"wp-caption-text\">Concursos UFBA\u00a0\u00a0<\/p><\/div>\n<div id=\"attachment_86\" style=\"width: 167px\" class=\"wp-caption aligncenter\"><a href=\"https:\/\/mail.ufba.br\/email\/index.jsf\" target=\"_blank\" rel=\"noopener\"><img loading=\"lazy\" decoding=\"async\" aria-describedby=\"caption-attachment-86\" class=\"wp-image-86\" src=\"http:\/\/blog.ufba.br\/dpfilo\/wp-content\/uploads\/sites\/57\/2015\/01\/UFBAmail_marca_horizontal.png\" alt=\"Ufba mail\" width=\"157\" height=\"58\" \/><\/a><p id=\"caption-attachment-86\" class=\"wp-caption-text\">Provedor de e-mail da UFBA\u00a0<\/p><\/div>\n<div id=\"attachment_85\" style=\"width: 160px\" class=\"wp-caption aligncenter\"><a href=\"http:\/\/www.ufba.br\" target=\"_blank\" rel=\"noopener\"><img loading=\"lazy\" decoding=\"async\" aria-describedby=\"caption-attachment-85\" class=\"wp-image-85 size-thumbnail\" src=\"http:\/\/blog.ufba.br\/dpfilo\/wp-content\/uploads\/sites\/57\/2015\/01\/ufba-150x150.jpg\" alt=\"ufba\" width=\"150\" height=\"150\" \/><\/a><p id=\"caption-attachment-85\" class=\"wp-caption-text\">Universidade Federal da Bahia<\/p><\/div>\n<h3 style=\"text-align: center\"><\/h3>\n","protected":false},"excerpt":{"rendered":"","protected":false},"author":1,"featured_media":0,"parent":0,"menu_order":9,"comment_status":"closed","ping_status":"closed","template":"","meta":{"_coblocks_attr":"","_coblocks_dimensions":"","_coblocks_responsive_height":"","_coblocks_accordion_ie_support":"","_themeisle_gutenberg_block_has_review":false,"footnotes":""},"class_list":["post-39","page","type-page","status-publish","hentry"],"_links":{"self":[{"href":"https:\/\/blog.ufba.br\/dpfilo\/wp-json\/wp\/v2\/pages\/39"}],"collection":[{"href":"https:\/\/blog.ufba.br\/dpfilo\/wp-json\/wp\/v2\/pages"}],"about":[{"href":"https:\/\/blog.ufba.br\/dpfilo\/wp-json\/wp\/v2\/types\/page"}],"author":[{"embeddable":true,"href":"https:\/\/blog.ufba.br\/dpfilo\/wp-json\/wp\/v2\/users\/1"}],"replies":[{"embeddable":true,"href":"https:\/\/blog.ufba.br\/dpfilo\/wp-json\/wp\/v2\/comments?post=39"}],"version-history":[{"count":0,"href":"https:\/\/blog.ufba.br\/dpfilo\/wp-json\/wp\/v2\/pages\/39\/revisions"}],"wp:attachment":[{"href":"https:\/\/blog.ufba.br\/dpfilo\/wp-json\/wp\/v2\/media?parent=39"}],"curies":[{"name":"wp","href":"https:\/\/api.w.org\/{rel}","templated":true}]}}