{"id":16,"date":"2015-01-16T12:31:51","date_gmt":"2015-01-16T12:31:51","guid":{"rendered":"http:\/\/blog.ufba.br\/dpfilo\/?page_id=16"},"modified":"2015-01-16T12:31:51","modified_gmt":"2015-01-16T12:31:51","slug":"corpo-docente","status":"publish","type":"page","link":"https:\/\/blog.ufba.br\/dpfilo\/corpo-docente\/","title":{"rendered":"Corpo Docente"},"content":{"rendered":"<p style=\"text-align: justify\"><span style=\"font-weight: bold\"><img loading=\"lazy\" decoding=\"async\" class=\"alignleft\" src=\"http:\/\/servicosweb.cnpq.br\/wspessoa\/servletrecuperafoto?tipo=1&amp;id=K4784808Z9\" alt=\"\" width=\"75\" height=\"75\" \/>\u00a0Abel Lassalle Casanave<\/span><span style=\"color: #443634\">\u00a0<\/span><\/p>\n<p style=\"text-align: justify\"><span style=\"color: #443634\">\u00a0Possui gradua\u00e7\u00e3o em Filosofia pela Universidade de Buenos Aires (1986) e doutorado em L\u00f3gica e \u00a0 Filosofia da Ci\u00eancia pela \u00a0Universidade Estadual de Campinas (1995). Foi Coordenador de Pesquisa da Universidade Federal de Santa Maria (UFSM) e \u00a0Secret\u00e1rio Geral da Associa\u00e7\u00e3o Nacional de P\u00f3s-Gradua\u00e7\u00e3o em Filosofia (ANPOF). \u00c9 membro fundador da Association for <\/span><span style=\"color: #443634\">Philosophy of Mathematical Practice (APMP). Tem experi\u00eancia na \u00e1rea de Filosofia, com \u00eanfase em Filosofia das Ci\u00eancias Formais, atuando principalmente nos seguintes temas: conhecimento simb\u00f3lico, conhecimento intuitivo, formalismo e programa de Hilbert. (Foto: Ronai Rocha)\u00a0<\/span><span style=\"color: #443634\"><span style=\"color: #a00826\"><a href=\"http:\/\/lattes.cnpq.br\/3869411334990282\" target=\"_blank\" rel=\"noopener\">Curriculum Vitae<\/a>\u00a0<\/span><\/span><span style=\"color: #443634\">E-mail:\u00a0<\/span><a style=\"color: inherit\">abel.lassalle@ufba.br<\/a><\/p>\n<div>\n<hr \/>\n<p style=\"text-align: justify\"><span style=\"font-weight: bold\"><img loading=\"lazy\" decoding=\"async\" class=\"alignleft\" src=\"http:\/\/static.wixstatic.com\/media\/e37c19_1268fb13f3634969bbba1509d0e9a89c.jpg_128\" alt=\"\" width=\"71\" height=\"74\" \/>Acylene Maria Cabral Ferreira<\/span><\/p>\n<p style=\"text-align: justify\"><span style=\"color: #443634\">Possui Gradua\u00e7\u00e3o em Filosofia pela Universidade Federal de Minas Gerais (1988), Aperfei\u00e7oamento em Filosofia pela Universidade Federal de Minas Gerais (1990), Mestrado em Filosofia pela Universidade Federal do Rio de Janeiro (1993), Doutorado em Filosofia pela Universidade Federal do Rio de Janeiro (1997) e P\u00f3s-Doutorado em Filosofia pela Universidade de S\u00e3o Paulo (2010). Atualmente \u00e9 presidente da se\u00e7\u00e3o nordeste da SBF. No bi\u00eanio 2010-2012 coordenou o GT Heidegger. Tem experi\u00eancia na \u00e1rea de Filosofia, com \u00eanfase em filosofia contempor\u00e2nea, atuando principalmente nos seguintes temas: linguagem, amor, liberdade, verdade, t\u00e9cnica, tempo e intencionalidade<\/span>.\u00a0<span style=\"color: #443634\"><a href=\"http:\/\/lattes.cnpq.br\/6232332421697606\" target=\"_blank\" rel=\"noopener\">Curriculum Vitae<\/a>\u00a0<\/span><span style=\"color: #443634\">E-mail:<\/span>\u00a0<a style=\"color: inherit\">acylene@ufba.br<\/a><\/p>\n<div>\n<hr \/>\n<p style=\"text-align: justify\"><span style=\"font-weight: bold\"><img loading=\"lazy\" decoding=\"async\" class=\"alignleft\" src=\"http:\/\/static.wixstatic.com\/media\/e37c19_03c3bab02cac4b3bb599624f12a6dd42.jpeg_128\" alt=\"\" width=\"66\" height=\"87\" \/>Carlota M\u00aa Ibertis<\/span><\/p>\n<p style=\"text-align: justify\"><span style=\"color: #221f1e\">Possui gradua\u00e7\u00e3o em Filosofia pela Universidad de Buenos Aires (1989) e doutorado pela Universidade Estadual de Campinas (2008).\u00a0 Foi Coordenadora do GT Filosofia e Psican\u00e1lise da ANPOF (2011-2012). Tem experi\u00eancia na \u00e1rea de Filosofia, com \u00eanfase em Filosofia e Psican\u00e1lise e sua vincula\u00e7\u00e3o com o pensamento moderno, atuando principalmente nos seguintes temas: mem\u00f3ria, representa\u00e7\u00e3o, identidade, cultura e moralidade. <\/span><a href=\"http:\/\/lattes.cnpq.br\/9430504401757858\" target=\"_blank\" rel=\"noopener\">Curriculum Vitae<\/a><span style=\"color: #443634\"><a href=\"http:\/\/lattes.cnpq.br\/9430504401757858\" target=\"_blank\" rel=\"noopener\">\u00a0<\/a>E-mail:<\/span>\u00a0<a style=\"color: inherit\">carlota.ibertis@ufba.br<\/a><\/p>\n<div style=\"text-align: justify\">\n<hr \/>\n<p><span style=\"font-weight: bold\"><img loading=\"lazy\" decoding=\"async\" class=\"alignleft\" src=\"http:\/\/static.wixstatic.com\/media\/e37c19_1268fb13f3634969bbba1509d0e9a89c.jpg_128\" alt=\"\" width=\"71\" height=\"74\" \/>Daniel Tourinho Peres<\/span><\/p>\n<p><span style=\"color: #221f1e\">Possui gradua\u00e7\u00e3o em Filosofia pela Universidade Federal da Bahia (1992), mestrado em Filosofia pela Universidade de S\u00e3o Paulo (1997) e doutorado em Filosofia pela Universidade de S\u00e3o Paulo (2002). \u00c9 pesquisador correspondente do N\u00facleo Direito e Democracia, do CEBRAP. Tem experi\u00eancia na \u00e1rea de Filosofia, com \u00eanfase em Filosofia Alem\u00e3, atuando principalmente nos seguintes temas: Immanuel Kant, hist\u00f3ria da filosofia, filosofia pol\u00edtica, direito e filosofia da hist\u00f3ria. <\/span><a href=\"http:\/\/lattes.cnpq.br\/4742017058571120\" target=\"_blank\" rel=\"noopener\">Curriculum Vitae<\/a>\u00a0E<span style=\"color: #443634\">-mail:\u00a0<\/span><a style=\"color: inherit\">dtperes@ufba.br<\/a><\/p>\n<div>\n<hr \/>\n<p><b><img loading=\"lazy\" decoding=\"async\" class=\"alignleft\" src=\"http:\/\/static.wixstatic.com\/media\/e1acb7_8a45758c84f44f2b9cc7698ca713715a.gif_512\" alt=\"\" width=\"69\" height=\"48\" \/>Genildo Ferreira da Silva<\/b><\/p>\n<p><span style=\"color: #221f1e\">\u00a0PhD em Filosofia pela Universit\u00e9 Paris X &#8211; Paris\/Fran\u00e7a (2014\/2015), \u00e9 Doutor em Filosofia pela Universidade Estadual de Campinas (2004), com est\u00e1gio na Universit\u00e9 Catholique de Louvain\/B\u00e9lgica, Mestre em Filosofia pela Universidade Estadual de Campinas (1998) e Graduado em Filosofia pela Universidade Estadual de Santa Cruz (1984). \u00a0\u00c9 membro associado da Soci\u00e9t\u00e9 internationale d&#8217;\u00e9tude du XVIIIe si\u00e8cle e Soci\u00e9t\u00e9 Jean-Jacques Rousseau. \u00c9 L\u00edder do Grupo de Pesquisa Center for the Study of Dewey and Pragmatism\/UFBA. <a href=\"http:\/\/lattes.cnpq.br\/0537770792622115\" target=\"_blank\" rel=\"noopener\">Curriculum Vitae<\/a><\/span><a href=\"http:\/\/lattes.cnpq.br\/0537770792622115\" target=\"_blank\" rel=\"noopener\">\u00a0<\/a><span style=\"color: #443634\">E-mail: genildo@ufba.br<\/span><\/p>\n<hr \/>\n<p><b><img loading=\"lazy\" decoding=\"async\" class=\"alignleft\" src=\"http:\/\/servicosweb.cnpq.br\/wspessoa\/servletrecuperafoto?tipo=1&amp;id=K4292063E3\" alt=\"Foto\" width=\"69\" height=\"69\" \/>Giovanni Rolla\u00a0<\/b><\/p>\n<p><span style=\"color: #221f1e\">Membro permanente do Programa de P\u00f3s-Gradua\u00e7\u00e3o em Filosofia da Universidade Federal do Piau\u00ed. \u00c9 doutor em Filosofia pela Universidade Federal do Rio Grande do Sul (2017), mestre (2013), bacharel (2010) e licenciado (2015) em Filosofia pela mesma universidade. Atua principalmente com os seguintes temas: teorias do conhecimento, disjuntivismo epistemol\u00f3gico, cogni\u00e7\u00e3o corporificada e enativismo, justifica\u00e7\u00e3o epist\u00eamica, ceticismo e normatividade.\u00a0<a href=\"http:\/\/lattes.cnpq.br\/3131662225055182\" target=\"_blank\" rel=\"noopener\">Curriculum Vitae<\/a><\/span><a href=\"http:\/\/lattes.cnpq.br\/8259883190548282\" target=\"_blank\" rel=\"noopener\">\u00a0<\/a><span style=\"color: #443634\">E-mail:<\/span><\/p>\n<hr \/>\n<p><b><img loading=\"lazy\" decoding=\"async\" class=\"alignleft\" src=\"http:\/\/static.wixstatic.com\/media\/e37c19_1268fb13f3634969bbba1509d0e9a89c.jpg_128\" alt=\"\" width=\"71\" height=\"74\" \/>Gislene Vale dos Santos<\/b><\/p>\n<p><span style=\"color: #221f1e\">\u00a0Possui gradua\u00e7\u00e3o em Filosofia pela Universidade Estadual do Oeste do Paran\u00e1 (2005), mestrado em Filosofia pela Universidade Federal de Santa Catarina (2010) e doutorado em Filosofia pela Universidade Federal de Minas Gerais (2017). Atualmente \u00e9 adjunto a, classe a, n\u00edvel i da Universidade Federal da Bahia. Tem experi\u00eancia na \u00e1rea de Filosofia, com \u00eanfase em Filosofia Antiga, Plat\u00e3o.\u00a0<a href=\"http:\/\/lattes.cnpq.br\/8259883190548282\" target=\"_blank\" rel=\"noopener\">Curriculum Vitae<\/a><\/span><a href=\"http:\/\/lattes.cnpq.br\/8259883190548282\" target=\"_blank\" rel=\"noopener\">\u00a0<\/a><span style=\"color: #443634\">E-mail: gislene.vale@ufba.br\u00a0\u00a0<\/span><\/p>\n<div>\n<hr \/>\n<p><span style=\"font-weight: bold\"><img loading=\"lazy\" decoding=\"async\" class=\"alignleft\" src=\"https:\/\/ufbamail.ufba.br\/service\/home\/~\/?auth=co&amp;loc=pt_BR&amp;id=70602&amp;part=2\" alt=\"\" width=\"71\" height=\"103\" \/>Jarlee Oliveira Silva Salviano<\/span><\/p>\n<p><span style=\"color: #221f1e\">Doutor em Filosofia pela Universidade de S\u00e3o Paulo (USP) com est\u00e1gio doutoral na Albert-Ludwigs-Universit\u00e4t de Freiburg-Alemanha (2007). Mestre em Filosofia pela USP (2001). Bacharel em Filosofia pela Universidade Federal de Goi\u00e1s (UFG) (1996). Professor do Departamento de Filosofia da Faculdade de Filosofia e Ci\u00eancias Humanas da Universidade Federal da Bahia (UFBA). Tutor do PET-Filosofia da Ufba. \u00c1reas de atua\u00e7\u00e3o: \u00c9tica, Teoria do Conhecimento e Metaf\u00edsica, na filosofia kantiana e p\u00f3s-kantiana (Schopenhauer e Nietzsche).\u00a0<a href=\"http:\/\/lattes.cnpq.br\/0150934092019388\" target=\"_blank\" rel=\"noopener\">Curriculum Vitae<\/a><\/span>\u00a0<span style=\"color: #443634\">E-mail:<a style=\"color: inherit\">\u00a0jarlee.salviano@ufba.br<\/a><\/span><\/p>\n<div>\n<hr \/>\n<p><b><img loading=\"lazy\" decoding=\"async\" class=\"alignleft\" src=\"http:\/\/static.wixstatic.com\/media\/e1acb7_88544e1071634e77a6e8c89a565eecd1.gif_1024\" alt=\"\" width=\"69\" height=\"105\" \/>Jo\u00e3o Carlos Salles Pires da Silva<\/b><\/p>\n<p><span style=\"color: #221f1e\">Gradua\u00e7\u00e3o em Filosofia pela Universidade Federal da Bahia (1985), mestrado em Ci\u00eancias Sociais pela Universidade Federal da Bahia (1992) e doutorado em Filosofia pela Universidade Estadual de Campinas (1999). Atual Reitor da UFBA.\u00a0\u00c9 l\u00edder do Grupo de Pesquisa do CNPq Filosofia Moderna e Contempor\u00e2nea, ao qual se vincula o Grupo de Estudos e Pesquisa Empirismo, Fenomenologia e Gram\u00e1tica (http:\/\/www.efg.ufba.br). E, tendo sido presidente da Associa\u00e7\u00e3o Nacional de P\u00f3s-Gradua\u00e7\u00e3o em Filosofia (ANPOF) de outubro de 2002 a dezembro de 2006, preside agora a Sociedade Interamericana de Filosofia (http:\/\/www.sif2013.org). <a href=\"http:\/\/lattes.cnpq.br\/0484066011464161\" target=\"_blank\" rel=\"noopener\">Curriculum Vitae<\/a>\u00a0<\/span><span style=\"color: #443634\">E-mail:\u00a0<\/span><a style=\"color: inherit\">jcsalles@ufba.br<\/a><\/p>\n<div>\n<div>\n<hr \/>\n<p><span style=\"font-weight: bold\"><img loading=\"lazy\" decoding=\"async\" class=\"alignleft\" src=\"http:\/\/static.wixstatic.com\/media\/e1acb7_45fbf752843f4afbb895958a7ede6cf5.gif_400\" alt=\"\" width=\"72\" height=\"54\" \/>Jos\u00e9 Cris\u00f3stomo de Souza<\/span><\/p>\n<p><span style=\"color: #221f1e\">Graduado em Filosofia, UFBA, Dr. em Fil. Pol\u00edtica, Unicamp, p\u00f3s-dout. Fil. Contemp. (1993-95), UC-Berkeley, e Prgmatismo, New School (2014-15), prof. titular de Filosofia do Depto de Fil. da UFBA, prof. do Programa de P\u00f3s-Grad. em Fil. Contempor\u00e2nea., UFBA (mest. e dout., nota 5 Capes), Coord. do Center for the Study of Dewey &amp; Pragmatism, Brasil, e do Grupo de Pesquisa Po\u00e9tica Pragm\u00e1tica, que congrega orientandos e profs. pesquisadores.\u00a0Principais \u00e1reas de interesse: pragmatismo e fil. contemp., neo-hegelianismo e Marx, fil. pol\u00edtica, teoria social e democracia.\u00a0<a href=\"http:\/\/lattes.cnpq.br\/0824673288583545\" target=\"_blank\" rel=\"noopener\">Curriculum Vitae<\/a><\/span><a style=\"color: inherit\">\u00a0<\/a><a style=\"color: inherit\">\u00a0<\/a><span style=\"color: #443634\">E-mail: crissouza@ufba.br<\/span><\/p>\n<div>\n<div>\n<hr \/>\n<p><span style=\"font-weight: bold\"><img loading=\"lazy\" decoding=\"async\" class=\"alignleft\" src=\"http:\/\/static.wixstatic.com\/media\/e1acb7_c6052bcb93fc4eee8f6e274fb5c42fa2.gif_650\" alt=\"\" width=\"79\" height=\"59\" \/>Juliana Ortegosa Aggio<\/span><\/p>\n<p><span style=\"color: #221f1e\">Possui gradua\u00e7\u00e3o em Filosofia pela Universidade de S\u00e3o Paulo (2004), mestrado em Filosofia Antiga pela Universidade de S\u00e3o Paulo (2006) e doutorado tamb\u00e9m em Filosofia Antiga pela Universidade de S\u00e3o Paulo (2012), tendo realizado doutorado sandu\u00edche no per\u00edodo de um ano na \u00c9cole Normale Sup\u00e9rieure &#8211; Paris, sob orienta\u00e7\u00e3o de Francis Wolff (2009-2010). Tem experi\u00eancia na \u00e1rea de Filosofia, com \u00eanfase em Hist\u00f3ria da Filosofia, atuando principalmente nos seguintes temas: filosofia antiga, \u00e9tica, teoria do conhecimento e psicologia moral<a href=\"http:\/\/lattes.cnpq.br\/5290499042057589\" target=\"_blank\" rel=\"noopener\">.\u00a0Curriculum Vitae<\/a><\/span><a style=\"color: inherit\">\u00a0<\/a><span style=\"color: #443634\">E-mail:\u00a0<a style=\"color: inherit\">juliana.aggio@ufba.br<\/a><\/span><\/p>\n<div>\n<hr \/>\n<p><span style=\"font-weight: bold\"><img loading=\"lazy\" decoding=\"async\" class=\"alignleft\" src=\"http:\/\/static.wixstatic.com\/media\/e37c19_1268fb13f3634969bbba1509d0e9a89c.jpg_128\" alt=\"\" width=\"71\" height=\"74\" \/>Leornardo Jorge da Hora Pereira<\/span><\/p>\n<p><span style=\"color: #221f1e\">Atualmente \u00e9 professor adjunto A de Filosofia na Universidade Federal da Bahia (UFBA). Possui gradua\u00e7\u00e3o em licenciatura e bacharelado em Filosofia pela Universidade Estadual de Campinas (2009) e mestrado em Filosofia pela mesma universidade (2012). Possui ainda doutorado em Filosofia pela Universit\u00e9 Paris Ouest Nanterre La D\u00e9fense, realizado junto ao laborat\u00f3rio Sophiapol (2016). Tem experi\u00eancia na \u00e1rea de Filosofia, com \u00eanfase em filosofia contempor\u00e2nea, filosofia social, epistemologia das ci\u00eancias humanas, Teoria Critica e filosofia pol\u00edtica.\u00a0\u00a0<a href=\"http:\/\/lattes.cnpq.br\/4012823592823597\" target=\"_blank\" rel=\"noopener\">Curriculum Vitae<\/a><\/span><a style=\"color: inherit\">\u00a0\u00a0<\/a><span style=\"color: #443634\">E-mail: leonardo.jorge@ufba.br<\/span><\/p>\n<hr \/>\n<p><span style=\"font-weight: bold\"><img loading=\"lazy\" decoding=\"async\" class=\"alignleft\" src=\"http:\/\/static.wixstatic.com\/media\/e37c19_1268fb13f3634969bbba1509d0e9a89c.jpg_128\" alt=\"\" width=\"71\" height=\"74\" \/>Marco Aur\u00e9lio Oliveira da Silva<\/span><\/p>\n<p><span style=\"color: #221f1e\">Gradua\u00e7\u00e3o, mestrado e doutorado em Filosofia pela Universidade Federal do Rio de Janeiro. Coordenador do Pibid de Filosofia da UFBA, dede 2012. Coordenador do GT Hist\u00f3ria da Filosofia Medieval e a Recep\u00e7\u00e3o da Filosofia Antiga (ANPOF), desde outubro de 2012. Experi\u00eancia nas \u00e1reas de Teoria do Conhecimento e Metaf\u00edsica, com \u00eanfase em Hist\u00f3ria da Filosofia Medieval, atuando principalmente nos seguintes temas: problema dos universais, argumentos de exist\u00eancia de Deus e teoria da abstra\u00e7\u00e3o.\u00a0<a href=\"http:\/\/lattes.cnpq.br\/5975737116317202\" target=\"_blank\" rel=\"noopener\">Curriculum Vitae<\/a><\/span><a style=\"color: inherit\">\u00a0\u00a0<\/a><span style=\"color: #443634\">E-mail: silva.marco@ufba.br<\/span><\/p>\n<hr \/>\n<p><span style=\"font-weight: bold\"><img loading=\"lazy\" decoding=\"async\" class=\"alignleft\" src=\"http:\/\/static.wixstatic.com\/media\/e37c19_1268fb13f3634969bbba1509d0e9a89c.jpg_128\" alt=\"\" width=\"71\" height=\"74\" \/>Mariana de Almeida Campos<\/span><\/p>\n<p>Possui gradua\u00e7\u00e3o em Filosofia pela Universidade Federal do Rio de Janeiro (2004), mestrado em Filosofia pela Universidade do Estado do Rio de Janeiro (2007) e doutorado em Filosofia pela Universidade do Estado do Rio de Janeiro com per\u00edodo co-tutela na Universidade de Borgonha (2014). Realizou p\u00f3s-doutorado no Programa de P\u00f3s-Gradua\u00e7\u00e3o L\u00f3gica e Metaf\u00edsica da Universidade Federal do Rio de Janeiro entre 2014 e 2015.Tem experi\u00eancia na \u00e1rea de filosofia, com \u00eanfase em hist\u00f3ria da filosofia moderna, metaf\u00edsica e Descartes.\u00a0<a href=\"http:\/\/lattes.cnpq.br\/7009822356216924\" target=\"_blank\" rel=\"noopener\"><span style=\"color: #221f1e\">Curriculum Vitae<\/span><\/a><a style=\"color: inherit\">\u00a0\u00a0<\/a><span style=\"color: #443634\">E-mail: campos.mariana@ufba.br<\/span><\/p>\n<div>\n<hr \/>\n<p><span style=\"font-weight: bold\"><img loading=\"lazy\" decoding=\"async\" class=\"alignleft\" src=\"http:\/\/static.wixstatic.com\/media\/e37c19_1268fb13f3634969bbba1509d0e9a89c.jpg_128\" alt=\"\" width=\"71\" height=\"74\" \/>Mauro Castelo Branco de Moura<\/span><\/p>\n<p><span style=\"color: #221f1e\">Licenciado em Filosofia (1980) pela Universidad Nacional Aut\u00f3noma de M\u00e9xico &#8211; UNAM e Doutor em Filosofia (1997) pela Universidade Federal do Rio de Janeiro &#8211; UFRJ. Atualmente \u00e9 Coordenador do GT Marxismo da ANPOF, bolsista do CNPq e integra o Comit\u00ea Editorial respons\u00e1vel pela publica\u00e7\u00e3o da revista Cr\u00edtica Marxista. Foi pesquisador visitante na UNAM (2004), Cidade do M\u00e9xico, e realizou est\u00e1gio de p\u00f3s-doutoramento na \u00c9cole des Hautes \u00c9tudes en Sciences Sociales (2007\/2008), em Paris. Com dezenas de trabalhos publicados no Brasil e no exterior, suas \u00e1reas de interesse principal s\u00e3o: o pensamento de Karl Marx, filosofia da economia, filosofia da cultura, \u00e9tica e epistemologia.<a href=\"http:\/\/lattes.cnpq.br\/5975737116317202\" target=\"_blank\" rel=\"noopener\">Curriculum Vitae<\/a><\/span><a style=\"color: inherit\">\u00a0\u00a0<\/a><span style=\"color: #443634\">E-mail:\u00a0<a style=\"color: inherit\">mcbmoura@ufba.br<\/a><\/span><\/p>\n<div>\n<hr \/>\n<p><span style=\"font-weight: bold\"><img loading=\"lazy\" decoding=\"async\" class=\"alignleft\" src=\"http:\/\/static.wixstatic.com\/media\/e37c19_1268fb13f3634969bbba1509d0e9a89c.jpg_128\" alt=\"\" width=\"71\" height=\"74\" \/>Nancy Mangabeira Unger<\/span><\/p>\n<p><span style=\"color: #221f1e\">Possui gradua\u00e7\u00e3o em Instituto de Filosofia e Ci\u00eancias Humanas pela Universidade Federal do Rio de Janeiro (1969), mestrado em Hist\u00f3ria Comparada das Sociedades Contempor\u00e2neas &#8211; Ecole des Hautes \u00c9tudes en Sciences Sociales (1979), mestrado em Maitrise D&#8217;ethnologie &#8211; Universit\u00e9 Paris VII (1978) e doutorado em Educa\u00e7\u00e3o pela Universidade Estadual de Campinas (1998). \u00c9 membro do N\u00facleo de Pesquisa sobre Pensamento e Contemporaneidade da Universidade do Estado da Bahia. Atua principalmente nos seguintes temas: filosofia grega, Mestre Eckhart, Hannah Arendt,Heidegger e a T\u00e9cnica, filosofia e ecologia, crise de civiliza\u00e7\u00e3o, filosofia e cultura popular.\u00a0<a href=\"http:\/\/lattes.cnpq.br\/5873629336129594\" target=\"_blank\" rel=\"noopener\">Curriculum Vitae<\/a><\/span><a style=\"color: inherit\">\u00a0\u00a0<\/a><span style=\"color: #443634\">E-mail:\u00a0<a style=\"color: inherit\">nmunger@ufba.br<\/a><\/span><\/p>\n<div>\n<hr \/>\n<p><span style=\"font-weight: bold\"><img loading=\"lazy\" decoding=\"async\" class=\"alignleft\" src=\"http:\/\/static.wixstatic.com\/media\/e1acb7_93d3ac5db44a4136b4e40f2f1238b905.gif_650\" alt=\"\" width=\"70\" height=\"90\" \/>Rafael Lopes Azize<\/span><\/p>\n<p><span style=\"color: #221f1e\">Gradua\u00e7\u00e3o em letras ingl\u00eas\/franc\u00eas pela Universidade de Lisboa (1996), mestrado em teoria liter\u00e1ria pela Universidade Federal de Santa Catarina (2000) e doutorado em filosofia pela Universidade Estadual de Campinas (2008). Coordena o Programa de P\u00f3s-Gradua\u00e7\u00e3o em Filosofia e o PIBID-Filosofia\/UFBA. \u00c1reas de atua\u00e7\u00e3o principais: filosofia da linguagem e da a\u00e7\u00e3o; Wittgenstein; pragm\u00e1tica e argumenta\u00e7\u00e3o; est\u00e9tica e filosofia da arte; filosofia da antropologia; hist\u00f3ria da filosofia moderna e contempor\u00e2nea. \u00a0<a href=\"http:\/\/lattes.cnpq.br\/8476641633359346\" target=\"_blank\" rel=\"noopener\">Curriculum Vitae<\/a><\/span><a style=\"color: inherit\">\u00a0<\/a><span style=\"color: #443634\">E-mail:\u00a0<a style=\"color: inherit\">rafaelazize@gmail.com<\/a><\/span><\/p>\n<div>\n<hr \/>\n<p><span style=\"font-weight: bold\"><img loading=\"lazy\" decoding=\"async\" class=\"alignleft\" src=\"http:\/\/static.wixstatic.com\/media\/e37c19_1268fb13f3634969bbba1509d0e9a89c.jpg_128\" alt=\"\" width=\"71\" height=\"74\" \/>Ricardo Calheiros Pereira (Ricardo L\u00edper)<\/span><\/p>\n<p><span style=\"color: #221f1e\">Possui gradua\u00e7\u00e3o em Filosofia pela Universidade Federal da Bahia (1975) e mestrado em Ci\u00eancias Sociais pela Universidade Federal da Bahia (1980). Atua principalmente nos seguintes temas: est\u00e9tica e filosofia da arte (critica de cinema, teatro e literatura) e investiga\u00e7\u00f5es filos\u00f3ficas e hist\u00f3ricas sobre a sexualidade. Atualmente desenvolve pesquisa de doutorado sobre a obra de Michel Foucault.\u00a0<a href=\"http:\/\/lattes.cnpq.br\/8517083119004658\" target=\"_blank\" rel=\"noopener\">Curriculum Vitae<\/a><\/span><a style=\"color: inherit\">\u00a0<\/a><span style=\"color: #443634\">E-mail:\u00a0<\/span><\/p>\n<div>\n<hr \/>\n<p><span style=\"font-weight: bold\"><img loading=\"lazy\" decoding=\"async\" class=\"alignleft\" src=\"http:\/\/static.wixstatic.com\/media\/e37c19_1268fb13f3634969bbba1509d0e9a89c.jpg_128\" alt=\"\" width=\"71\" height=\"74\" \/>Silvia Faustino de Assis Saes<\/span><\/p>\n<p><span style=\"color: #221f1e\">Possui gradua\u00e7\u00e3o (1986), mestrado (1992) e doutorado (2003) em Filosofia pela Universidade de S\u00e3o Paulo. Foi professora de Filosofia na Pontif\u00edcia Universidade Cat\u00f3lica de S\u00e3o Paulo (PUC-SP) e na Faculdade de Filosofia S\u00e3o Bento de S\u00e3o Paulo. Publicou quatro livros: &#8220;A experi\u00eancia indiz\u00edvel: uma introdu\u00e7\u00e3o ao Tractatus de Wittgenstein&#8221; (Editora UNESP\/FAPESP, 2006); &#8220;Wittgenstein: o eu e sua gram\u00e1tica&#8221; (Editora \u00c1tica, 1995); &#8220;Percep\u00e7\u00e3o e Imagina\u00e7\u00e3o&#8221; (Editora Martins Fontes, 2010); &#8220;Linguagem&#8221; (Editora Martins Fontes, 2013). Dedica-se \u00e0 \u00e1rea da Est\u00e9tica, e desenvolve pesquisas sobre filosofia da linguagem po\u00e9tica, com \u00eanfase no primeiro romantismo alem\u00e3o.\u00a0<a href=\"http:\/\/lattes.cnpq.br\/2788538615108729\" target=\"_blank\" rel=\"noopener\">Curriculum Vitae<\/a><\/span><a href=\"http:\/\/lattes.cnpq.br\/2788538615108729\" target=\"_blank\" rel=\"noopener\">\u00a0<\/a><a style=\"color: inherit\" href=\"http:\/\/lattes.cnpq.br\/2788538615108729\" target=\"_blank\" rel=\"noopener\">\u00a0<\/a><span style=\"color: #443634\">E-mail:\u00a0<a style=\"color: inherit\">faustino@ufba.br<\/a><\/span><\/p>\n<hr \/>\n<p><b><br \/>\n<img loading=\"lazy\" decoding=\"async\" class=\"alignleft\" src=\"http:\/\/static.wixstatic.com\/media\/e37c19_1268fb13f3634969bbba1509d0e9a89c.jpg_128\" alt=\"\" width=\"71\" height=\"74\" \/>Vin\u00edcius dos Santos<\/b><\/p>\n<p><span style=\"color: #221f1e\">Bacharel em Ci\u00eancias Sociais pela Universidade Federal de S\u00e3o Carlos e licenciado em Filosofia pelo Centro Universit\u00e1rio Claretiano. Mestre e Doutor em Filosofia pela Universidade Federal de S\u00e3o Carlos, com pesquisas na filosofia de Sartre. Professor adjunto de Filosofia da Universidade Federal da Bahia. Atua principalmente nas seguintes \u00e1reas e temas: marxismo, existencialismo, fenomenologia, aliena\u00e7\u00e3o, dial\u00e9tica, filosofia da hist\u00f3ria, filosofia pol\u00edtica, pol\u00edtica contempor\u00e2nea e \u00e9tica.\u00a0<a href=\"http:\/\/lattes.cnpq.br\/1422927411438060\" target=\"_blank\" rel=\"noopener\">Curriculum Vitae<\/a><\/span><a style=\"color: inherit\">\u00a0<\/a><span style=\"color: #443634\">E-mail: viniciusdossantos@ufba.br\u00a0<\/span><\/p>\n<div>\n<hr \/>\n<p><b><img loading=\"lazy\" decoding=\"async\" class=\"alignleft\" src=\"http:\/\/static.wixstatic.com\/media\/e1acb7_9c265de085bc4029a4db0f7cf307869b.gif_1024\" alt=\"\" width=\"71\" height=\"53\" \/>Waldomiro Jos\u00e9 da Silva Filho<\/b><\/p>\n<p><span style=\"color: #221f1e\">Graduado em Filosofia pela Universidade Estadual de Santa Cruz (1989), com P\u00f3s-doutorado no Departamento de Filosofia da Harvard University (Cambridge, Mass., Estados Unidos) em 2009-2010 e na Purdue University (Indiana, Estados Unidos) em 2002-2003. Sua atividade de pesquisa e ensino se concentra na \u00e1rea de Filosofia, com \u00eanfase em Epistemologia, Ceticismo, Filosofia da Mente e Pragmatismo. Publicou e organizou, entre outros, os seguintes livros: Sem Ideias Claras e Distintas (EDUFBA, 2013), Consequ\u00eancias do Ceticismo (com Pl\u00ednio J. Smith, Alameda, 2012), Mente, Linguagem e Mundo (2010). Integra do GT-Ceticismo da ANPOF e \u00e9 membro fundador da Asociaci\u00f3n Latinoamericana de Filosof\u00eda Anal\u00edtica (ALFAn).\u00a0<a href=\"http:\/\/lattes.cnpq.br\/0606699315474354\" target=\"_blank\" rel=\"noopener\">Curriculum Vitae<\/a><\/span><a style=\"color: inherit\">\u00a0<\/a><span style=\"color: #443634\">E-mail: waldojsf@ufba.br<\/span><\/p>\n<\/div>\n<\/div>\n<\/div>\n<\/div>\n<\/div>\n<\/div>\n<\/div>\n<\/div>\n<\/div>\n<\/div>\n<\/div>\n<\/div>\n<\/div>\n<\/div>\n<\/div>\n<\/div>\n<\/div>\n<p>&nbsp;<\/p>\n<p>&nbsp;<\/p>\n<p>&nbsp;<\/p>\n","protected":false},"excerpt":{"rendered":"<p>\u00a0Abel Lassalle Casanave\u00a0 \u00a0Possui gradua\u00e7\u00e3o em Filosofia pela Universidade de Buenos Aires (1986) e doutorado em L\u00f3gica e \u00a0 Filosofia da Ci\u00eancia pela \u00a0Universidade Estadual de Campinas (1995). Foi Coordenador de Pesquisa da Universidade Federal de Santa Maria (UFSM) e \u00a0Secret\u00e1rio Geral da Associa\u00e7\u00e3o Nacional de P\u00f3s-Gradua\u00e7\u00e3o em Filosofia (ANPOF). \u00c9 membro fundador da Association [&hellip;]<\/p>\n","protected":false},"author":1,"featured_media":0,"parent":0,"menu_order":2,"comment_status":"closed","ping_status":"closed","template":"","meta":{"_coblocks_attr":"","_coblocks_dimensions":"","_coblocks_responsive_height":"","_coblocks_accordion_ie_support":"","_themeisle_gutenberg_block_has_review":false,"footnotes":""},"class_list":["post-16","page","type-page","status-publish","hentry"],"_links":{"self":[{"href":"https:\/\/blog.ufba.br\/dpfilo\/wp-json\/wp\/v2\/pages\/16"}],"collection":[{"href":"https:\/\/blog.ufba.br\/dpfilo\/wp-json\/wp\/v2\/pages"}],"about":[{"href":"https:\/\/blog.ufba.br\/dpfilo\/wp-json\/wp\/v2\/types\/page"}],"author":[{"embeddable":true,"href":"https:\/\/blog.ufba.br\/dpfilo\/wp-json\/wp\/v2\/users\/1"}],"replies":[{"embeddable":true,"href":"https:\/\/blog.ufba.br\/dpfilo\/wp-json\/wp\/v2\/comments?post=16"}],"version-history":[{"count":0,"href":"https:\/\/blog.ufba.br\/dpfilo\/wp-json\/wp\/v2\/pages\/16\/revisions"}],"wp:attachment":[{"href":"https:\/\/blog.ufba.br\/dpfilo\/wp-json\/wp\/v2\/media?parent=16"}],"curies":[{"name":"wp","href":"https:\/\/api.w.org\/{rel}","templated":true}]}}