{"id":8,"date":"2010-03-14T23:33:28","date_gmt":"2010-03-14T23:33:28","guid":{"rendered":"http:\/\/blog.ufba.br\/conlab\/?page_id=5"},"modified":"2010-03-14T23:33:28","modified_gmt":"2010-03-14T23:33:28","slug":"apresentacao","status":"publish","type":"page","link":"https:\/\/blog.ufba.br\/conlab\/apresentacao\/","title":{"rendered":"Apresenta\u00e7\u00e3o"},"content":{"rendered":"<p style=\"text-align: justify\">A cidade de Salvador foi escolhida para abrigar, pela primeira vez, o Congresso Luso-Afro-Brasileiro de Ci\u00eancias Sociais (CONLAB), no per\u00edodo de 31 de julho a 03 de agosto de 2011. O Evento, que est\u00e1 em sua d\u00e9cima primeira edi\u00e7\u00e3o, tem como tema as \u201cDiversidades e (Des)Igualdades\u201d.<\/p>\n<p style=\"text-align: justify\">As discuss\u00f5es e simp\u00f3sios acontecer\u00e3o a partir de Eixos Tem\u00e1ticos. Durante os quatro dias de evento, especialistas em Ci\u00eancias Sociais e Humanidades de diversos pa\u00edses estar\u00e3o reunidos para debater a diversidade e a complexidade de sociedades diferenciadas, nos mais variados aspectos, como \u00e9 o caso dos pa\u00edses de l\u00edngua portuguesa.<\/p>\n<p style=\"text-align: justify\">A programa\u00e7\u00e3o acad\u00eamica acontece no campus de Ondina da Universidade Federal da Bahia (UFBA). O Congresso conta, ainda, com a realiza\u00e7\u00e3o de eventos p\u00fablicos e atividades culturais no Centro Hist\u00f3rico de Salvador.<\/p>\n<p style=\"text-align: justify\">O XI Congresso Luso Afro Brasileiro est\u00e1 sendo organizado por um Comit\u00ea composto de pesquisadores de todas as Universidades p\u00fablicas da Bahia, com a coordena\u00e7\u00e3o do Centro de Estudos Afro-Orientais (CEAO) da UFBA.<\/p>\n<p style=\"text-align: justify\">A \u00faltima edi\u00e7\u00e3o do evento foi realizada na cidade de Braga, em Portugal, no ano de 2008,\u00a0e reuniu cerca de dois mil participantes. Para esta edi\u00e7\u00e3o, estima-se um p\u00fablico ainda maior.<\/p>\n<p style=\"text-align: justify\"><strong>Servi\u00e7o:<\/strong><\/p>\n<p style=\"text-align: justify\"><strong>O qu\u00ea: <\/strong>XI Congresso Luso-Afro-Brasileiro de Ci\u00eancias Sociais (CONLAB).<\/p>\n<p style=\"text-align: justify\"><strong>Quando: <\/strong>De 31 de julho a 03 de agosto de 2011.<\/p>\n<p style=\"text-align: justify\"><strong>Onde: <\/strong>Campus de Ondina da Universidade Federal da Bahia. Salvador &#8211; BA &#8211; Brasil.<\/p>\n<p style=\"text-align: justify\"><strong>Informa\u00e7\u00f5es:<\/strong> <span style=\"color: #666699\"><span style=\"text-decoration: underline\">conlab@ufba.br<\/span><\/span> ou <span style=\"text-decoration: underline\"><span style=\"color: #666699\">https:\/\/twitter.com\/xi_conlab<\/span><\/span><\/p>\n","protected":false},"excerpt":{"rendered":"<p>A cidade de Salvador foi escolhida para abrigar, pela primeira vez, o Congresso Luso-Afro-Brasileiro de Ci\u00eancias Sociais (CONLAB), no per\u00edodo de 31 de julho a 03 de agosto de 2011. O Evento, que est\u00e1 em sua d\u00e9cima primeira edi\u00e7\u00e3o, tem como tema as \u201cDiversidades e (Des)Igualdades\u201d. As discuss\u00f5es e simp\u00f3sios acontecer\u00e3o a partir de Eixos [&hellip;]<\/p>\n","protected":false},"author":52,"featured_media":0,"parent":0,"menu_order":1,"comment_status":"closed","ping_status":"closed","template":"","meta":{"_coblocks_attr":"","_coblocks_dimensions":"","_coblocks_responsive_height":"","_coblocks_accordion_ie_support":"","_themeisle_gutenberg_block_has_review":false,"footnotes":""},"class_list":["post-8","page","type-page","status-publish","hentry"],"_links":{"self":[{"href":"https:\/\/blog.ufba.br\/conlab\/wp-json\/wp\/v2\/pages\/8"}],"collection":[{"href":"https:\/\/blog.ufba.br\/conlab\/wp-json\/wp\/v2\/pages"}],"about":[{"href":"https:\/\/blog.ufba.br\/conlab\/wp-json\/wp\/v2\/types\/page"}],"author":[{"embeddable":true,"href":"https:\/\/blog.ufba.br\/conlab\/wp-json\/wp\/v2\/users\/52"}],"replies":[{"embeddable":true,"href":"https:\/\/blog.ufba.br\/conlab\/wp-json\/wp\/v2\/comments?post=8"}],"version-history":[{"count":0,"href":"https:\/\/blog.ufba.br\/conlab\/wp-json\/wp\/v2\/pages\/8\/revisions"}],"wp:attachment":[{"href":"https:\/\/blog.ufba.br\/conlab\/wp-json\/wp\/v2\/media?parent=8"}],"curies":[{"name":"wp","href":"https:\/\/api.w.org\/{rel}","templated":true}]}}