{"id":509,"date":"2014-04-06T17:43:36","date_gmt":"2014-04-06T20:43:36","guid":{"rendered":"http:\/\/blog.ufba.br\/compusoc\/?page_id=509"},"modified":"2014-04-06T17:43:36","modified_gmt":"2014-04-06T20:43:36","slug":"inscricao","status":"publish","type":"page","link":"https:\/\/blog.ufba.br\/compusoc\/inscricao\/","title":{"rendered":"Inscreva-se"},"content":{"rendered":"<p><strong>Prezados ,<\/strong><\/p>\n<p style=\"text-align: justify\">a inscri\u00e7\u00e3o ser\u00e1 feita na hora da palestra<\/p>\n<p>Atenciosamente,<br \/>\nCoordena\u00e7\u00e3o do Ciclo de Palestras CES.<\/p>\n<p>Salvador-BA, 11 de Julho de 2016<\/p>\n","protected":false},"excerpt":{"rendered":"<p>Prezados , a inscri\u00e7\u00e3o ser\u00e1 feita na hora da palestra Atenciosamente, Coordena\u00e7\u00e3o do Ciclo de Palestras CES. Salvador-BA, 11 de Julho de 2016<\/p>\n","protected":false},"author":1,"featured_media":0,"parent":0,"menu_order":0,"comment_status":"closed","ping_status":"closed","template":"","meta":{"_coblocks_attr":"","_coblocks_dimensions":"","_coblocks_responsive_height":"","_coblocks_accordion_ie_support":"","_themeisle_gutenberg_block_has_review":false,"footnotes":""},"class_list":["post-509","page","type-page","status-publish","hentry"],"_links":{"self":[{"href":"https:\/\/blog.ufba.br\/compusoc\/wp-json\/wp\/v2\/pages\/509"}],"collection":[{"href":"https:\/\/blog.ufba.br\/compusoc\/wp-json\/wp\/v2\/pages"}],"about":[{"href":"https:\/\/blog.ufba.br\/compusoc\/wp-json\/wp\/v2\/types\/page"}],"author":[{"embeddable":true,"href":"https:\/\/blog.ufba.br\/compusoc\/wp-json\/wp\/v2\/users\/1"}],"replies":[{"embeddable":true,"href":"https:\/\/blog.ufba.br\/compusoc\/wp-json\/wp\/v2\/comments?post=509"}],"version-history":[{"count":0,"href":"https:\/\/blog.ufba.br\/compusoc\/wp-json\/wp\/v2\/pages\/509\/revisions"}],"wp:attachment":[{"href":"https:\/\/blog.ufba.br\/compusoc\/wp-json\/wp\/v2\/media?parent=509"}],"curies":[{"name":"wp","href":"https:\/\/api.w.org\/{rel}","templated":true}]}}