{"id":38,"date":"2013-03-13T18:56:24","date_gmt":"2013-03-13T21:56:24","guid":{"rendered":"http:\/\/blog.ufba.br\/cinform\/?page_id=38"},"modified":"2013-03-13T18:56:24","modified_gmt":"2013-03-13T21:56:24","slug":"organizacao","status":"publish","type":"page","link":"https:\/\/blog.ufba.br\/cinform\/organizacao\/","title":{"rendered":"Organiza\u00e7\u00e3o"},"content":{"rendered":"<p>Presidente de Honra<br \/>\n<span style=\"color: #888888\">Rubens Ribeiro Gon\u00e7alves da Silva (UFBA)<\/span><\/p>\n<p>Presidente<br \/>\n<span style=\"color: #808080\">Maria Isabel de Jesus Sousa Barreira (UFBA)<\/span><strong><\/strong><\/p>\n<p>Coordenadores Executivos<br \/>\n<span style=\"color: #808080\">Alzira Tude de S\u00e1 (UFBA) <\/span><br \/>\n<span style=\"color: #808080\"> Ivana Lins (UFBA)<br \/>\n<\/span><\/p>\n<p>Coordenador de Tecnologia<br \/>\n<span style=\"color: #888888\">Albano Souza Oliveira (UFBA)<\/span><\/p>\n<p>Secret\u00e1ria Executiva<br \/>\n<span style=\"color: #808080\">Jussara Borges (UFBA)<\/span><\/p>\n<p><strong>Comiss\u00e3o Cient\u00edfica<\/strong><br \/>\n<span style=\"color: #808080\">Aida Varela Varela (ICI\/UFBA) <\/span><br \/>\n<span style=\"color: #808080\">Albano Souza Oliveira (ICI\/UFBA) <\/span><br \/>\n<span style=\"color: #808080\">Ana Paula Villalobos (ICI\/UFBA) <\/span><br \/>\n<span style=\"color: #808080\">Dulce Am\u00e9lia Neves (UFPB)<\/span><br \/>\n<span style=\"color: #808080\">Francisco Jos\u00e9 de Arag\u00e3o Pedrosa Cunha (ICI\/UFBA) <\/span><br \/>\n<span style=\"color: #808080\">Henriette Ferreira Gomes (ICI\/UFBA)<br \/>\n<\/span><span style=\"color: #888888\">Jussara Borges (ICI\/UFBA)<\/span><br \/>\n<span style=\"color: #888888\">L\u00eddia Maria Batista Brand\u00e3o Toutain (ICI\/UFBA)<\/span><br \/>\n<span style=\"color: #888888\">Marcos Pal\u00e1cios (Facom\/UFBA)<\/span><br \/>\n<span style=\"color: #888888\">Maria Isabel Sousa de Jesus Barreira (ICI\/UFBA) <\/span><br \/>\n<span style=\"color: #888888\">Maria Tereza Navarro de Brito Matos (ICI\/UFBA)<\/span><br \/>\n<span style=\"color: #888888\">Nanci Oddone (UNIRIO\/UFBA) <\/span><br \/>\n<span style=\"color: #888888\">N\u00eddia M. L. Lubisco (ICI\/UFBA)<\/span><br \/>\n<span style=\"color: #888888\">Rubens Ribeiro Gon\u00e7alves da Silva (ICI\/UFBA) <\/span><br \/>\n<span style=\"color: #888888\">Zeny Duarte (ICI\/UFBA)<\/span><\/p>\n<p><strong>Comunica\u00e7\u00f5es<\/strong><br \/>\n<span style=\"color: #808080\">Marilene Luzia Souza (ICI\/UFBA)<\/span><\/p>\n","protected":false},"excerpt":{"rendered":"<p>Presidente de Honra Rubens Ribeiro Gon\u00e7alves da Silva (UFBA) Presidente Maria Isabel de Jesus Sousa Barreira (UFBA) Coordenadores Executivos Alzira Tude de S\u00e1 (UFBA) Ivana Lins (UFBA) Coordenador de Tecnologia Albano Souza Oliveira (UFBA) Secret\u00e1ria Executiva Jussara Borges (UFBA) Comiss\u00e3o &hellip; <a href=\"https:\/\/blog.ufba.br\/cinform\/organizacao\/\">Continue lendo <span class=\"meta-nav\">&rarr;<\/span><\/a><\/p>\n","protected":false},"author":1,"featured_media":0,"parent":0,"menu_order":0,"comment_status":"closed","ping_status":"open","template":"","meta":{"_coblocks_attr":"","_coblocks_dimensions":"","_coblocks_responsive_height":"","_coblocks_accordion_ie_support":"","_themeisle_gutenberg_block_has_review":false,"footnotes":""},"class_list":["post-38","page","type-page","status-publish","hentry"],"_links":{"self":[{"href":"https:\/\/blog.ufba.br\/cinform\/wp-json\/wp\/v2\/pages\/38"}],"collection":[{"href":"https:\/\/blog.ufba.br\/cinform\/wp-json\/wp\/v2\/pages"}],"about":[{"href":"https:\/\/blog.ufba.br\/cinform\/wp-json\/wp\/v2\/types\/page"}],"author":[{"embeddable":true,"href":"https:\/\/blog.ufba.br\/cinform\/wp-json\/wp\/v2\/users\/1"}],"replies":[{"embeddable":true,"href":"https:\/\/blog.ufba.br\/cinform\/wp-json\/wp\/v2\/comments?post=38"}],"version-history":[{"count":0,"href":"https:\/\/blog.ufba.br\/cinform\/wp-json\/wp\/v2\/pages\/38\/revisions"}],"wp:attachment":[{"href":"https:\/\/blog.ufba.br\/cinform\/wp-json\/wp\/v2\/media?parent=38"}],"curies":[{"name":"wp","href":"https:\/\/api.w.org\/{rel}","templated":true}]}}