{"id":143,"date":"2013-04-12T10:54:38","date_gmt":"2013-04-12T13:54:38","guid":{"rendered":"http:\/\/blog.ufba.br\/cinform\/?page_id=143"},"modified":"2013-04-12T10:54:38","modified_gmt":"2013-04-12T13:54:38","slug":"inscricao-cinform-2013","status":"publish","type":"page","link":"https:\/\/blog.ufba.br\/cinform\/inscricao-cinform-2013\/","title":{"rendered":"Inscri\u00e7\u00e3o CINFORM 2013"},"content":{"rendered":"<table width=\"590\" border=\"1\" cellpadding=\"3px\">\n<tbody>\n<tr>\n<td>\n<p align=\"center\"><strong>Categoria<\/strong><\/p>\n<\/td>\n<td>\n<p align=\"center\"><strong>At\u00e9<br \/>\n10\/7\/2013<\/strong><\/p>\n<\/td>\n<td>\n<p align=\"center\"><strong>At\u00e9<br \/>\n19\/8\/2013<\/strong><\/p>\n<\/td>\n<\/tr>\n<tr>\n<td><span style=\"color: #000000\">Estudante de Gradua\u00e7\u00e3o<\/span><\/td>\n<td>\n<p align=\"center\"><span style=\"color: #000000\">R$ 30,00<\/span><\/p>\n<\/td>\n<td>\n<p align=\"center\"><span style=\"color: #000000\">R$ 50,00<\/span><\/p>\n<\/td>\n<\/tr>\n<tr>\n<td><span style=\"color: #000000\">Estudante de P\u00f3s-gradua\u00e7\u00e3o<\/span><\/td>\n<td>\n<p align=\"center\"><span style=\"color: #000000\">R$ 100,00<\/span><\/p>\n<\/td>\n<td>\n<p align=\"center\"><span style=\"color: #000000\">R$ 180,00<\/span><\/p>\n<\/td>\n<\/tr>\n<tr>\n<td><span style=\"color: #000000\">Profissional<\/span><\/td>\n<td>\n<p align=\"center\"><span style=\"color: #000000\">R$ 180,00<\/span><\/p>\n<\/td>\n<td>\n<p align=\"center\"><span style=\"color: #000000\">R$ 280,00<\/span><\/p>\n<\/td>\n<\/tr>\n<\/tbody>\n<\/table>\n<p>1) Est\u00e1 facultada a participa\u00e7\u00e3o no CINFORM por um dia, ao pre\u00e7o de R$100,00. O pagamento deve ser feito (com cheque ou moeda corrente), na secretaria do evento, no dia preferido pelo inscrito.<br \/>\n2) A inscri\u00e7\u00e3o no XI CINFORM n\u00e3o d\u00e1 direito aos cursos.<br \/>\n3) \u00c9 facultada a inscri\u00e7\u00e3o apenas nos cursos.<br \/>\n4 ) N\u00e3o s\u00e3o aceitas reservas de vagas.<br \/>\n5 ) Caso o curso n\u00e3o ocorra, por falta do n\u00famero m\u00ednimo exigido de inscritos (15) , o valor pago ser\u00e1 devolvido.<\/p>\n<p><strong>Para se inscrever<br \/>\n<\/strong><span style=\"color: #000000\">o participante precisa se\u00a0cadastrar\u00a0<\/span><a href=\"http:\/\/www.cinform2013.ufba.br\/\" target=\"_blank\" rel=\"noopener\">aqui<\/a><span style=\"color: #000000\">.<\/span><\/p>\n<p><strong>Para pagar<br \/>\n<\/strong><span style=\"color: #000000\">o participante precisa emitir a\u00a0<\/span><strong>Guia Para Servi\u00e7os Espec\u00edficos da UFBA<\/strong><span style=\"color: #000000\">\u00a0<\/span><a href=\"http:\/\/www.gru.ufba.br\/gru\/ImprGru.dll\/SolicitaUfba\" target=\"_blank\" rel=\"noopener\">aqui<\/a><span style=\"color: #000000\">.<\/span><\/p>\n<p>Selecione a\u00a0<span style=\"color: #000000\">Descri\u00e7\u00e3o do Recolhimento, no final da lista, como:<\/span><\/p>\n<p><strong>XI CINFORM<\/strong>\u00a0Aluno de gradua\u00e7\u00e3o<br \/>\n<strong>XI CINFORM<\/strong>\u00a0Aluno de p\u00f3s-gradua\u00e7\u00e3o<br \/>\n<strong>XI CINFORM<\/strong>\u00a0Profissionais<br \/>\n<span style=\"color: #000000\">Depois de pago, o comprovante deve ser enviado para\u00a0<\/span><a href=\"mailto:cinform@ufba.br\">cinform@ufba.br<\/a><\/p>\n<p>&nbsp;<\/p>\n<p><span style=\"color: #ff0000\"><strong>CERTIFICADOS<\/strong><\/span><\/p>\n<p><span style=\"font-size: medium\">Para emiss\u00e3o do\u00a0<span style=\"color: #ac193d\"><strong>certificado<\/strong><\/span>\u00a0ser\u00e1 necess\u00e1rio o envio do comprovante de pagamento (GRU ou tranferencia bancaria) para o\u00a0<strong><a href=\"mailto:email:%20cinform@ufba.br\" target=\"_blank\" rel=\"noopener\">email:\u00a0cinform@ufba.br<\/a><\/strong>\u00a0ou a apresenta\u00e7\u00e3o do mesmo na secretaria do evento.<\/span><\/p>\n<p>&nbsp;<\/p>\n<p><span style=\"color: #ff0000\"><strong>INSCRI\u00c7\u00c3O POR EMPENHO<\/strong><\/span><\/p>\n<p>Os participantes que ter\u00e3o a inscri\u00e7\u00e3o paga atrav\u00e9s de empenho devem encaminhar os dados da institui\u00e7\u00e3o empenhadora (<strong>raz\u00e3o social, CNPJ, endere\u00e7o completo, nome e CPF dos funcion\u00e1rios beneficiados<\/strong>) assim como a Autoriza\u00e7\u00e3o de empenho em nome da UFBa para o email:\u00a0<a href=\"mailto:cinform@ufba.br\">cinform@ufba.br<\/a>. O empenho deve ser emitido conforme dados abaixo:<\/p>\n<p>Credor: Universidade Federal da Bahia<br \/>\nCNPJ: 15.180.714\/0001-04<br \/>\nEndere\u00e7o: Rua Reitor Miguel Calmon, s\/n, Vale do Canela, Salvador\/Ba<br \/>\nCEP: 40.110-100<br \/>\nFinalidade: Na descri\u00e7\u00e3o, informar a quantidade de\u00a0 servidor(es) inscritos, bem como nome e CPF de cada um<\/p>\n<p>Para emiss\u00e3o da GRU, a UFBA precisa dos seguintes dados:<br \/>\nEmitente, CNPJ, Endere\u00e7o completo, Contatos: nome da pessoa, e-mail e telefone.<\/p>\n<p>D\u00favidas e outras informa\u00e7\u00f5es sobre pagamentos atrav\u00e9s de Nota de Empenho, gentileza entrar em contato com o Sr. Ariston:\u00a0fone (71)\u00a03283-7762 ou 3283-7754<\/p>\n<p><strong>Importante:<\/strong>\u00a0<span style=\"color: #ff0000\">A CONFIRMA\u00c7\u00c3O DA INSCRI\u00c7\u00c3O DAR-SE-\u00c1 MEDIANTE O ENVIO DO COMPROVANTE DO PAGAMENTO PARA O EMAIL<\/span>\u00a0<a href=\"mailto:cinform@ufba.br\">cinform@ufba.br<\/a>\u00a0OU PARA O FAX N\u00ba\u00a0 71 3283 7748 &#8211; <strong>estudantes devem enviar tamb\u00e9m o comprovante de matr\u00edcula.<\/strong><\/p>\n","protected":false},"excerpt":{"rendered":"<p>Categoria At\u00e9 10\/7\/2013 At\u00e9 19\/8\/2013 Estudante de Gradua\u00e7\u00e3o R$ 30,00 R$ 50,00 Estudante de P\u00f3s-gradua\u00e7\u00e3o R$ 100,00 R$ 180,00 Profissional R$ 180,00 R$ 280,00 1) Est\u00e1 facultada a participa\u00e7\u00e3o no CINFORM por um dia, ao pre\u00e7o de R$100,00. O pagamento &hellip; <a href=\"https:\/\/blog.ufba.br\/cinform\/inscricao-cinform-2013\/\">Continue lendo <span class=\"meta-nav\">&rarr;<\/span><\/a><\/p>\n","protected":false},"author":1,"featured_media":0,"parent":0,"menu_order":0,"comment_status":"closed","ping_status":"open","template":"","meta":{"_coblocks_attr":"","_coblocks_dimensions":"","_coblocks_responsive_height":"","_coblocks_accordion_ie_support":"","_themeisle_gutenberg_block_has_review":false,"footnotes":""},"class_list":["post-143","page","type-page","status-publish","hentry"],"_links":{"self":[{"href":"https:\/\/blog.ufba.br\/cinform\/wp-json\/wp\/v2\/pages\/143"}],"collection":[{"href":"https:\/\/blog.ufba.br\/cinform\/wp-json\/wp\/v2\/pages"}],"about":[{"href":"https:\/\/blog.ufba.br\/cinform\/wp-json\/wp\/v2\/types\/page"}],"author":[{"embeddable":true,"href":"https:\/\/blog.ufba.br\/cinform\/wp-json\/wp\/v2\/users\/1"}],"replies":[{"embeddable":true,"href":"https:\/\/blog.ufba.br\/cinform\/wp-json\/wp\/v2\/comments?post=143"}],"version-history":[{"count":0,"href":"https:\/\/blog.ufba.br\/cinform\/wp-json\/wp\/v2\/pages\/143\/revisions"}],"wp:attachment":[{"href":"https:\/\/blog.ufba.br\/cinform\/wp-json\/wp\/v2\/media?parent=143"}],"curies":[{"name":"wp","href":"https:\/\/api.w.org\/{rel}","templated":true}]}}