{"id":133,"date":"2012-04-04T19:20:03","date_gmt":"2012-04-04T22:20:03","guid":{"rendered":"http:\/\/blog.ufba.br\/cepejdir\/?page_id=133"},"modified":"2012-04-04T19:20:03","modified_gmt":"2012-04-04T22:20:03","slug":"membros","status":"publish","type":"page","link":"https:\/\/blog.ufba.br\/cepejdir\/membros\/","title":{"rendered":"Membros"},"content":{"rendered":"<ul>\n<li><strong>Atuais membros<\/strong><\/li>\n<\/ul>\n<p>Aline Erdens (Diretora de Recursos Humanos)<br \/>\n<a href=\"http:\/\/lattes.cnpq.br\/0298909449306601\" target=\"_blank\" rel=\"noopener\">Christian Marinho<\/a><br \/>\nClarissa Pereira<br \/>\n<a href=\"http:\/\/lattes.cnpq.br\/4002113461560948\" target=\"_blank\" rel=\"noopener\">Eduardo Braz<\/a> (Diretor de Projetos)<br \/>\n<a href=\"http:\/\/lattes.cnpq.br\/7834135985127829\" target=\"_blank\" rel=\"noopener\">Elisa Lopes Barreto<\/a> (Diretora de Comunica\u00e7\u00e3o)<br \/>\n<a href=\"http:\/\/lattes.cnpq.br\/8579821715524398\" target=\"_blank\" rel=\"noopener\">Gabriel Ferreira da Fonseca<\/a> (Presidente)<br \/>\n<a href=\"http:\/\/lattes.cnpq.br\/8922737162576706\" target=\"_blank\" rel=\"noopener\">George Santiago<\/a> (Diretor Administrativo-Financeiro)<br \/>\n<a href=\"http:\/\/lattes.cnpq.br\/5216182319854766\" target=\"_blank\" rel=\"noopener\">Lu\u00e3 Lessa<\/a><br \/>\n<a href=\"http:\/\/lattes.cnpq.br\/1046240334647482\" target=\"_blank\" rel=\"noopener\">Matheus de Andrade Fauth<\/a><br \/>\n<a href=\"http:\/\/lattes.cnpq.br\/3934113901253891\" target=\"_blank\" rel=\"noopener\">Rafael D\u2019\u00c1vila<\/a><br \/>\n<a href=\"http:\/\/lattes.cnpq.br\/5706232877579699\" target=\"_blank\" rel=\"noopener\">Thiago Teles<\/a><\/p>\n<ul>\n<li>\u00a0 <a href=\"https:\/\/blog.ufba.br\/cepejdir\/membros\/antigos-membros\/\">Antigos membros<\/a><\/li>\n<\/ul>\n","protected":false},"excerpt":{"rendered":"<p>Atuais membros Aline Erdens (Diretora de Recursos Humanos) Christian Marinho Clarissa Pereira Eduardo Braz (Diretor de Projetos) Elisa Lopes Barreto (Diretora de Comunica\u00e7\u00e3o) Gabriel Ferreira da Fonseca (Presidente) George Santiago (Diretor Administrativo-Financeiro) Lu\u00e3 Lessa Matheus de Andrade Fauth Rafael D\u2019\u00c1vila &hellip; <a href=\"https:\/\/blog.ufba.br\/cepejdir\/membros\/\">Continue lendo <span class=\"meta-nav\">&rarr;<\/span><\/a><\/p>\n","protected":false},"author":42,"featured_media":0,"parent":0,"menu_order":6,"comment_status":"open","ping_status":"closed","template":"","meta":{"_coblocks_attr":"","_coblocks_dimensions":"","_coblocks_responsive_height":"","_coblocks_accordion_ie_support":"","_themeisle_gutenberg_block_has_review":false,"footnotes":""},"class_list":["post-133","page","type-page","status-publish","hentry"],"_links":{"self":[{"href":"https:\/\/blog.ufba.br\/cepejdir\/wp-json\/wp\/v2\/pages\/133"}],"collection":[{"href":"https:\/\/blog.ufba.br\/cepejdir\/wp-json\/wp\/v2\/pages"}],"about":[{"href":"https:\/\/blog.ufba.br\/cepejdir\/wp-json\/wp\/v2\/types\/page"}],"author":[{"embeddable":true,"href":"https:\/\/blog.ufba.br\/cepejdir\/wp-json\/wp\/v2\/users\/42"}],"replies":[{"embeddable":true,"href":"https:\/\/blog.ufba.br\/cepejdir\/wp-json\/wp\/v2\/comments?post=133"}],"version-history":[{"count":0,"href":"https:\/\/blog.ufba.br\/cepejdir\/wp-json\/wp\/v2\/pages\/133\/revisions"}],"wp:attachment":[{"href":"https:\/\/blog.ufba.br\/cepejdir\/wp-json\/wp\/v2\/media?parent=133"}],"curies":[{"name":"wp","href":"https:\/\/api.w.org\/{rel}","templated":true}]}}