{"id":1112,"date":"2011-09-27T12:15:21","date_gmt":"2011-09-27T15:15:21","guid":{"rendered":"http:\/\/blog.ufba.br\/cepejdir\/?page_id=2"},"modified":"2011-09-27T12:15:21","modified_gmt":"2011-09-27T15:15:21","slug":"oqueeocepej","status":"publish","type":"page","link":"https:\/\/blog.ufba.br\/cepejdir\/oqueeocepej\/","title":{"rendered":"O que \u00e9 o CEPEJ"},"content":{"rendered":"<p style=\"text-align: justify\"><strong>Breve hist\u00f3rico<\/strong><\/p>\n<p style=\"text-align: justify\">O CEPEJ \u2013 Centro de Estudos e Pesquisas Jur\u00eddicas \u2013 \u00e9 uma associa\u00e7\u00e3o estudantil da Faculdade de Direito da UFBA voltada para o incentivo e a promo\u00e7\u00e3o da pesquisa acad\u00eamica. Fundado em 1985, com composi\u00e7\u00e3o exclusivamente estudantil, vem, ao longo desses anos, realizando um trabalho importante, que o situou como um espa\u00e7o de refer\u00eancia na Faculdade para pensar e fazer pesquisa. Tem ganhado reconhecimento tamb\u00e9m em outras faculdades do pa\u00eds e da Am\u00e9rica Latina.<\/p>\n<p style=\"text-align: justify\">Ap\u00f3s um per\u00edodo de lat\u00eancia decorrente da falta de estrutura e da ineg\u00e1vel falta de incentivo \u00e0s entidades voltadas \u00e0 pesquisa, o CEPEJ vem retomando com f\u00f4lego suas atividades. Entre elas est\u00e1 a realiza\u00e7\u00e3o de eventos, como semin\u00e1rios e debates, al\u00e9m de auxiliar e organizar publica\u00e7\u00f5es jur\u00eddicas, como a Revista do CEPEJ, e liter\u00e1rias, como a Revista \u00c2ngulos.<\/p>\n<p style=\"text-align: justify\"><strong>Miss\u00e3o, vis\u00e3o e valores<\/strong><\/p>\n<p style=\"text-align: justify\">Com o objetivo\u00a0de aprimorar suas atividades o\u00a0CEPEJ decidiu incluir o Planejamento Estrat\u00e9gico (PE)\u00a0em seu calend\u00e1rio anual. Nessa\u00a0oportunidade, s\u00e3o\u00a0definidas as atividades a serem realizadas naquele ano por cada Diretoria e GT, al\u00e9m disso\u00a0s\u00e3o discutidos e repensados elementos internos d\u00e1 pr\u00f3pria institui\u00e7\u00e3o.<\/p>\n<p style=\"text-align: justify\">O primeiro PE, realizado no in\u00edcio de 2012, concretizou\u00a0miss\u00e3o, vis\u00e3o e valores da institi\u00e7\u00e3o:<\/p>\n<ul>\n<li>\n<div style=\"text-align: justify\"><strong>MISS\u00c3O:<\/strong> Fomentar, realizar e divulgar a pesquisa acad\u00eamica entre os discentes para fortalecer a gradua\u00e7\u00e3o em direito da UBFA<\/div>\n<\/li>\n<li>\n<div style=\"text-align: justify\"><strong>VIS\u00c3O<\/strong>: Atingir um grau \u00f3timo de capacita\u00e7\u00e3o e comprometimento para atender\u00a0\u00e0s demandas de pesquisa\u00a0da FDUFBA<\/div>\n<\/li>\n<li>\n<div style=\"text-align: justify\"><strong>VALORES<\/strong>: Vestir a Camisa; Comprometimento; Integra\u00e7\u00e3o; Proatividade; \u00c9tica e Transpar\u00eancia<\/div>\n<\/li>\n<\/ul>\n<p style=\"text-align: justify\"><strong>Estrutura<\/strong><\/p>\n<p style=\"text-align: justify\">A Diretoria Executiva do CEPEJ \u00e9 composta pela Presid\u00eancia, Diretoria Administrativo Financeira, Diretoria de Comunica\u00e7\u00e3o, Diretoria de Recursos Humanos e Diretoria de Projetos. Al\u00e9m disso, o CEPEJ \u00e9 dividido em grupos de trabalho (GT\u2019s) e grupos de estudo (GE\u2019s), que instrumentalizam as nossas atividades. Os GT\u2019s organizam-se de acordo com as atividades tempor\u00e1rias ou permanentes do CEPEJ, e os membros podem participar de quantos desejem.<\/p>\n<p style=\"text-align: justify\">A estrutura do CEPEJ est\u00e1 prevista em seu Estatuto, que pode ser acessado, na \u00edntegra, aqui: <strong><a href=\"http:\/\/blog.ufba.br\/cepejdir\/files\/2012\/11\/ESTATUTO-DO-CEPEJ.pdf\">ESTATUTO DO CEPEJ<\/a><\/strong>.<\/p>\n<p style=\"text-align: justify\"><strong><a title=\"Grupos de Trabalho\" href=\"http:\/\/blog.ufba.br\/cepejdir\/oqueeocepej\/grupos-de-trabalho\/\">Grupos de Trabalho<\/a><\/strong><\/p>\n<p style=\"text-align: justify\"><strong><a title=\"Grupos de estudo\" href=\"http:\/\/blog.ufba.br\/cepejdir\/oqueeocepej\/grupos-de-estudo\/\">Grupos de Estudo<\/a><\/strong><\/p>\n","protected":false},"excerpt":{"rendered":"<p>Breve hist\u00f3rico O CEPEJ \u2013 Centro de Estudos e Pesquisas Jur\u00eddicas \u2013 \u00e9 uma associa\u00e7\u00e3o estudantil da Faculdade de Direito da UFBA voltada para o incentivo e a promo\u00e7\u00e3o da pesquisa acad\u00eamica. Fundado em 1985, com composi\u00e7\u00e3o exclusivamente estudantil, vem, &hellip; <a href=\"https:\/\/blog.ufba.br\/cepejdir\/oqueeocepej\/\">Continue lendo <span class=\"meta-nav\">&rarr;<\/span><\/a><\/p>\n","protected":false},"author":42,"featured_media":0,"parent":0,"menu_order":1,"comment_status":"open","ping_status":"closed","template":"","meta":{"_coblocks_attr":"","_coblocks_dimensions":"","_coblocks_responsive_height":"","_coblocks_accordion_ie_support":"","_themeisle_gutenberg_block_has_review":false,"footnotes":""},"class_list":["post-1112","page","type-page","status-publish","hentry"],"_links":{"self":[{"href":"https:\/\/blog.ufba.br\/cepejdir\/wp-json\/wp\/v2\/pages\/1112"}],"collection":[{"href":"https:\/\/blog.ufba.br\/cepejdir\/wp-json\/wp\/v2\/pages"}],"about":[{"href":"https:\/\/blog.ufba.br\/cepejdir\/wp-json\/wp\/v2\/types\/page"}],"author":[{"embeddable":true,"href":"https:\/\/blog.ufba.br\/cepejdir\/wp-json\/wp\/v2\/users\/42"}],"replies":[{"embeddable":true,"href":"https:\/\/blog.ufba.br\/cepejdir\/wp-json\/wp\/v2\/comments?post=1112"}],"version-history":[{"count":0,"href":"https:\/\/blog.ufba.br\/cepejdir\/wp-json\/wp\/v2\/pages\/1112\/revisions"}],"wp:attachment":[{"href":"https:\/\/blog.ufba.br\/cepejdir\/wp-json\/wp\/v2\/media?parent=1112"}],"curies":[{"name":"wp","href":"https:\/\/api.w.org\/{rel}","templated":true}]}}